000
CXUS55 KDVN 011244
CF6IOW
PRELIMINARY LOCAL CLIMATOLOGICAL DATA (WS FORM: F-6)
STATION: IOWA CITY IA
MONTH: DECEMBER
YEAR: 2023
LATITUDE: 41 37 N
LONGITUDE: 91 33 W
TEMPERATURE IN F: :PCPN: SNOW: WIND :SUNSHINE: SKY :PK WND
================================================================================
1 2 3 4 5 6A 6B 7 8 9 10 11 12 13 14 15 16 17 18
12Z AVG MX 2MIN
DY MAX MIN AVG DEP HDD CDD WTR SNW DPTH SPD SPD DIR MIN PSBL S-S WX SPD DR
================================================================================
1 38 35 37 4 28 0 0.06 M M 12.4 18 30 M M 10 26 40
2 38 33 36 3 29 0 0.13 M M 3.5 9 360 M M 10 1 12 350
3 42 27 35 3 30 0 0.02 M M 4.6 14 270 M M 8 1 17 270
4 37 28 33 1 32 0 0.05 M M 5.1 12 200 M M 9 1 15 200
5 39 28 34 2 31 0 0.00 M M 7.5 18 340 M M 10 12 27 340
6 45 23 34 3 31 0 0.00 M M 6.1 18 190 M M 0 1 24 180
7 58 26 42 11 23 0 0.00 M M 5.7 16 170 M M 0 22 170
8 57 38 48 17 17 0 0.06 M M 6.4 16 190 M M 2 22 180
9 46 31 39 9 26 0 0.10 M M 14.5 28 290 M M 8 39 290
10 33 20 27 -3 38 0 0.00 M M 9.4 23 290 M M 6 33 310
11 42 17 30 0 35 0 0.00 M M 2.6 10 120 M M 0 16 130
12 38 24 31 2 34 0 0.00 M M 7.9 18 290 M M 1 23 330
13 46 24 35 6 30 0 0.00 M M 1.5 9 170 M M 3 12 170
14 54 20 37 9 28 0 0.00 M M 1.6 13 200 M M 0 16 200
15 54 27 41 13 24 0 0.00 M M 2.3 13 180 M M 2 16 180
16 45 41 43 15 22 0 0.28 M M 5.4 10 290 M M 10 1 15 150
17 41 32 37 9 28 0 0.00 M M 11.2 18 300 M M 9 1 26 300
18 36 13 25 -2 40 0 0.00 M M 14.7 29 310 M M 1 42 330
19 38 12 25 -2 40 0 0.00 M M 7.3 18 180 M M 0 25 180
20 46 23 35 8 30 0 0.00 M M 3.7 9 80 M M 0 14 90
21 49 37 43 17 22 0 0.00 M M 4.8 10 110 M M 10 14 100
22 47 43 45 19 20 0 0.39 M M 1.8 9 120 M M 10 12 13 120
23 56 38 47 21 18 0 0.00 M M 1.7 9 130 M M 9 12 12 130
24 58 45 52 26 13 0 0.09 M M 10.4 16 140 M M 10 12 24 160
25 55 36 46 21 19 0 0.51 M M 12.0 18 110 M M 9 1 29 120
26 37 33 35 10 30 0 0.01 M M 7.8 16 180 M M 10 22 200
27 40 33 37 12 28 0 0.18 M M 8.2 14 10 M M 9 1 20 100
28 38 32 35 10 30 0 0.13 M M 12.6 22 340 M M 8 1 34 340
29 36 20 28 4 37 0 T M M 7.5 15 310 M M 6 1 21 330
30 39 19 29 5 36 0 T M M 7.4 21 320 M M 3 16 30 330
31 35 29 32 8 33 0 T M M 11.5 20 320 M M 10 27 310
================================================================================
SM 1363 887 882 0 2.01 M 219.1 M 183
================================================================================
AV 44.0 28.6 7.1 FASTST M M 6 MAX(MPH)
MISC ----> 29 310 42 330
================================================================================
NOTES:
# LAST OF SEVERAL OCCURRENCES
COLUMN 17 PEAK WIND IN M.P.H.
PRELIMINARY LOCAL CLIMATOLOGICAL DATA (WS FORM: F-6) , PAGE 2
STATION: IOWA CITY IA
MONTH: DECEMBER
YEAR: 2023
LATITUDE: 41 37 N
LONGITUDE: 91 33 W
[TEMPERATURE DATA] [PRECIPITATION DATA] SYMBOLS USED IN COLUMN 16
AVERAGE MONTHLY: 36.3 TOTAL FOR MONTH: 2.01 1 = FOG OR MIST
DPTR FM NORMAL: 8.1 DPTR FM NORMAL: 0.56 2 = FOG REDUCING VISIBILITY
HIGHEST: 58 ON 24, 7 GRTST 24HR 0.59 ON 24-25 TO 1/4 MILE OR LESS
LOWEST: 12 ON 19 3 = THUNDER
SNOW, ICE PELLETS, HAIL 4 = ICE PELLETS
TOTAL MONTH: M 5 = HAIL
GRTST 24HR M ON M 6 = FREEZING RAIN OR DRIZZLE
GRTST DEPTH: M ON M 7 = DUSTSTORM OR SANDSTORM:
VSBY 1/2 MILE OR LESS
8 = SMOKE OR HAZE
[NO. OF DAYS WITH] [WEATHER - DAYS WITH] 9 = BLOWING SNOW
X = TORNADO
MAX 32 OR BELOW: 0 0.01 INCH OR MORE: 13
MAX 90 OR ABOVE: 0 0.10 INCH OR MORE: 7
MIN 32 OR BELOW: 20 0.50 INCH OR MORE: 1
MIN 0 OR BELOW: 0 1.00 INCH OR MORE: 0
[HDD (BASE 65) ]
TOTAL THIS MO. 882 CLEAR (SCALE 0-3) 12
DPTR FM NORMAL -259 PTCLDY (SCALE 4-7) 5
TOTAL FM JUL 1 1966 CLOUDY (SCALE 8-10) 14
DPTR FM NORMAL -403
[CDD (BASE 65) ]
TOTAL THIS MO. 0
DPTR FM NORMAL 0 [PRESSURE DATA]
TOTAL FM JAN 1 1144 HIGHEST SLP 30.73 ON 13
DPTR FM NORMAL 100 LOWEST SLP 29.57 ON 8
[REMARKS]
#FINAL-12-23#