000
CXUS55 KPSR 011005
CF6IPL
PRELIMINARY LOCAL CLIMATOLOGICAL DATA (WS FORM: F-6)
STATION: IMPERIAL CA
MONTH: MAY
YEAR: 2021
LATITUDE: 32 50 N
LONGITUDE: 115 35 W
TEMPERATURE IN F: :PCPN: SNOW: WIND :SUNSHINE: SKY :PK WND
================================================================================
1 2 3 4 5 6A 6B 7 8 9 10 11 12 13 14 15 16 17 18
12Z AVG MX 2MIN
DY MAX MIN AVG DEP HDD CDD WTR SNW DPTH SPD SPD DIR MIN PSBL S-S WX SPD DR
================================================================================
1 100 69 85 11 0 20 0.00 M M 16.2 31 260 M M 0 37 270
2 90 61 76 2 0 11 0.00 M M 18.2 35 260 M M 0 8 41 260
3 93 56 75 0 0 10 0.00 M M 8.2 20 10 M M 0 24 350
4 96 60 78 3 0 13 0.00 M M 5.6 21 170 M M 0 31 200
5 100 59 80 5 0 15 0.00 M M 6.7 18 120 M M 0 24 130
6 99 61 80 4 0 15 0.00 M M 6.9 20 130 M M 0 25 130
7 97 66 82 6 0 17 0.00 M M 10.4 25 260 M M 0 33 260
8 94 60 77 1 0 12 0.00 M M 4.0 10 220 M M 0 14 80
9 97 64 81 5 0 16 0.00 M M 8.1 20 140 M M 0 24 130
10 94 58 76 -1 0 11 0.00 M M 5.2 15 250 M M 0 19 250
11 96 66 81 4 0 16 0.00 M M 3.8 10 110 M M 0 14 90
12 99 65 82 5 0 17 0.00 M M 7.5 17 140 M M 0 21 130
13 99 61 80 3 0 15 0.00 M M 4.8 15 260 M M 0 8 17 260
14 101 62 82 4 0 17 0.00 M M 8.6 28 260 M M 0 32 260
15 97 64 81 3 0 16 0.00 M M 16.5 41 280 M M 0 8 50 280
16 85 61 73 -5 0 8 0.00 M M 17.3 37 260 M M 0 45 260
17 92 58 75 -3 0 10 0.00 M M 9.7 18 250 M M 0 23 240
18 98 65 82 3 0 17 0.00 M M 5.6 12 250 M M 0 15 240
19 102 65 84 5 0 19 0.00 M M 10.0 31 260 M M 0 40 250
20 92 61 77 -2 0 12 0.00 M M 19.6 32 250 M M 0 40 240
21 80 56 68 -12 0 3 0.00 M M 15.5 28 250 M M 0 34 250
22 81 54 68 -12 0 3 0.00 M M 11.0 24 260 M M 0 32 250
23 87 53 70 -10 0 5 0.00 M M 5.4 13 140 M M 0 16 140
24 95 59 77 -3 0 12 0.00 M M 6.6 13 290 M M 0 19 290
25 101 63 82 1 0 17 0.00 M M 8.2 21 240 M M 0 25 240
26 101 73 87 6 0 22 0.00 M M 10.2 22 250 M M 0 29 250
27 99 64 82 1 0 17 0.00 M M 7.1 16 260 M M 0 21 260
28 100 64 82 0 0 17 0.00 M M 7.6 14 240 M M 0 17 220
29 101 63 82 0 0 17 0.00 M M 8.7 22 260 M M 0 28 250
30 99 59 79 -3 0 14 0.00 M M 4.7 10 160 M M 0 14 150
31 101 66 84 2 0 19 0.00 M M 6.7 16 130 M M 0 19 120
================================================================================
SM 2966 1916 0 433 0.00 M 284.6 M 0
================================================================================
AV 95.7 61.8 9.2 FASTST M M 0 MAX(MPH)
MISC ----> 41 280 50 280
================================================================================
NOTES:
# LAST OF SEVERAL OCCURRENCES
COLUMN 17 PEAK WIND IN M.P.H.
PRELIMINARY LOCAL CLIMATOLOGICAL DATA (WS FORM: F-6) , PAGE 2
STATION: IMPERIAL CA
MONTH: MAY
YEAR: 2021
LATITUDE: 32 50 N
LONGITUDE: 115 35 W
[TEMPERATURE DATA] [PRECIPITATION DATA] SYMBOLS USED IN COLUMN 16
AVERAGE MONTHLY: 78.7 TOTAL FOR MONTH: 0.00 1 = FOG OR MIST
DPTR FM NORMAL: 0.5 DPTR FM NORMAL: -0.07 2 = FOG REDUCING VISIBILITY
HIGHEST: 102 ON 19 GRTST 24HR T ON 15-15 TO 1/4 MILE OR LESS
LOWEST: 53 ON 23 3 = THUNDER
SNOW, ICE PELLETS, HAIL 4 = ICE PELLETS
TOTAL MONTH: M 5 = HAIL
GRTST 24HR M ON M 6 = FREEZING RAIN OR DRIZZLE
GRTST DEPTH: M ON M 7 = DUSTSTORM OR SANDSTORM:
VSBY 1/2 MILE OR LESS
8 = SMOKE OR HAZE
[NO. OF DAYS WITH] [WEATHER - DAYS WITH] 9 = BLOWING SNOW
X = TORNADO
MAX 32 OR BELOW: 0 0.01 INCH OR MORE: 0
MAX 90 OR ABOVE: 27 0.10 INCH OR MORE: 0
MIN 32 OR BELOW: 0 0.50 INCH OR MORE: 0
MIN 0 OR BELOW: 0 1.00 INCH OR MORE: 0
[HDD (BASE 65) ]
TOTAL THIS MO. 0 CLEAR (SCALE 0-3) 31
DPTR FM NORMAL -1 PTCLDY (SCALE 4-7) 0
TOTAL FM JUL 1 943 CLOUDY (SCALE 8-10) 0
DPTR FM NORMAL -22
[CDD (BASE 65) ]
TOTAL THIS MO. 433
DPTR FM NORMAL 23 [PRESSURE DATA]
TOTAL FM JAN 1 754 HIGHEST SLP M ON M
DPTR FM NORMAL 53 LOWEST SLP 29.52 ON 2
[REMARKS]
#FINAL-05-21#