000
CXUS51 KCTP 010800
CF6IPT
PRELIMINARY LOCAL CLIMATOLOGICAL DATA (WS FORM: F-6)
STATION: WILLIAMSPORT PA
MONTH: JULY
YEAR: 2023
LATITUDE: 41 15 N
LONGITUDE: 76 55 W
TEMPERATURE IN F: :PCPN: SNOW: WIND :SUNSHINE: SKY :PK WND
================================================================================
1 2 3 4 5 6A 6B 7 8 9 10 11 12 13 14 15 16 17 18
12Z AVG MX 2MIN
DY MAX MIN AVG DEP HDD CDD WTR SNW DPTH SPD SPD DIR MIN PSBL S-S WX SPD DR
================================================================================
1 80 70 75 2 0 10 0.65 0.0 0 6.9 18 160 M M 8 18 26 170
2 81 69 75 2 0 10 0.32 0.0 0 5.6 17 140 M M 8 1 23 150
3 86 67 77 4 0 12 0.04 0.0 0 2.8 15 270 M M 7 1 21 260
4 89 68 79 6 0 14 0.00 0.0 0 5.9 15 250 M M 5 1 18 260
5 93 64 79 6 0 14 0.00 0.0 0 3.5 10 140 M M 1 16 110
6 92 67 80 6 0 15 1.32 0.0 0 4.6 46 290 M M 2 1238 58 290
7 89 68 79 5 0 14 T 0.0 0 3.4 20 250 M M 6 138 25 260
8 87 68 78 4 0 13 0.00 0.0 0 3.0 9 310 M M 4 13 180
9 75 67 71 -3 0 6 0.57 0.0 0 2.7 15 10 M M 7 13 20 40
10 85 61 73 -1 0 8 T 0.0 0 5.9 14 350 M M 5 3 21 330
11 89 58 74 0 0 9 0.00 0.0 0 3.5 13 240 M M 1 20 130
12 85 62 74 0 0 9 0.84 0.0 0 3.4 18 250 M M 4 138 21 250
13 91 69 80 6 0 15 0.00 0.0 0 5.0 28 280 M M 4 13 42 280
14 85 64 75 1 0 10 0.15 0.0 0 3.8 28 240 M M 5 123 38 280
15 89 66 78 4 0 13 3.29 0.0 0 4.6 25 110 M M 6 1238 35 140
16 87 68 78 4 0 13 0.01 0.0 0 3.6 13 260 M M 6 16 280
17 87 64 76 2 0 11 0.50 0.0 0 2.7 23 260 M M 3 138 28 260
18 83 66 75 1 0 10 0.00 0.0 0 2.4 10 250 M M 6 18 14 250
19 83 63 73 -1 0 8 0.00 0.0 0 3.1 12 10 M M 5 18 16 350
20 85 63 74 0 0 9 0.57 0.0 0 6.4 26 300 M M 3 138 46 320
21 83 63 73 -1 0 8 0.25 0.0 0 5.6 15 310 M M 6 13 20 310
22 85 62 74 0 0 9 0.00 0.0 0 5.2 12 260 M M 2 16 330
23 86 61 74 0 0 9 0.00 0.0 0 3.7 12 180 M M 2 16 160
24 82 64 73 -1 0 8 0.87 0.0 0 6.0 26 300 M M 3 13 39 300
25 79 64 72 -2 0 7 0.30 0.0 0 3.1 17 260 M M 5 13 24 270
26 87 63 75 1 0 10 0.00 0.0 0 5.3 23 160 M M 4 12 28 160
27 91 71 81 7 0 16 0.32 0.0 0 5.5 23 250 M M 6 138 28 240
28 93 66 80 6 0 15 0.03 0.0 0 3.3 10 280 M M 2 3 15 270
29 86 67 77 3 0 12 0.02 0.0 0 9.7 31 260 M M 5 8 44 270
30 81 59 70 -4 0 5 0.00 0.0 0 5.3 14 330 M M 2 21 330
31 82 58 70 -4 0 5 0.00 0.0 0 5.0 20 20 M M 4 27 360
================================================================================
SM 2656 2010 0 327 10.05 0.0 140.5 M 137
================================================================================
AV 85.7 64.8 4.5 FASTST M M 4 MAX(MPH)
MISC ----> 46 290 58 290
================================================================================
NOTES:
# LAST OF SEVERAL OCCURRENCES
COLUMN 17 PEAK WIND IN M.P.H.
PRELIMINARY LOCAL CLIMATOLOGICAL DATA (WS FORM: F-6) , PAGE 2
STATION: WILLIAMSPORT PA
MONTH: JULY
YEAR: 2023
LATITUDE: 41 15 N
LONGITUDE: 76 55 W
[TEMPERATURE DATA] [PRECIPITATION DATA] SYMBOLS USED IN COLUMN 16
AVERAGE MONTHLY: 75.3 TOTAL FOR MONTH: 10.05 1 = FOG OR MIST
DPTR FM NORMAL: 1.6 DPTR FM NORMAL: 5.41 2 = FOG REDUCING VISIBILITY
HIGHEST: 93 ON 28, 5 GRTST 24HR 3.30 ON 15-16 TO 1/4 MILE OR LESS
LOWEST: 58 ON 31,11 3 = THUNDER
SNOW, ICE PELLETS, HAIL 4 = ICE PELLETS
TOTAL MONTH: 0.0 INCH 5 = HAIL
GRTST 24HR 0.0 6 = FREEZING RAIN OR DRIZZLE
GRTST DEPTH: 0 7 = DUSTSTORM OR SANDSTORM:
VSBY 1/2 MILE OR LESS
8 = SMOKE OR HAZE
[NO. OF DAYS WITH] [WEATHER - DAYS WITH] 9 = BLOWING SNOW
X = TORNADO
MAX 32 OR BELOW: 0 0.01 INCH OR MORE: 17
MAX 90 OR ABOVE: 5 0.10 INCH OR MORE: 13
MIN 32 OR BELOW: 0 0.50 INCH OR MORE: 8
MIN 0 OR BELOW: 0 1.00 INCH OR MORE: 2
[HDD (BASE 65) ]
TOTAL THIS MO. 0 CLEAR (SCALE 0-3) 8
DPTR FM NORMAL -2 PTCLDY (SCALE 4-7) 22
TOTAL FM JUL 1 0 CLOUDY (SCALE 8-10) 1
DPTR FM NORMAL 0
[CDD (BASE 65) ]
TOTAL THIS MO. 327
DPTR FM NORMAL 54 [PRESSURE DATA]
TOTAL FM JAN 1 503 HIGHEST SLP 30.14 ON 26
DPTR FM NORMAL 16 LOWEST SLP 29.68 ON 29
[REMARKS]
#FINAL-07-23#