000
CXUS53 KEAX 010736
CF6IRK
PRELIMINARY LOCAL CLIMATOLOGICAL DATA (WS FORM: F-6)
STATION: KIRKSVILLE MO
MONTH: JUNE
YEAR: 2022
LATITUDE: 40 5 N
LONGITUDE: 92 33 W
TEMPERATURE IN F: :PCPN: SNOW: WIND :SUNSHINE: SKY :PK WND
================================================================================
1 2 3 4 5 6A 6B 7 8 9 10 11 12 13 14 15 16 17 18
12Z AVG MX 2MIN
DY MAX MIN AVG DEP HDD CDD WTR SNW DPTH SPD SPD DIR MIN PSBL S-S WX SPD DR
================================================================================
1 72 55 64 -4 1 0 0.34 M M 7.4 15 30 M M 6 138 22 360
2 73 52 63 -5 2 0 0.00 M M 6.9 16 340 M M 0 25 360
3 82 54 68 0 0 3 0.00 M M 5.5 17 290 M M 0 24 280
4 80 53 67 -2 0 2 0.00 M M 5.9 15 180 M M 0 22 160
5 82 54 68 -1 0 3 0.00 M M 7.3 17 180 M M 2 23 170
6 84 60 72 3 0 7 0.62 M M 4.2 26 360 M M 4 13 39 350
7 81 61 71 1 0 6 0.00 M M 6.4 13 10 M M 4 1 20 350
8 78 56 67 -3 0 2 1.86 M M 9.3 22 40 M M 5 123 29 40
9 80 54 67 -3 0 2 0.01 M M 6.0 14 350 M M 3 20 290
10 79 62 71 1 0 6 0.01 M M 5.6 18 50 M M 7 3 25 50
11 85 63 74 3 0 9 0.03 M M 4.4 12 190 M M 5 123 16 210
12 86 69 78 7 0 13 0.00 M M 5.2 15 120 M M 1 21 100
13 94 76 85 14 0 20 0.00 M M 10.5 24 160 M M 1 31 150
14 92 75 84 12 0 19 0.00 M M 13.2 24 180 M M 0 39 190
15 91 73 82 10 0 17 T M M 11.8 23 190 M M 2 3 34 200
16 92 72 82 10 0 17 0.10 M M 5.4 16 350 M M 3 123 22 350
17 88 67 78 6 0 13 0.98 M M 4.1 32 290 M M 2 138 48 300
18 83 65 74 2 0 9 0.00 M M 8.8 15 120 M M 2 21 110
19 85 58 72 -1 0 7 0.00 M M 8.9 15 190 M M 0 21 170
20 88 62 75 2 0 10 0.00 M M 8.3 15 160 M M 0 24 230
21 92 69 81 8 0 16 0.28 M M 9.0 29 340 M M 1 13 41 340
22 84 63 74 1 0 9 0.48 M M 6.0 30 300 M M 1 13 41 310
23 85 62 74 0 0 9 0.00 M M 3.5 10 210 M M 0 1 17 230
24 76 67 72 -2 0 7 0.21 M M 8.1 16 150 M M 6 1 22 150
25 89 69 79 5 0 14 0.01 M M 8.9 18 190 M M 3 29 160
26 76 57 67 -7 0 2 0.00 M M 8.5 24 350 M M 1 33 360
27 79 54 67 -7 0 2 0.00 M M 3.9 12 50 M M 0 16 340
28 81 52 67 -7 0 2 0.00 M M 5.5 14 200 M M 0 22 220
29 88 64 76 2 0 11 0.00 M M 7.0 15 190 M M 0 21 170
30 87 62 75 1 0 10 0.00 M M 9.1 20 210 M M 0 29 230
================================================================================
SM 2512 1860 3 247 4.93 M 214.6 M 59
================================================================================
AV 83.7 62.0 7.2 FASTST M M 2 MAX(MPH)
MISC ----> 32 290 48 300
================================================================================
NOTES:
# LAST OF SEVERAL OCCURRENCES
COLUMN 17 PEAK WIND IN M.P.H.
PRELIMINARY LOCAL CLIMATOLOGICAL DATA (WS FORM: F-6) , PAGE 2
STATION: KIRKSVILLE MO
MONTH: JUNE
YEAR: 2022
LATITUDE: 40 5 N
LONGITUDE: 92 33 W
[TEMPERATURE DATA] [PRECIPITATION DATA] SYMBOLS USED IN COLUMN 16
AVERAGE MONTHLY: 72.9 TOTAL FOR MONTH: 4.93 1 = FOG OR MIST
DPTR FM NORMAL: 1.3 DPTR FM NORMAL: -0.14 2 = FOG REDUCING VISIBILITY
HIGHEST: 94 ON 13 GRTST 24HR 1.86 ON 8- 8 TO 1/4 MILE OR LESS
LOWEST: 52 ON 28, 2 3 = THUNDER
SNOW, ICE PELLETS, HAIL 4 = ICE PELLETS
TOTAL MONTH: M 5 = HAIL
GRTST 24HR M ON M 6 = FREEZING RAIN OR DRIZZLE
GRTST DEPTH: M ON M 7 = DUSTSTORM OR SANDSTORM:
VSBY 1/2 MILE OR LESS
8 = SMOKE OR HAZE
[NO. OF DAYS WITH] [WEATHER - DAYS WITH] 9 = BLOWING SNOW
X = TORNADO
MAX 32 OR BELOW: 0 0.01 INCH OR MORE: 12
MAX 90 OR ABOVE: 5 0.10 INCH OR MORE: 8
MIN 32 OR BELOW: 0 0.50 INCH OR MORE: 3
MIN 0 OR BELOW: 0 1.00 INCH OR MORE: 1
[HDD (BASE 65) ]
TOTAL THIS MO. 3 CLEAR (SCALE 0-3) 23
DPTR FM NORMAL -13 PTCLDY (SCALE 4-7) 7
TOTAL FM JUL 1 5480 CLOUDY (SCALE 8-10) 0
DPTR FM NORMAL -262
[CDD (BASE 65) ]
TOTAL THIS MO. 247
DPTR FM NORMAL 33 [PRESSURE DATA]
TOTAL FM JAN 1 365 HIGHEST SLP M ON M
DPTR FM NORMAL 77 LOWEST SLP 29.64 ON 6
[REMARKS]
#FINAL-06-22#