000
CXUS53 KEAX 010736
CF6IRK
PRELIMINARY LOCAL CLIMATOLOGICAL DATA (WS FORM: F-6)
STATION: KIRKSVILLE MO
MONTH: AUGUST
YEAR: 2021
LATITUDE: 40 5 N
LONGITUDE: 92 33 W
TEMPERATURE IN F: :PCPN: SNOW: WIND :SUNSHINE: SKY :PK WND
================================================================================
1 2 3 4 5 6A 6B 7 8 9 10 11 12 13 14 15 16 17 18
12Z AVG MX 2MIN
DY MAX MIN AVG DEP HDD CDD WTR SNW DPTH SPD SPD DIR MIN PSBL S-S WX SPD DR
================================================================================
1 82 63 73 -2 0 8 0.00 M M 6.5 16 10 M M 2 18 23 350
2 78 59 69 -6 0 4 0.00 M M 5.3 12 40 M M 2 1 15 20
3 80 55 68 -7 0 3 0.00 M M 2.1 10 100 M M 0 1 14 100
4 81 57 69 -6 0 4 0.00 M M 3.4 12 160 M M 1 1 15 100
5 80 61 71 -4 0 6 T M M 7.9 14 160 M M 4 1 19 160
6 84 66 75 0 0 10 0.99 M M 8.6 21 330 M M 3 13 30 330
7 87 71 79 4 0 14 0.00 M M 9.5 20 190 M M 0 1 26 180
8 83 70 77 2 0 12 0.00 M M 8.9 16 210 M M 1 1 26 200
9 91 73 82 7 0 17 0.00 M M 8.4 14 210 M M 1 21 230
10 86 74 80 5 0 15 0.00 M M 8.5 22 250 M M 1 3 36 240
11 92 73 83 8 0 18 0.10 M M 10.8 22 220 M M 2 138 32 230
12 84 68 76 2 0 11 0.05 M M 5.8 16 50 M M 3 13 21 210
13 82 62 72 -2 0 7 0.00 M M 4.6 12 40 M M 2 15 20
14 82 60 71 -3 0 6 0.00 M M 5.4 10 40 M M 0 1 14 60
15 82 56 69 -5 0 4 0.00 M M 5.2 10 60 M M 1 16 80
16 81 56 69 -5 0 4 0.00 M M 4.1 9 140 M M 1 15 120
17 86 59 73 -1 0 8 0.00 M M 4.9 13 110 M M 2 18 170
18 88 63 76 2 0 11 0.00 M M 5.2 15 160 M M 1 1 19 160
19 87 63 75 2 0 10 0.00 M M 5.3 13 150 M M 1 128 19 160
20 89 67 78 5 0 13 0.00 M M 9.2 20 150 M M 2 1 25 160
21 87 64 76 3 0 11 0.05 M M 7.4 15 200 M M 2 13 21 290
22 83 59 71 -2 0 6 0.00 M M 4.3 9 70 M M 0 12 130
23 95 67 81 8 0 16 0.00 M M 8.1 15 180 M M 0 21 180
24 94 73 84 12 0 19 0.00 M M 9.6 21 190 M M 1 28 190
25 87 71 79 7 0 14 0.00 M M 4.7 13 110 M M 1 1 16 100
26 94 69 82 10 0 17 0.08 M M 4.3 24 50 M M 2 123 32 50
27 93 69 81 9 0 16 0.00 M M 7.8 17 190 M M 1 23 200
28 92 72 82 11 0 17 0.00 M M 8.1 15 170 M M 1 20 200
29 91 69 80 9 0 15 0.03 M M 7.2 21 170 M M 2 13 27 180
30 87 66 77 6 0 12 0.00 M M 7.1 15 120 M M 1 20 120
31 79 67 73 2 0 8 2.14 M M 7.8 18 350 M M 8 13 27 280
================================================================================
SM 2667 2022 0 336 3.44 M 206.0 M 49
================================================================================
AV 86.0 65.2 6.6 FASTST M M 2 MAX(MPH)
MISC ----> 24 50 36 240
================================================================================
NOTES:
# LAST OF SEVERAL OCCURRENCES
COLUMN 17 PEAK WIND IN M.P.H.
PRELIMINARY LOCAL CLIMATOLOGICAL DATA (WS FORM: F-6) , PAGE 2
STATION: KIRKSVILLE MO
MONTH: AUGUST
YEAR: 2021
LATITUDE: 40 5 N
LONGITUDE: 92 33 W
[TEMPERATURE DATA] [PRECIPITATION DATA] SYMBOLS USED IN COLUMN 16
AVERAGE MONTHLY: 75.6 TOTAL FOR MONTH: 3.44 1 = FOG OR MIST
DPTR FM NORMAL: 2.0 DPTR FM NORMAL: -0.50 2 = FOG REDUCING VISIBILITY
HIGHEST: 95 ON 23 GRTST 24HR 2.14 ON 31-31 TO 1/4 MILE OR LESS
LOWEST: 55 ON 3 3 = THUNDER
SNOW, ICE PELLETS, HAIL 4 = ICE PELLETS
TOTAL MONTH: M 5 = HAIL
GRTST 24HR M ON M 6 = FREEZING RAIN OR DRIZZLE
GRTST DEPTH: M ON M 7 = DUSTSTORM OR SANDSTORM:
VSBY 1/2 MILE OR LESS
8 = SMOKE OR HAZE
[NO. OF DAYS WITH] [WEATHER - DAYS WITH] 9 = BLOWING SNOW
X = TORNADO
MAX 32 OR BELOW: 0 0.01 INCH OR MORE: 7
MAX 90 OR ABOVE: 8 0.10 INCH OR MORE: 3
MIN 32 OR BELOW: 0 0.50 INCH OR MORE: 2
MIN 0 OR BELOW: 0 1.00 INCH OR MORE: 1
[HDD (BASE 65) ]
TOTAL THIS MO. 0 CLEAR (SCALE 0-3) 29
DPTR FM NORMAL -6 PTCLDY (SCALE 4-7) 2
TOTAL FM JUL 1 0 CLOUDY (SCALE 8-10) 0
DPTR FM NORMAL -4
[CDD (BASE 65) ]
TOTAL THIS MO. 336
DPTR FM NORMAL 64 [PRESSURE DATA]
TOTAL FM JAN 1 1015 HIGHEST SLP M ON M
DPTR FM NORMAL 131 LOWEST SLP 29.72 ON 31
[REMARKS]
#FINAL-08-21#