000
CXUS55 KEAX 010836
CF6IRK
PRELIMINARY LOCAL CLIMATOLOGICAL DATA (WS FORM: F-6)
STATION: KIRKSVILLE MO
MONTH: OCTOBER
YEAR: 2020
LATITUDE: 40 5 N
LONGITUDE: 92 33 W
TEMPERATURE IN F: :PCPN: SNOW: WIND :SUNSHINE: SKY :PK WND
================================================================================
1 2 3 4 5 6A 6B 7 8 9 10 11 12 13 14 15 16 17 18
12Z AVG MX 2MIN
DY MAX MIN AVG DEP HDD CDD WTR SNW DPTH SPD SPD DIR MIN PSBL S-S WX SPD DR
================================================================================
1 60 M M M M M 0.00 M M 9.6 18 320 M M 3 32 320
2 60 37 49 -9 16 0 0.00 M M 3.6 14 290 M M 3 20 290
3 55 45 50 -8 15 0 0.19 M M 8.3 16 30 M M 10 1 21 50
4 59 37 48 -9 17 0 0.00 M M 5.2 13 20 M M 1 12 17 60
5 69 36 53 -4 12 0 0.00 M M 10.7 22 170 M M 0 29 170
6 78 50 64 8 1 0 0.00 M M 7.1 14 210 M M 0 8 25 200
7 82 54 68 12 0 3 0.00 M M 6.1 10 270 M M 0 8 18 220
8 79 50 65 9 0 0 0.00 M M 8.1 15 130 M M 0 20 90
9 82 55 69 14 0 4 0.00 M M 9.7 21 190 M M 0 1 28 190
10 82 60 71 16 0 6 0.00 M M 4.9 10 220 M M 1 1 17 220
11 83 57 70 15 0 5 0.00 M M 10.7 21 160 M M 2 12 29 160
12 71 42 57 3 8 0 0.00 M M 10.5 24 320 M M 3 38 320
13 75 44 60 6 5 0 0.00 M M 7.7 22 260 M M 0 35 240
14 80 48 64 10 1 0 0.00 M M 12.7 28 220 M M 0 8 40 220
15 63 32 48 -5 17 0 0.00 M M 9.2 20 330 M M 2 29 340
16 58 29 44 -9 21 0 0.00 M M 8.0 23 270 M M 1 32 260
17 71 39 55 2 10 0 0.00 M M 14.2 29 210 M M 1 45 220
18 58 38 48 -4 17 0 T M M 10.9 22 360 M M 5 30 360
19 41 35 38 -14 27 0 T M M 10.0 16 40 M M 9 20 40
20 47 38 43 -9 22 0 0.02 M M 7.6 18 120 M M 10 18 23 100
21 54 38 46 -5 19 0 0.23 M M 7.0 17 110 M M 8 138 21 110
22 82 48 65 14 0 0 0.00 M M 11.5 25 210 M M 6 12 39 200
23 48 36 42 -9 23 0 0.39 M M 12.6 21 340 M M 10 1 32 330
24 46 35 41 -9 24 0 0.00 M M 9.5 13 80 M M 10 19 60
25 42 34 38 -12 27 0 0.00 M M 11.3 17 360 M M 10 23 20
26 35 29 32 -18 33 0 0.02 M M 10.8 18 10 M M 10 18 24 360
27 38 30 34 -15 31 0 T M M 4.3 9 30 M M 10 14 10
28 48 28 38 -11 27 0 0.00 M M 3.3 9 200 M M 3 15 200
29 44 28 36 -12 29 0 0.00 M M 12.2 24 20 M M 4 34 350
30 53 23 38 -10 27 0 0.00 M M 4.0 10 130 M M 0 13 140
31 68 33 51 3 14 0 0.00 M M 12.1 24 210 M M 1 8 35 200
================================================================================
SM 1911 1188 443 18 0.85 M 273.4 M 123
================================================================================
AV 61.6 39.6 8.8 FASTST M M 4 MAX(MPH)
MISC ----> 29 210 45 220
================================================================================
NOTES:
# LAST OF SEVERAL OCCURRENCES
COLUMN 17 PEAK WIND IN M.P.H.
PRELIMINARY LOCAL CLIMATOLOGICAL DATA (WS FORM: F-6) , PAGE 2
STATION: KIRKSVILLE MO
MONTH: OCTOBER
YEAR: 2020
LATITUDE: 40 5 N
LONGITUDE: 92 33 W
[TEMPERATURE DATA] [PRECIPITATION DATA] SYMBOLS USED IN COLUMN 16
AVERAGE MONTHLY: 50.6 TOTAL FOR MONTH: 0.85 1 = FOG OR MIST
DPTR FM NORMAL: -2.5 DPTR FM NORMAL: -2.47 2 = FOG REDUCING VISIBILITY
HIGHEST: 83 ON 11 GRTST 24HR 0.39 ON 23-23 TO 1/4 MILE OR LESS
LOWEST: 23 ON 30 3 = THUNDER
SNOW, ICE PELLETS, HAIL 4 = ICE PELLETS
TOTAL MONTH: M 5 = HAIL
GRTST 24HR M ON M 6 = FREEZING RAIN OR DRIZZLE
GRTST DEPTH: M ON M 7 = DUSTSTORM OR SANDSTORM:
VSBY 1/2 MILE OR LESS
8 = SMOKE OR HAZE
[NO. OF DAYS WITH] [WEATHER - DAYS WITH] 9 = BLOWING SNOW
X = TORNADO
MAX 32 OR BELOW: 0 0.01 INCH OR MORE: 5
MAX 90 OR ABOVE: 0 0.10 INCH OR MORE: 3
MIN 32 OR BELOW: 7 0.50 INCH OR MORE: 0
MIN 0 OR BELOW: 0 1.00 INCH OR MORE: 0
[HDD (BASE 65) ]
TOTAL THIS MO. 443 CLEAR (SCALE 0-3) 18
DPTR FM NORMAL 61 PTCLDY (SCALE 4-7) 5
TOTAL FM JUL 1 532 CLOUDY (SCALE 8-10) 8
DPTR FM NORMAL 45
[CDD (BASE 65) ]
TOTAL THIS MO. 18
DPTR FM NORMAL 6 [PRESSURE DATA]
TOTAL FM JAN 1 1080 HIGHEST SLP 30.43 ON 26
DPTR FM NORMAL 141 LOWEST SLP 29.60 ON 12
[REMARKS]
#FINAL-10-20#