000
CXUS55 KEAX 010736
CF6IRK
PRELIMINARY LOCAL CLIMATOLOGICAL DATA (WS FORM: F-6)
STATION: KIRKSVILLE MO
MONTH: MARCH
YEAR: 2020
LATITUDE: 40 5 N
LONGITUDE: 92 33 W
TEMPERATURE IN F: :PCPN: SNOW: WIND :SUNSHINE: SKY :PK WND
================================================================================
1 2 3 4 5 6A 6B 7 8 9 10 11 12 13 14 15 16 17 18
12Z AVG MX 2MIN
DY MAX MIN AVG DEP HDD CDD WTR SNW DPTH SPD SPD DIR MIN PSBL S-S WX SPD DR
================================================================================
1 65 37 51 17 14 0 0.00 M M 12.4 21 10 M M 3 32 230
2 50 30 40 5 25 0 0.00 M M 5.9 17 360 M M 1 23 10
3 58 34 46 11 19 0 0.00 M M 10.9 26 290 M M 2 40 280
4 55 33 44 8 21 0 0.00 M M 7.1 16 340 M M 1 23 300
5 57 35 46 10 19 0 0.00 M M 17.9 35 290 M M 3 51 280
6 53 29 41 5 24 0 0.00 M M 9.4 24 330 M M 1 40 320
7 65 28 47 10 18 0 0.00 M M 13.6 23 190 M M 0 33 160
8 71 45 58 21 7 0 0.00 M M 18.4 30 210 M M 0 43 200
9 60 35 48 10 17 0 1.41 M M 13.6 23 220 M M 8 1 33 210
10 42 33 38 0 27 0 0.00 M M 6.4 16 310 M M 10 1 22 310
11 59 35 47 8 18 0 0.00 M M 4.5 10 160 M M 5 1 16 250
12 66 40 53 14 12 0 0.05 M M 10.5 29 310 M M 4 1 39 310
13 51 28 40 0 25 0 0.00 M M 6.6 21 30 M M 4 27 20
14 40 33 37 -3 28 0 0.61 M M 13.4 20 40 M M 10 1 27 30
15 37 32 35 -5 30 0 0.00 M M 7.3 14 70 M M 10 1 20 70
16 45 35 40 -1 25 0 0.13 M M 2.8 7 250 M M 10 18 10 320
17 51 39 45 4 20 0 0.00 M M 7.9 14 150 M M 7 19 110
18 53 43 48 6 17 0 0.69 M M 7.3 15 130 M M 9 1 21 130
19 69 49 59 17 6 0 0.44 M M 12.0 24 330 M M 8 123 34 330
20 50 31 41 -1 24 0 0.00 M M 14.9 29 350 M M 9 1 40 360
21 45 25 35 -8 30 0 0.00 M M 7.1 16 120 M M 3 23 110
22 36 31 34 -9 31 0 0.12 M M 10.3 16 120 M M 8 1 22 110
23 49 34 42 -2 23 0 T M M 5.2 13 110 M M 10 1 16 120
24 52 36 44 0 21 0 0.00 M M 8.5 17 70 M M 7 12 22 70
25 59 41 50 6 15 0 0.00 M M 10.2 21 150 M M 6 12 25 140
26 55 44 50 5 15 0 0.00 M M 9.4 18 40 M M 7 1 23 30
27 54 46 50 5 15 0 0.35 M M 9.6 16 70 M M 10 13 22 70
28 74 48 61 15 4 0 0.14 M M 16.6 35 170 M M 6 123 54 210
29 62 37 50 4 15 0 0.00 M M 18.9 32 270 M M 3 52 280
30 66 30 48 2 17 0 0.00 M M 4.9 13 30 M M 0 23 20
31 64 40 52 5 13 0 0.00 M M 8.0 18 360 M M 0 23 340
================================================================================
SM 1713 1116 595 0 3.94 M 311.5 M 165
================================================================================
AV 55.3 36.0 10.0 FASTST M M 5 MAX(MPH)
MISC ----> # 35 290 54 210
================================================================================
NOTES:
# LAST OF SEVERAL OCCURRENCES
COLUMN 17 PEAK WIND IN M.P.H.
PRELIMINARY LOCAL CLIMATOLOGICAL DATA (WS FORM: F-6) , PAGE 2
STATION: KIRKSVILLE MO
MONTH: MARCH
YEAR: 2020
LATITUDE: 40 5 N
LONGITUDE: 92 33 W
[TEMPERATURE DATA] [PRECIPITATION DATA] SYMBOLS USED IN COLUMN 16
AVERAGE MONTHLY: 45.6 TOTAL FOR MONTH: 3.94 1 = FOG OR MIST
DPTR FM NORMAL: 4.9 DPTR FM NORMAL: 1.39 2 = FOG REDUCING VISIBILITY
HIGHEST: 74 ON 28 GRTST 24HR 1.41 ON 9- 9 TO 1/4 MILE OR LESS
LOWEST: 25 ON 21 3 = THUNDER
SNOW, ICE PELLETS, HAIL 4 = ICE PELLETS
TOTAL MONTH: M 5 = HAIL
GRTST 24HR M ON M 6 = FREEZING RAIN OR DRIZZLE
GRTST DEPTH: M ON M 7 = DUSTSTORM OR SANDSTORM:
VSBY 1/2 MILE OR LESS
8 = SMOKE OR HAZE
[NO. OF DAYS WITH] [WEATHER - DAYS WITH] 9 = BLOWING SNOW
X = TORNADO
MAX 32 OR BELOW: 0 0.01 INCH OR MORE: 9
MAX 90 OR ABOVE: 0 0.10 INCH OR MORE: 8
MIN 32 OR BELOW: 9 0.50 INCH OR MORE: 3
MIN 0 OR BELOW: 0 1.00 INCH OR MORE: 1
[HDD (BASE 65) ]
TOTAL THIS MO. 595 CLEAR (SCALE 0-3) 12
DPTR FM NORMAL -159 PTCLDY (SCALE 4-7) 10
TOTAL FM JUL 1 4888 CLOUDY (SCALE 8-10) 9
DPTR FM NORMAL -398
[CDD (BASE 65) ]
TOTAL THIS MO. 0
DPTR FM NORMAL 0 [PRESSURE DATA]
TOTAL FM JAN 1 0 HIGHEST SLP M ON M
DPTR FM NORMAL 0 LOWEST SLP 29.40 ON 28
[REMARKS]
#FINAL-03-20#