000
CXUS53 KEAX 010836
CF6IRK
PRELIMINARY LOCAL CLIMATOLOGICAL DATA (WS FORM: F-6)
STATION: KIRKSVILLE MO
MONTH: NOVEMBER
YEAR: 2023
LATITUDE: 40 5 N
LONGITUDE: 92 33 W
TEMPERATURE IN F: :PCPN: SNOW: WIND :SUNSHINE: SKY :PK WND
================================================================================
1 2 3 4 5 6A 6B 7 8 9 10 11 12 13 14 15 16 17 18
12Z AVG MX 2MIN
DY MAX MIN AVG DEP HDD CDD WTR SNW DPTH SPD SPD DIR MIN PSBL S-S WX SPD DR
================================================================================
1 45 16 31 -16 34 0 0.00 M M 6.9 18 180 M M 0 25 190
2 58 30 44 -3 21 0 0.00 M M 9.2 18 200 M M 0 26 170
3 62 40 51 5 14 0 0.00 M M 9.7 22 210 M M 3 32 180
4 58 32 45 -1 20 0 0.00 M M 2.9 8 220 M M 0 18 11 220
5 67 29 48 3 17 0 0.00 M M 7.6 17 190 M M 2 12 22 180
6 71 47 59 14 6 0 0.00 M M 7.3 17 200 M M 1 18 27 200
7 71 40 56 11 9 0 0.00 M M 8.7 18 120 M M 1 18 25 100
8 71 49 60 16 5 0 0.00 M M 9.4 20 340 M M 6 12 27 350
9 61 31 46 2 19 0 0.00 M M 7.6 22 360 M M 0 34 350
10 51 28 40 -3 25 0 0.00 M M 5.0 13 340 M M 0 18 330
11 52 28 40 -3 25 0 0.00 M M 8.8 17 140 M M 4 24 150
12 64 32 48 6 17 0 0.00 M M 8.8 17 200 M M 1 26 200
13 67 30 49 7 16 0 0.00 M M 3.7 12 50 M M 0 8 18 20
14 66 34 50 8 15 0 0.00 M M 9.3 18 190 M M 0 26 180
15 69 40 55 14 10 0 0.00 M M 7.4 13 220 M M 0 18 200
16 62 46 54 13 11 0 0.00 M M 10.4 21 200 M M 2 30 210
17 58 27 43 3 22 0 0.00 M M 8.1 20 360 M M 2 25 360
18 59 24 42 2 23 0 0.00 M M 4.7 14 230 M M 0 20 250
19 58 30 44 4 21 0 0.00 M M 4.2 12 150 M M 3 15 140
20 48 41 45 6 20 0 0.35 M M 10.3 16 40 M M 10 1 21 60
21 48 31 40 1 25 0 0.00 M M 11.0 20 350 M M 8 1 29 330
22 45 23 34 -4 31 0 0.00 M M 7.0 13 210 M M 0 19 220
23 49 30 40 2 25 0 0.00 M M 10.0 17 10 M M 0 26 30
24 34 25 30 -8 35 0 0.00 M M 12.4 20 40 M M 2 28 40
25 40 22 31 -6 34 0 0.10 M M 5.1 16 140 M M 5 1 19 150
26 33 23 28 -9 37 0 0.21 M M 9.4 23 290 M M 8 128 36 300
27 31 14 23 -13 42 0 0.00 M M 8.5 18 290 M M 2 27 290
28 32 8 20 -16 45 0 0.00 M M 6.4 13 190 M M 0 17 190
29 52 27 40 4 25 0 0.00 M M 7.0 12 240 M M 0 17 230
30 56 39 48 13 17 0 0.10 M M 9.0 17 30 M M 5 1 25 230
================================================================================
SM 1638 916 666 0 0.76 M 235.8 M 65
================================================================================
AV 54.6 30.5 7.9 FASTST M M 2 MAX(MPH)
MISC ----> 23 290 36 300
================================================================================
NOTES:
# LAST OF SEVERAL OCCURRENCES
COLUMN 17 PEAK WIND IN M.P.H.
PRELIMINARY LOCAL CLIMATOLOGICAL DATA (WS FORM: F-6) , PAGE 2
STATION: KIRKSVILLE MO
MONTH: NOVEMBER
YEAR: 2023
LATITUDE: 40 5 N
LONGITUDE: 92 33 W
[TEMPERATURE DATA] [PRECIPITATION DATA] SYMBOLS USED IN COLUMN 16
AVERAGE MONTHLY: 42.6 TOTAL FOR MONTH: 0.76 1 = FOG OR MIST
DPTR FM NORMAL: 1.5 DPTR FM NORMAL: -1.65 2 = FOG REDUCING VISIBILITY
HIGHEST: 71 ON 8, 7 GRTST 24HR 0.35 ON 20-20 TO 1/4 MILE OR LESS
LOWEST: 8 ON 28 3 = THUNDER
SNOW, ICE PELLETS, HAIL 4 = ICE PELLETS
TOTAL MONTH: M 5 = HAIL
GRTST 24HR M ON M 6 = FREEZING RAIN OR DRIZZLE
GRTST DEPTH: M ON M 7 = DUSTSTORM OR SANDSTORM:
VSBY 1/2 MILE OR LESS
8 = SMOKE OR HAZE
[NO. OF DAYS WITH] [WEATHER - DAYS WITH] 9 = BLOWING SNOW
X = TORNADO
MAX 32 OR BELOW: 2 0.01 INCH OR MORE: 4
MAX 90 OR ABOVE: 0 0.10 INCH OR MORE: 4
MIN 32 OR BELOW: 21 0.50 INCH OR MORE: 0
MIN 0 OR BELOW: 0 1.00 INCH OR MORE: 0
[HDD (BASE 65) ]
TOTAL THIS MO. 666 CLEAR (SCALE 0-3) 23
DPTR FM NORMAL -53 PTCLDY (SCALE 4-7) 5
TOTAL FM JUL 1 1009 CLOUDY (SCALE 8-10) 2
DPTR FM NORMAL -174
[CDD (BASE 65) ]
TOTAL THIS MO. 0
DPTR FM NORMAL 0 [PRESSURE DATA]
TOTAL FM JAN 1 1013 HIGHEST SLP 30.55 ON 24
DPTR FM NORMAL 5 LOWEST SLP 29.63 ON 8
[REMARKS]
#FINAL-11-23#