187
CXUS55 KEAX 041839
CF6IRK
PRELIMINARY LOCAL CLIMATOLOGICAL DATA (WS FORM: F-6)
STATION: KIRKSVILLE MO
MONTH: FEBRUARY
YEAR: 2020
LATITUDE: 40 5 N
LONGITUDE: 92 33 W
TEMPERATURE IN F: :PCPN: SNOW: WIND :SUNSHINE: SKY :PK WND
================================================================================
1 2 3 4 5 6A 6B 7 8 9 10 11 12 13 14 15 16 17 18
12Z AVG MX 2MIN
DY MAX MIN AVG DEP HDD CDD WTR SNW DPTH SPD SPD DIR MIN PSBL S-S WX SPD DR
================================================================================
1 41 33 37 10 28 0 0.00 M M 9.0 17 220 M M 7 1 26 220
2 56 33 45 18 20 0 0.00 M M 6.7 15 230 M M 0 25 240
3 50 32 41 14 24 0 0.00 M M 9.2 17 360 M M 0 23 340
4 35 29 32 5 33 0 T M M 15.7 24 30 M M 10 32 40
5 29 26 28 1 37 0 T M M 11.6 20 30 M M 10 8 26 10
6 36 17 27 -1 38 0 0.00 M M 4.5 13 350 M M 1 19 10
7 31 21 26 -2 39 0 0.02 M M 7.0 16 310 M M 8 18 24 310
8 37 23 30 2 35 0 0.00 M M 8.5 15 260 M M 5 22 260
9 47 26 37 9 28 0 0.05 M M 11.4 20 330 M M 9 1 29 340
10 42 24 33 5 32 0 0.00 M M 4.9 14 350 M M 5 18 360
11 40 24 32 3 33 0 0.00 M M 6.9 21 280 M M 1 27 260
12 35 20 28 -1 37 0 0.34 M M 6.8 22 340 M M 7 1 33 330
13 20 -9 6 -23 59 0 T M M 10.7 24 320 M M 2 18 36 300
14 20 -14 3 -26 62 0 0.00 M M 8.1 18 160 M M 2 25 160
15 40 18 29 -1 36 0 0.00 M M 9.0 17 210 M M 4 1 24 230
16 46 17 32 2 33 0 0.00 M M 5.8 15 160 M M 2 12 20 170
17 46 35 41 11 24 0 0.08 M M 7.2 24 310 M M 9 12 34 330
18 42 24 33 3 32 0 0.00 M M 10.0 23 320 M M 3 34 310
19 36 20 28 -3 37 0 0.00 M M 10.2 17 10 M M 2 23 20
20 28 12 20 -11 45 0 0.00 M M 9.2 18 10 M M 3 24 10
21 39 11 25 -6 40 0 0.00 M M 10.2 20 220 M M 0 29 210
22 51 25 38 6 27 0 0.00 M M 11.2 20 200 M M 0 30 210
23 61 37 49 17 16 0 0.00 M M 5.8 13 210 M M 0 18 210
24 44 34 39 7 26 0 M M M 12.2 21 30 M M 9 1 26 40
25 42 31 37 4 28 0 T M M 14.2 22 10 M M 10 18 30 20
26 36 19 28 -5 37 0 0.03 M M 11.6 22 340 M M 6 1 31 350
27 43 19 31 -3 34 0 0.00 M M 6.5 14 340 M M 5 19 340
28 47 21 34 0 31 0 0.00 M M 8.9 21 310 M M 5 32 310
29 52 18 35 1 30 0 0.00 M M 8.5 15 180 M M 0 21 180
================================================================================
SM 1172 626 981 0 0.52 M 261.5 M 125
================================================================================
AV 40.4 21.6 9.0 FASTST M M 4 MAX(MPH)
MISC ----> # 24 30 36 300
================================================================================
NOTES:
# LAST OF SEVERAL OCCURRENCES
COLUMN 17 PEAK WIND IN M.P.H.
PRELIMINARY LOCAL CLIMATOLOGICAL DATA (WS FORM: F-6) , PAGE 2
STATION: KIRKSVILLE MO
MONTH: FEBRUARY
YEAR: 2020
LATITUDE: 40 5 N
LONGITUDE: 92 33 W
[TEMPERATURE DATA] [PRECIPITATION DATA] SYMBOLS USED IN COLUMN 16
AVERAGE MONTHLY: 31.0 TOTAL FOR MONTH: 0.52 1 = FOG OR MIST
DPTR FM NORMAL: 1.2 DPTR FM NORMAL: -1.01 2 = FOG REDUCING VISIBILITY
HIGHEST: 61 ON 23 GRTST 24HR 0.34 ON 12-12 TO 1/4 MILE OR LESS
LOWEST: -14 ON 14 3 = THUNDER
SNOW, ICE PELLETS, HAIL 4 = ICE PELLETS
TOTAL MONTH: M 5 = HAIL
GRTST 24HR M ON M 6 = FREEZING RAIN OR DRIZZLE
GRTST DEPTH: M ON M 7 = DUSTSTORM OR SANDSTORM:
VSBY 1/2 MILE OR LESS
8 = SMOKE OR HAZE
[NO. OF DAYS WITH] [WEATHER - DAYS WITH] 9 = BLOWING SNOW
X = TORNADO
MAX 32 OR BELOW: 5 0.01 INCH OR MORE: 5
MAX 90 OR ABOVE: 0 0.10 INCH OR MORE: 1
MIN 32 OR BELOW: 24 0.50 INCH OR MORE: 0
MIN 0 OR BELOW: 2 1.00 INCH OR MORE: 0
[HDD (BASE 65) ]
TOTAL THIS MO. 981 CLEAR (SCALE 0-3) 14
DPTR FM NORMAL -5 PTCLDY (SCALE 4-7) 8
TOTAL FM JUL 1 4293 CLOUDY (SCALE 8-10) 7
DPTR FM NORMAL -302
[CDD (BASE 65) ]
TOTAL THIS MO. 0
DPTR FM NORMAL 0 [PRESSURE DATA]
TOTAL FM JAN 1 0 HIGHEST SLP 30.83 ON 20
DPTR FM NORMAL 0 LOWEST SLP 29.58 ON 3
[REMARKS]
#FINAL-02-20#