000
CXUS53 KEAX 010736
CF6IRK
PRELIMINARY LOCAL CLIMATOLOGICAL DATA (WS FORM: F-6)
STATION: KIRKSVILLE MO
MONTH: OCTOBER
YEAR: 2023
LATITUDE: 40 5 N
LONGITUDE: 92 33 W
TEMPERATURE IN F: :PCPN: SNOW: WIND :SUNSHINE: SKY :PK WND
================================================================================
1 2 3 4 5 6A 6B 7 8 9 10 11 12 13 14 15 16 17 18
12Z AVG MX 2MIN
DY MAX MIN AVG DEP HDD CDD WTR SNW DPTH SPD SPD DIR MIN PSBL S-S WX SPD DR
================================================================================
1 90 60 75 15 0 10 0.00 M M 6.5 13 130 M M 0 1 18 130
2 87 55 71 12 0 6 0.00 M M 6.5 13 200 M M 0 20 200
3 85 57 71 12 0 6 T M M 10.1 23 170 M M 1 33 180
4 81 63 72 13 0 7 T M M 7.6 16 210 M M 4 23 230
5 79 50 65 7 0 0 0.00 M M 7.8 18 290 M M 2 28 280
6 59 39 49 -9 16 0 0.00 M M 11.1 24 310 M M 4 39 290
7 61 37 49 -9 16 0 0.00 M M 6.9 17 290 M M 0 24 300
8 72 38 55 -2 10 0 0.00 M M 5.8 14 290 M M 2 20 240
9 66 36 51 -6 14 0 0.00 M M 5.7 15 340 M M 0 22 340
10 68 32 50 -6 15 0 0.00 M M 1.3 9 310 M M 1 8 13 320
11 78 45 62 6 3 0 0.11 M M 8.3 21 160 M M 5 13 28 190
12 78 49 64 8 1 0 T M M 13.5 28 160 M M 1 1 35 160
13 67 50 59 4 6 0 0.12 M M 12.5 22 170 M M 10 18 33 260
14 54 50 52 -3 13 0 T M M 11.8 21 330 M M 10 1 29 330
15 55 39 47 -7 18 0 T M M 9.9 18 350 M M 7 25 360
16 64 37 51 -3 14 0 0.00 M M 6.4 17 350 M M 0 25 330
17 68 32 50 -4 15 0 0.00 M M 5.1 12 260 M M 0 1 17 210
18 66 46 56 3 9 0 0.03 M M 8.9 18 210 M M 3 30 200
19 66 44 55 2 10 0 0.01 M M 8.1 16 290 M M 8 1 25 290
20 73 40 57 5 8 0 0.00 M M 6.0 15 350 M M 0 128 22 320
21 73 43 58 6 7 0 0.00 M M 9.6 21 310 M M 0 34 320
22 67 36 52 0 13 0 0.00 M M 8.0 15 130 M M 0 20 130
23 82 50 66 15 0 1 0.00 M M 12.0 24 190 M M 0 35 170
24 77 59 68 17 0 3 0.69 M M 9.3 25 210 M M 5 1 37 220
25 69 60 65 15 0 0 1.06 M M 6.9 15 190 M M 10 1 24 210
26 72 63 68 18 0 3 0.52 M M 8.7 16 210 M M 6 1 24 230
27 65 33 49 0 16 0 0.01 M M 10.4 17 320 M M 8 1 26 340
28 39 30 35 -14 30 0 0.32 M M 8.7 17 30 M M 9 1 23 50
29 37 30 34 -14 31 0 T M M 11.2 17 360 M M 10 1 24 10
30 41 24 33 -15 32 0 0.00 M M 7.1 14 280 M M 1 19 270
31 39 22 31 -17 34 0 0.00 M M 11.5 23 310 M M 2 35 320
================================================================================
SM 2078 1349 331 36 2.87 M 263.2 M 109
================================================================================
AV 67.0 43.5 8.5 FASTST M M 4 MAX(MPH)
MISC ----> 28 160 39 290
================================================================================
NOTES:
# LAST OF SEVERAL OCCURRENCES
COLUMN 17 PEAK WIND IN M.P.H.
PRELIMINARY LOCAL CLIMATOLOGICAL DATA (WS FORM: F-6) , PAGE 2
STATION: KIRKSVILLE MO
MONTH: OCTOBER
YEAR: 2023
LATITUDE: 40 5 N
LONGITUDE: 92 33 W
[TEMPERATURE DATA] [PRECIPITATION DATA] SYMBOLS USED IN COLUMN 16
AVERAGE MONTHLY: 55.3 TOTAL FOR MONTH: 2.87 1 = FOG OR MIST
DPTR FM NORMAL: 1.5 DPTR FM NORMAL: -0.37 2 = FOG REDUCING VISIBILITY
HIGHEST: 90 ON 1 GRTST 24HR 1.30 ON 24-25 TO 1/4 MILE OR LESS
LOWEST: 22 ON 31 3 = THUNDER
SNOW, ICE PELLETS, HAIL 4 = ICE PELLETS
TOTAL MONTH: M 5 = HAIL
GRTST 24HR M ON M 6 = FREEZING RAIN OR DRIZZLE
GRTST DEPTH: M ON M 7 = DUSTSTORM OR SANDSTORM:
VSBY 1/2 MILE OR LESS
8 = SMOKE OR HAZE
[NO. OF DAYS WITH] [WEATHER - DAYS WITH] 9 = BLOWING SNOW
X = TORNADO
MAX 32 OR BELOW: 0 0.01 INCH OR MORE: 9
MAX 90 OR ABOVE: 1 0.10 INCH OR MORE: 6
MIN 32 OR BELOW: 6 0.50 INCH OR MORE: 3
MIN 0 OR BELOW: 0 1.00 INCH OR MORE: 1
[HDD (BASE 65) ]
TOTAL THIS MO. 331 CLEAR (SCALE 0-3) 18
DPTR FM NORMAL -33 PTCLDY (SCALE 4-7) 8
TOTAL FM JUL 1 343 CLOUDY (SCALE 8-10) 5
DPTR FM NORMAL -121
[CDD (BASE 65) ]
TOTAL THIS MO. 36
DPTR FM NORMAL 18 [PRESSURE DATA]
TOTAL FM JAN 1 1013 HIGHEST SLP M ON M
DPTR FM NORMAL 5 LOWEST SLP 29.58 ON 13
[REMARKS]
#FINAL-10-23#