000
CXUS52 TJSJ 011233
CF6IST
PRELIMINARY LOCAL CLIMATOLOGICAL DATA (WS FORM: F-6)
STATION: CYRIL E. KING AP/ST THOMAS
MONTH: JANUARY
YEAR: 2024
LATITUDE: 18 19 N
LONGITUDE: 64 58 W
TEMPERATURE IN F: :PCPN: SNOW: WIND :SUNSHINE: SKY :PK WND
================================================================================
1 2 3 4 5 6A 6B 7 8 9 10 11 12 13 14 15 16 17 18
12Z AVG MX 2MIN
DY MAX MIN AVG DEP HDD CDD WTR SNW DPTH SPD SPD DIR MIN PSBL S-S WX SPD DR
================================================================================
1 85 75 80 1 0 15 M M M 10.1 18 70 M M 4 1 24 70
2 85 75 80 1 0 15 M M M 7.7 15 70 M M 2 18 80
3 84 74 79 0 0 14 M M M 6.1 12 60 M M 2 17 20
4 85 76 81 2 0 16 M M M 6.8 13 130 M M 1 15 90
5 86 73 80 1 0 15 M M M 4.9 13 40 M M 2 23 360
6 85 76 81 2 0 16 M M M 6.7 13 90 M M 1 1 17 20
7 84 75 80 1 0 15 M M M 8.8 17 140 M M 1 21 130
8 85 76 81 2 0 16 M M M 10.0 18 130 M M 2 23 130
9 87 76 82 3 0 17 T M M 13.7 23 80 M M 1 1 30 90
10 85 74 80 1 0 15 T M M 9.7 21 90 M M 3 1 25 130
11 85 75 80 1 0 15 T M M 8.6 15 90 M M 3 1 21 100
12 86 75 81 2 0 16 M M M 10.6 18 90 M M 2 1 22 90
13 85 76 81 2 0 16 M M M 9.8 15 80 M M 2 21 70
14 84 74 79 0 0 14 M M M 8.7 18 90 M M 3 23 30
15 84 76 80 1 0 15 M M M 11.9 23 90 M M 3 1 29 90
16 85 75 80 1 0 15 M M M 13.9 23 120 M M 2 30 120
17 86 76 81 2 0 16 0.00 M M 12.8 21 90 M M 3 18 29 80
18 86 75 81 2 0 16 M M M 11.5 21 80 M M 2 18 25 90
19 84 74 79 0 0 14 M M M 13.0 21 120 M M 2 1 28 110
20 84 76 80 1 0 15 M M M 9.7 16 130 M M 2 20 120
21 84 76 80 1 0 15 0.00 M M 8.8 17 110 M M 1 21 110
22 86 77 82 3 0 17 0.00 M M 11.6 23 90 M M 2 29 90
23 87 76 82 3 0 17 0.00 M M 16.7 29 90 M M 1 35 80
24 82 74 78 -1 0 13 0.00 M M 16.3 29 70 M M 4 18 37 70
25 84 75 80 1 0 15 M M M 17.3 26 80 M M 3 1 39 40
26 85 72 79 0 0 14 0.00 M M 12.7 24 100 M M 3 1 30 90
27 85 73 79 0 0 14 M M M 11.6 22 80 M M 2 1 28 90
28 84 73 79 0 0 14 M M M 10.0 18 90 M M 2 24 80
29 82 72 77 -2 0 12 M M M 5.3 14 150 M M 1 18 17 150
30 82 72 77 -2 0 12 M M M 3.5 8 340 M M 2 8 11 340
31 83 77 80 1 0 15 M M M 7.9 17 30 M M 3 8 23 30
================================================================================
SM 2624 2319 0 464 T M 316.7 M 67
================================================================================
AV 84.6 74.8 10.2 FASTST M M 2 MAX(MPH)
MISC ----> # 29 90 39 40
================================================================================
NOTES:
# LAST OF SEVERAL OCCURRENCES
COLUMN 17 PEAK WIND IN M.P.H.
PRELIMINARY LOCAL CLIMATOLOGICAL DATA (WS FORM: F-6) , PAGE 2
STATION: CYRIL E. KING AP/ST THOMAS
MONTH: JANUARY
YEAR: 2024
LATITUDE: 18 19 N
LONGITUDE: 64 58 W
[TEMPERATURE DATA] [PRECIPITATION DATA] SYMBOLS USED IN COLUMN 16
AVERAGE MONTHLY: 79.7 TOTAL FOR MONTH: T 1 = FOG OR MIST
DPTR FM NORMAL: 0.9 DPTR FM NORMAL: -2.64 2 = FOG REDUCING VISIBILITY
HIGHEST: 87 ON 23, 9 GRTST 24HR 2.61 ON 31-31 TO 1/4 MILE OR LESS
LOWEST: 72 ON 29,30 3 = THUNDER
SNOW, ICE PELLETS, HAIL 4 = ICE PELLETS
TOTAL MONTH: M 5 = HAIL
GRTST 24HR M ON M 6 = FREEZING RAIN OR DRIZZLE
GRTST DEPTH: M ON M 7 = DUSTSTORM OR SANDSTORM:
VSBY 1/2 MILE OR LESS
8 = SMOKE OR HAZE
[NO. OF DAYS WITH] [WEATHER - DAYS WITH] 9 = BLOWING SNOW
X = TORNADO
MAX 32 OR BELOW: 0 0.01 INCH OR MORE: 0
MAX 90 OR ABOVE: 0 0.10 INCH OR MORE: 0
MIN 32 OR BELOW: 0 0.50 INCH OR MORE: 0
MIN 0 OR BELOW: 0 1.00 INCH OR MORE: 0
[HDD (BASE 65) ]
TOTAL THIS MO. 0 CLEAR (SCALE 0-3) 28
DPTR FM NORMAL 0 PTCLDY (SCALE 4-7) 3
TOTAL FM JUL 1 0 CLOUDY (SCALE 8-10) 0
DPTR FM NORMAL 0
[CDD (BASE 65) ]
TOTAL THIS MO. 464
DPTR FM NORMAL 35 [PRESSURE DATA]
TOTAL FM JAN 1 464 HIGHEST SLP 30.21 ON 22
DPTR FM NORMAL 35 LOWEST SLP 29.93 ON 31
[REMARKS]
#FINAL-01-24#
PRECIPITATION DATA NOT AVAILABLE FOR THIS PERIOD.