248
CXUS52 TJSJ 010426
CF6IST
PRELIMINARY LOCAL CLIMATOLOGICAL DATA (WS FORM: F-6)
STATION: CYRIL E. KING AP/ST THOMAS
MONTH: JULY
YEAR: 2020
LATITUDE: 18 19 N
LONGITUDE: 64 58 W
TEMPERATURE IN F: :PCPN: SNOW: WIND :SUNSHINE: SKY :PK WND
================================================================================
1 2 3 4 5 6A 6B 7 8 9 10 11 12 13 14 15 16 17 18
12Z AVG MX 2MIN
DY MAX MIN AVG DEP HDD CDD WTR SNW DPTH SPD SPD DIR MIN PSBL S-S WX SPD DR
================================================================================
1 90 81 86 2 0 21 0.00 0.0 0 12.5 20 80 M M 2 26 120
2 90 83 87 3 0 22 0.00 0.0 0 12.7 21 90 M M 2 24 130
3 89 82 86 2 0 21 0.00 0.0 0 10.4 17 140 M M 1 21 130
4 89 80 85 1 0 20 0.13 0.0 0 8.9 18 110 M M 1 25 70
5 89 78 84 0 0 19 T 0.0 0 10.7 22 80 M M 3 28 90
6 93 82 88 4 0 23 0.03 0.0 0 12.1 21 70 M M 3 8 28 80
7 92 78 85 1 0 20 0.29 0.0 0 13.1 21 120 M M 4 27 120
8 90 82 86 2 0 21 0.01 0.0 0 13.8 22 120 M M 5 29 110
9 93 81 87 3 0 22 0.02 0.0 0 11.1 21 130 M M 6 25 80
10 90 77 84 0 0 19 0.08 0.0 0 11.9 20 120 M M 3 25 130
11 94 81 88 4 0 23 0.04 0.0 0 11.7 24 80 M M 2 35 120
12 M M M M M M 1.07 M 0 9.5 15 110 M M 5 1 20 110
13 92 81 87 3 0 22 0.05 0.0 M 9.8 20 80 M M 5 1 26 70
14 92 82 87 3 0 22 T 0.0 0 11.5 21 60 M M 3 26 70
15 91 81 86 2 0 21 0.05 0.0 0 10.8 17 60 M M 1 29 20
16 88 79 84 0 0 19 0.04 0.0 0 9.8 16 130 M M 1 8 23 70
17 90 81 86 2 0 21 T 0.0 0 10.5 18 130 M M 3 22 130
18 91 78 85 1 0 20 0.25 0.0 0 7.2 17 80 M M 4 1 22 100
19 92 79 86 2 0 21 T 0.0 0 9.3 20 70 M M 1 24 70
20 89 80 85 1 0 20 0.14 0.0 0 9.0 18 130 M M 3 23 130
21 87 80 84 0 0 19 0.40 0.0 0 7.9 21 70 M M 2 23 70
22 89 76 83 -1 0 18 0.23 0.0 0 10.3 24 80 M M 2 18 31 70
23 91 79 85 1 0 20 0.13 0.0 0 11.9 23 80 M M 2 18 30 90
24 91 81 86 2 0 21 0.12 0.0 0 12.3 23 110 M M 5 18 34 120
25 91 82 87 3 0 22 T 0.0 0 13.3 23 80 M M 5 30 90
26 92 83 88 4 0 23 T 0.0 0 12.7 18 50 M M 2 24 50
27 91 81 86 2 0 21 0.13 0.0 0 11.7 23 70 M M 2 32 40
28 92 81 87 3 0 22 T 0.0 0 14.5 25 60 M M 5 32 80
29 86 81 84 0 0 19 0.73 M 0 22.4 33 60 M M 7 1 44 60
30 88 81 85 1 0 20 0.19 0.0 0 21.7 35 110 M M 6 45 120
31 89 80 85 1 0 20 0.02 0.0 0 12.6 21 130 M M 1 29 130
================================================================================
SM 2711 2411 0 622 4.15 0.0 367.6 M 97
================================================================================
AV 90.4 80.4 11.9 FASTST M M 3 MAX(MPH)
MISC ----> # 35 110 # 45 120
================================================================================
NOTES:
# LAST OF SEVERAL OCCURRENCES
COLUMN 17 PEAK WIND IN M.P.H.
PRELIMINARY LOCAL CLIMATOLOGICAL DATA (WS FORM: F-6) , PAGE 2
STATION: CYRIL E. KING AP/ST THOMAS
MONTH: JULY
YEAR: 2020
LATITUDE: 18 19 N
LONGITUDE: 64 58 W
[TEMPERATURE DATA] [PRECIPITATION DATA] SYMBOLS USED IN COLUMN 16
AVERAGE MONTHLY: 85.4 TOTAL FOR MONTH: 4.15 1 = FOG OR MIST
DPTR FM NORMAL: 1.4 DPTR FM NORMAL: 1.30 2 = FOG REDUCING VISIBILITY
HIGHEST: 94 ON 11 GRTST 24HR 1.07 ON 12-12 TO 1/4 MILE OR LESS
LOWEST: 76 ON 22 3 = THUNDER
SNOW, ICE PELLETS, HAIL 4 = ICE PELLETS
TOTAL MONTH: 0.0 INCH 5 = HAIL
GRTST 24HR 0.0 6 = FREEZING RAIN OR DRIZZLE
GRTST DEPTH: 0 7 = DUSTSTORM OR SANDSTORM:
VSBY 1/2 MILE OR LESS
8 = SMOKE OR HAZE
[NO. OF DAYS WITH] [WEATHER - DAYS WITH] 9 = BLOWING SNOW
X = TORNADO
MAX 32 OR BELOW: 0 0.01 INCH OR MORE: 21
MAX 90 OR ABOVE: 20 0.10 INCH OR MORE: 12
MIN 32 OR BELOW: 0 0.50 INCH OR MORE: 2
MIN 0 OR BELOW: 0 1.00 INCH OR MORE: 1
[HDD (BASE 65) ]
TOTAL THIS MO. 0 CLEAR (SCALE 0-3) 18
DPTR FM NORMAL 0 PTCLDY (SCALE 4-7) 13
TOTAL FM JUL 1 0 CLOUDY (SCALE 8-10) 0
DPTR FM NORMAL 0
[CDD (BASE 65) ]
TOTAL THIS MO. 622
DPTR FM NORMAL 33 [PRESSURE DATA]
TOTAL FM JAN 1 3603 HIGHEST SLP M ON M
DPTR FM NORMAL 207 LOWEST SLP 29.76 ON 30
[REMARKS]
#FINAL-07-20#