000
CXHW53 PHFO 011250
CF6ITO
PRELIMINARY LOCAL CLIMATOLOGICAL DATA (WS FORM: F-6)
STATION: HILO HI
MONTH: FEBRUARY
YEAR: 2024
LATITUDE: 19 43 N
LONGITUDE: 155 4 W
TEMPERATURE IN F: :PCPN: SNOW: WIND :SUNSHINE: SKY :PK WND
================================================================================
1 2 3 4 5 6A 6B 7 8 9 10 11 12 13 14 15 16 17 18
12Z AVG MX 2MIN
DY MAX MIN AVG DEP HDD CDD WTR SNW DPTH SPD SPD DIR MIN PSBL S-S WX SPD DR
================================================================================
1 85 64 75 4 0 10 0.00 M M 6.5 16 110 M M 6 22 120
2 73 66 70 -1 0 5 0.38 M M 11.8 28 350 M M 8 18 38 360
3 78 66 72 1 0 7 0.05 M M 14.4 21 30 M M 10 1 30 360
4 78 64 71 0 0 6 0.34 M M 6.7 22 60 M M 10 18 27 60
5 76 62 69 -2 0 4 0.15 M M 6.9 17 90 M M 9 18 23 90
6 79 63 71 0 0 6 0.10 M M 7.5 20 100 M M 9 18 27 130
7 78 63 71 0 0 6 0.12 M M 6.1 16 90 M M 8 1 21 90
8 80 64 72 1 0 7 0.13 M M 6.8 17 110 M M 7 1 23 120
9 78 65 72 1 0 7 0.21 M M 6.9 17 130 M M 8 18 24 110
10 80 64 72 1 0 7 0.02 M M 6.6 17 130 M M 7 1 24 160
11 80 64 72 1 0 7 0.01 M M 7.9 17 130 M M 8 1 24 120
12 81 65 73 2 0 8 0.03 M M 4.8 13 10 M M 7 1 19 20
13 82 63 73 2 0 8 0.00 M M 5.7 13 50 M M 4 18 60
14 84 60 72 1 0 7 0.00 M M 7.3 21 90 M M 4 27 100
15 84 64 74 3 0 9 0.45 M M 7.8 17 350 M M 3 1 23 340
16 75 65 70 -1 0 5 0.24 M M 12.4 21 350 M M 10 18 29 10
17 76 63 70 -1 0 5 0.13 M M 9.7 17 340 M M 9 1 26 340
18 74 65 70 -1 0 5 0.16 M M 9.9 17 330 M M 10 1 24 340
19 76 63 70 -1 0 5 0.16 M M 6.1 16 50 M M 8 1 23 60
20 80 60 70 -1 0 5 0.01 M M 6.0 22 120 M M 5 1 29 120
21 80 63 72 1 0 7 0.25 M M 7.6 18 110 M M 8 1 25 100
22 77 64 71 0 0 6 0.63 M M 7.2 10 260 M M 10 1 M M
23 79 63 71 0 0 6 0.04 M M 7.2 18 100 M M 6 25 110
24 70 61 66 -5 0 1 0.47 M M 5.1 10 60 M M 7 1 14 220
25 79 63 71 0 0 6 0.15 M M 6.5 20 60 M M 9 1 24 50
26 76 62 69 -2 0 4 0.42 M M 6.8 20 70 M M 9 18 26 70
27 78 64 71 0 0 6 0.76 M M 7.4 17 60 M M 9 1 23 60
28 79 64 72 0 0 7 0.13 M M 6.8 15 60 M M 6 1 19 50
29 79 64 72 0 0 7 0.23 M M 7.0 14 110 M M 8 1 17 90
================================================================================
SM 2274 1841 0 179 5.77 M 219.4 M 222
================================================================================
AV 78.4 63.5 7.6 FASTST M M 8 MAX(MPH)
MISC ----> 28 350 38 360
================================================================================
NOTES:
# LAST OF SEVERAL OCCURRENCES
COLUMN 17 PEAK WIND IN M.P.H.
PRELIMINARY LOCAL CLIMATOLOGICAL DATA (WS FORM: F-6) , PAGE 2
STATION: HILO HI
MONTH: FEBRUARY
YEAR: 2024
LATITUDE: 19 43 N
LONGITUDE: 155 4 W
[TEMPERATURE DATA] [PRECIPITATION DATA] SYMBOLS USED IN COLUMN 16
AVERAGE MONTHLY: 70.9 TOTAL FOR MONTH: 5.77 1 = FOG OR MIST
DPTR FM NORMAL: -0.3 DPTR FM NORMAL: -4.45 2 = FOG REDUCING VISIBILITY
HIGHEST: 85 ON 1 GRTST 24HR 1.02 ON 26-27 TO 1/4 MILE OR LESS
LOWEST: 60 ON 20,14 3 = THUNDER
SNOW, ICE PELLETS, HAIL 4 = ICE PELLETS
TOTAL MONTH: M 5 = HAIL
GRTST 24HR M ON M 6 = FREEZING RAIN OR DRIZZLE
GRTST DEPTH: M ON M 7 = DUSTSTORM OR SANDSTORM:
VSBY 1/2 MILE OR LESS
8 = SMOKE OR HAZE
[NO. OF DAYS WITH] [WEATHER - DAYS WITH] 9 = BLOWING SNOW
X = TORNADO
MAX 32 OR BELOW: 0 0.01 INCH OR MORE: 26
MAX 90 OR ABOVE: 0 0.10 INCH OR MORE: 20
MIN 32 OR BELOW: 0 0.50 INCH OR MORE: 2
MIN 0 OR BELOW: 0 1.00 INCH OR MORE: 0
[HDD (BASE 65) ]
TOTAL THIS MO. 0 CLEAR (SCALE 0-3) 0
DPTR FM NORMAL 0 PTCLDY (SCALE 4-7) 14
TOTAL FM JUL 1 0 CLOUDY (SCALE 8-10) 15
DPTR FM NORMAL 0
[CDD (BASE 65) ]
TOTAL THIS MO. 179
DPTR FM NORMAL 4 [PRESSURE DATA]
TOTAL FM JAN 1 433 HIGHEST SLP 30.31 ON 7
DPTR FM NORMAL 60 LOWEST SLP 29.83 ON 14
[REMARKS]
#FINAL-02-24#