000
CXHW53 PHFO 011250
CF6ITO
PRELIMINARY LOCAL CLIMATOLOGICAL DATA (WS FORM: F-6)
STATION: HILO HI
MONTH: NOVEMBER
YEAR: 2020
LATITUDE: 19 43 N
LONGITUDE: 155 4 W
TEMPERATURE IN F: :PCPN: SNOW: WIND :SUNSHINE: SKY :PK WND
================================================================================
1 2 3 4 5 6A 6B 7 8 9 10 11 12 13 14 15 16 17 18
12Z AVG MX 2MIN
DY MAX MIN AVG DEP HDD CDD WTR SNW DPTH SPD SPD DIR MIN PSBL S-S WX SPD DR
================================================================================
1 87 71 79 4 0 14 0.02 0.0 M 4.3 13 60 M M M 14 60
2 87 72 80 5 0 15 0.10 0.0 M 3.3 12 100 M M M 15 90
3 87 73 80 5 0 15 0.52 0.0 M 5.9 15 100 M M M 1 18 120
4 88 73 81 6 0 16 0.85 0.0 M 6.2 14 100 M M M 1 18 110
5 88 70 79 4 0 14 0.00 0.0 M 7.3 15 120 M M M 20 110
6 88 72 80 5 0 15 0.03 0.0 M 5.6 15 90 M M M 18 120
7 82 70 76 1 0 11 1.02 0.0 M 5.9 14 250 M M M 18 17 250
8 87 71 79 4 0 14 T 0.0 M 6.4 15 110 M M M 19 100
9 86 69 78 3 0 13 0.15 0.0 M 5.7 15 140 M M M 18 18 130
10 85 70 78 4 0 13 2.26 0.0 M 5.7 17 270 M M M 1 22 260
11 84 70 77 3 0 12 1.25 0.0 M 5.8 15 60 M M M 1 20 70
12 85 71 78 4 0 13 1.37 0.0 M 7.1 20 50 M M M 18 24 70
13 84 67 76 2 0 11 0.32 0.0 M 6.2 18 70 M M M 18 23 50
14 80 67 74 0 0 9 0.11 0.0 M 5.8 13 280 M M M 15 290
15 81 69 75 1 0 10 0.03 0.0 M 3.9 12 280 M M M 13 280
16 81 69 75 1 0 10 0.19 0.0 M 5.1 13 40 M M M 1 15 40
17 83 69 76 2 0 11 0.02 0.0 M 4.3 9 240 M M M 11 240
18 82 71 77 3 0 12 0.53 0.0 M 5.3 14 70 M M M 1 19 80
19 84 73 79 5 0 14 0.40 0.0 M 5.2 14 70 M M M 1 19 120
20 85 72 79 5 0 14 0.22 0.0 M 4.2 10 70 M M M 1 13 50
21 84 71 78 4 0 13 1.21 0.0 M 4.4 14 100 M M M 18 18 90
22 78 74 76 2 0 11 1.62 0.0 M 9.6 24 90 M M M 18 32 90
23 82 72 77 3 0 12 0.30 0.0 M 6.0 21 80 M M M 18 25 80
24 85 69 77 3 0 12 0.35 0.0 M 4.3 12 280 M M M 1 14 200
25 76 69 73 0 0 8 4.34 0.0 M 5.8 15 190 M M M 1 21 190
26 82 71 77 4 0 12 0.51 0.0 M 5.9 14 50 M M M 1 19 30
27 82 69 76 3 0 11 0.12 0.0 M 7.6 16 30 M M M 21 340
28 83 66 75 2 0 10 0.30 0.0 M 7.0 16 320 M M M 1 20 330
29 82 65 74 1 0 9 0.65 0.0 M 6.3 15 70 M M M 1 19 60
30 83 65 74 1 0 9 T 0.0 M 5.5 10 40 M M M 15 50
================================================================================
SM 2511 2100 0 363 18.79 0.0 171.6 M M
================================================================================
AV 83.7 70.0 5.7 FASTST M M 0 MAX(MPH)
MISC ----> # 24 90 # 32 90
================================================================================
NOTES:
# LAST OF SEVERAL OCCURRENCES
COLUMN 17 PEAK WIND IN M.P.H.
PRELIMINARY LOCAL CLIMATOLOGICAL DATA (WS FORM: F-6) , PAGE 2
STATION: HILO HI
MONTH: NOVEMBER
YEAR: 2020
LATITUDE: 19 43 N
LONGITUDE: 155 4 W
[TEMPERATURE DATA] [PRECIPITATION DATA] SYMBOLS USED IN COLUMN 16
AVERAGE MONTHLY: 76.9 TOTAL FOR MONTH: 18.79 1 = FOG OR MIST
DPTR FM NORMAL: 2.8 DPTR FM NORMAL: 3.29 2 = FOG REDUCING VISIBILITY
HIGHEST: 88 ON 6, 5 GRTST 24HR 4.34 ON 25-25 TO 1/4 MILE OR LESS
LOWEST: 65 ON 30,29 3 = THUNDER
SNOW, ICE PELLETS, HAIL 4 = ICE PELLETS
TOTAL MONTH: 0.0 INCH 5 = HAIL
GRTST 24HR 0.0 6 = FREEZING RAIN OR DRIZZLE
GRTST DEPTH: M ON M 7 = DUSTSTORM OR SANDSTORM:
VSBY 1/2 MILE OR LESS
8 = SMOKE OR HAZE
[NO. OF DAYS WITH] [WEATHER - DAYS WITH] 9 = BLOWING SNOW
X = TORNADO
MAX 32 OR BELOW: 0 0.01 INCH OR MORE: 27
MAX 90 OR ABOVE: 0 0.10 INCH OR MORE: 23
MIN 32 OR BELOW: 0 0.50 INCH OR MORE: 12
MIN 0 OR BELOW: 0 1.00 INCH OR MORE: 7
[HDD (BASE 65) ]
TOTAL THIS MO. 0 CLEAR (SCALE 0-3) 0
DPTR FM NORMAL 0 PTCLDY (SCALE 4-7) 0
TOTAL FM JUL 1 0 CLOUDY (SCALE 8-10) 0
DPTR FM NORMAL 0
[CDD (BASE 65) ]
TOTAL THIS MO. 363
DPTR FM NORMAL 91 [PRESSURE DATA]
TOTAL FM JAN 1 4026 HIGHEST SLP 30.19 ON 12
DPTR FM NORMAL 1019 LOWEST SLP 29.92 ON 4
[REMARKS]
#FINAL-11-20#