000
CXUS53 KEAX 010736
CF6IXD
PRELIMINARY LOCAL CLIMATOLOGICAL DATA (WS FORM: F-6)
STATION: NEW CENTURY AIR CENTER KS
MONTH: AUGUST
YEAR: 2023
LATITUDE: 38 49 N
LONGITUDE: 94 54 W
TEMPERATURE IN F: :PCPN: SNOW: WIND :SUNSHINE: SKY :PK WND
================================================================================
1 2 3 4 5 6A 6B 7 8 9 10 11 12 13 14 15 16 17 18
12Z AVG MX 2MIN
DY MAX MIN AVG DEP HDD CDD WTR SNW DPTH SPD SPD DIR MIN PSBL S-S WX SPD DR
================================================================================
1 94 73 84 5 0 19 0.00 M M 10.2 20 120 M M 2 28 120
2 89 77 83 4 0 18 0.03 M M 8.2 16 360 M M 3 3 21 360
3 88 75 82 3 0 17 0.06 M M 6.9 15 360 M M 6 13 18 350
4 91 72 82 3 0 17 T M M 8.6 18 250 M M 6 3 22 250
5 91 68 80 1 0 15 0.00 M M 6.4 17 220 M M 2 1 25 240
6 87 68 78 -1 0 13 0.05 M M 15.7 29 280 M M 4 3 39 280
7 81 64 73 -6 0 8 T M M 7.0 18 320 M M 5 18 25 310
8 91 63 77 -2 0 12 0.00 M M 4.6 10 340 M M 1 14 20
9 85 69 77 -2 0 12 0.39 M M 4.2 15 170 M M 5 13 24 170
10 90 67 79 0 0 14 0.00 M M 3.6 13 160 M M 2 1 18 160
11 99 70 85 7 0 20 0.00 M M 7.5 16 180 M M 0 22 160
12 93 73 83 5 0 18 0.01 M M 4.6 15 70 M M 3 3 20 70
13 84 69 77 -1 0 12 1.72 M M 6.5 18 310 M M 6 13 29 320
14 77 64 71 -7 0 6 T M M 11.3 23 310 M M 3 31 300
15 78 59 69 -9 0 4 0.00 M M 7.4 15 340 M M 1 20 340
16 85 57 71 -7 0 6 0.00 M M 8.9 18 160 M M 0 24 150
17 85 62 74 -4 0 9 0.00 M M 8.7 18 320 M M 0 8 26 10
18 86 56 71 -6 0 6 0.00 M M 7.3 15 130 M M 0 21 100
19 103 71 87 10 0 22 0.00 M M 10.8 16 170 M M 0 23 170
20 98 75 87 10 0 22 0.00 M M 7.4 14 210 M M 0 18 200
21 101 77 89 12 0 24 0.00 M M 4.7 12 110 M M 0 18 17 90
22 99 76 88 12 0 23 0.00 M M 4.8 9 150 M M 2 128 12 160
23 101 76 89 13 0 24 0.00 M M 7.2 15 200 M M 0 1 20 200
24 104 77 91 15 0 26 0.00 M M 7.6 20 190 M M 1 24 200
25 104 79 92 16 0 27 0.00 M M 8.3 17 220 M M 1 24 210
26 87 70 79 3 0 14 0.03 M M 10.3 28 340 M M 5 13 39 330
27 84 63 74 -1 0 9 T M M 7.2 14 10 M M 4 19 70
28 85 56 71 -4 0 6 0.00 M M 3.6 10 10 M M 0 1 14 70
29 92 65 79 4 0 14 0.00 M M 5.8 20 10 M M 0 26 310
30 87 60 74 0 0 9 0.00 M M 7.1 14 20 M M 0 8 21 60
31 87 58 73 -1 0 8 0.00 M M 6.9 17 130 M M 0 18 150
================================================================================
SM 2806 2109 0 454 2.29 M 229.3 M 62
================================================================================
AV 90.5 68.0 7.4 FASTST M M 2 MAX(MPH)
MISC ----> 29 280 # 39 280
================================================================================
NOTES:
# LAST OF SEVERAL OCCURRENCES
COLUMN 17 PEAK WIND IN M.P.H.
PRELIMINARY LOCAL CLIMATOLOGICAL DATA (WS FORM: F-6) , PAGE 2
STATION: NEW CENTURY AIR CENTER KS
MONTH: AUGUST
YEAR: 2023
LATITUDE: 38 49 N
LONGITUDE: 94 54 W
[TEMPERATURE DATA] [PRECIPITATION DATA] SYMBOLS USED IN COLUMN 16
AVERAGE MONTHLY: 79.3 TOTAL FOR MONTH: 2.29 1 = FOG OR MIST
DPTR FM NORMAL: 1.9 DPTR FM NORMAL: -1.66 2 = FOG REDUCING VISIBILITY
HIGHEST: 104 ON 25,24 GRTST 24HR 1.72 ON 13-13 TO 1/4 MILE OR LESS
LOWEST: 56 ON 28,18 3 = THUNDER
SNOW, ICE PELLETS, HAIL 4 = ICE PELLETS
TOTAL MONTH: M 5 = HAIL
GRTST 24HR M ON M 6 = FREEZING RAIN OR DRIZZLE
GRTST DEPTH: M ON M 7 = DUSTSTORM OR SANDSTORM:
VSBY 1/2 MILE OR LESS
8 = SMOKE OR HAZE
[NO. OF DAYS WITH] [WEATHER - DAYS WITH] 9 = BLOWING SNOW
X = TORNADO
MAX 32 OR BELOW: 0 0.01 INCH OR MORE: 7
MAX 90 OR ABOVE: 15 0.10 INCH OR MORE: 2
MIN 32 OR BELOW: 0 0.50 INCH OR MORE: 1
MIN 0 OR BELOW: 0 1.00 INCH OR MORE: 1
[HDD (BASE 65) ]
TOTAL THIS MO. 0 CLEAR (SCALE 0-3) 21
DPTR FM NORMAL -1 PTCLDY (SCALE 4-7) 10
TOTAL FM JUL 1 0 CLOUDY (SCALE 8-10) 0
DPTR FM NORMAL 0
[CDD (BASE 65) ]
TOTAL THIS MO. 454
DPTR FM NORMAL 70 [PRESSURE DATA]
TOTAL FM JAN 1 1371 HIGHEST SLP M ON M
DPTR FM NORMAL 145 LOWEST SLP 29.72 ON 11
[REMARKS]
#FINAL-08-23#