000
CXUS54 KSJT 011100
CF6JCT
PRELIMINARY LOCAL CLIMATOLOGICAL DATA (WS FORM: F-6)
STATION: JUNCTION
MONTH: JULY
YEAR: 2020
LATITUDE: 30 18 N
LONGITUDE: 99 28 W
TEMPERATURE IN F: :PCPN: SNOW: WIND :SUNSHINE: SKY :PK WND
================================================================================
1 2 3 4 5 6A 6B 7 8 9 10 11 12 13 14 15 16 17 18
12Z AVG MX 2MIN
DY MAX MIN AVG DEP HDD CDD WTR SNW DPTH SPD SPD DIR MIN PSBL S-S WX SPD DR
================================================================================
1 97 72 85 4 0 20 0.03 0.0 0 9.4 32 300 M M 3 3 47 300
2 97 72 85 3 0 20 0.10 0.0 0 6.5 18 160 M M 3 3 28 170
3 101 73 87 5 0 22 0.00 0.0 0 6.3 15 140 M M 0 21 150
4 104 73 89 7 0 24 0.00 0.0 0 4.2 14 120 M M 0 19 170
5 103 72 88 6 0 23 T 0.0 0 3.9 16 90 M M 0 3 20 70
6 97 77 87 5 0 22 0.01 0.0 0 4.9 14 360 M M 1 19 10
7 97 75 86 4 0 21 0.01 0.0 0 5.8 25 20 M M 4 3 36 30
8 99 73 86 4 0 21 0.00 0.0 0 8.0 17 170 M M 2 27 140
9 98 78 88 6 0 23 0.00 0.0 0 9.5 17 160 M M 3 26 140
10 101 76 89 7 0 24 0.00 0.0 0 7.4 16 140 M M 1 25 170
11 108 77 93 11 0 28 0.00 0.0 0 6.1 16 130 M M 0 22 190
12 107 73 90 8 0 25 0.00 0.0 0 4.5 15 200 M M 0 20 200
13 108 77 93 11 0 28 0.00 0.0 0 7.6 18 170 M M 0 27 160
14 108 78 93 11 0 28 0.00 0.0 0 9.8 21 170 M M 0 29 170
15 102 76 89 7 0 24 0.00 0.0 0 8.4 21 120 M M 0 30 110
16 101 74 88 6 0 23 0.00 0.0 0 8.3 18 150 M M 0 25 150
17 102 74 88 6 0 23 0.00 0.0 0 7.8 22 140 M M 0 29 160
18 96 73 85 3 0 20 0.00 0.0 0 8.1 20 170 M M 2 27 150
19 97 73 85 2 0 20 0.00 0.0 0 6.9 16 120 M M 2 26 150
20 99 74 87 4 0 22 0.00 0.0 0 7.6 20 110 M M 0 25 110
21 99 74 87 4 0 22 0.00 0.0 0 7.0 17 120 M M 2 24 70
22 100 75 88 5 0 23 T 0.0 0 6.4 24 20 M M 2 3 32 30
23 100 72 86 3 0 21 0.00 0.0 0 6.7 18 130 M M 1 25 130
24 100 74 87 4 0 22 0.00 0.0 0 6.7 20 80 M M 1 27 50
25 95 75 85 2 0 20 T 0.0 0 10.1 24 70 M M 3 34 60
26 95 72 84 1 0 19 0.11 0.0 0 8.7 21 120 M M 6 28 130
27 99 72 86 3 0 21 0.00 0.0 0 5.4 16 160 M M 3 24 160
28 97 73 85 2 0 20 0.10 0.0 0 6.3 30 90 M M 1 3 37 90
29 96 73 85 2 0 20 0.00 0.0 0 7.5 21 160 M M 1 8 30 180
30 95 74 85 2 0 20 0.00 0.0 0 9.3 22 160 M M 1 32 140
31 98 75 87 4 0 22 0.02 0.0 0 5.6 23 10 M M 4 3 28 10
================================================================================
SM 3096 2299 0 691 0.38 0.0 220.7 M 46
================================================================================
AV 99.9 74.2 7.1 FASTST M M 1 MAX(MPH)
MISC ----> # 32 300 # 47 300
================================================================================
NOTES:
# LAST OF SEVERAL OCCURRENCES
COLUMN 17 PEAK WIND IN M.P.H.
PRELIMINARY LOCAL CLIMATOLOGICAL DATA (WS FORM: F-6) , PAGE 2
STATION: JUNCTION
MONTH: JULY
YEAR: 2020
LATITUDE: 30 18 N
LONGITUDE: 99 28 W
[TEMPERATURE DATA] [PRECIPITATION DATA] SYMBOLS USED IN COLUMN 16
AVERAGE MONTHLY: 87.0 TOTAL FOR MONTH: 0.38 1 = FOG OR MIST
DPTR FM NORMAL: 4.7 DPTR FM NORMAL: -1.57 2 = FOG REDUCING VISIBILITY
HIGHEST: 108 ON 14,13 GRTST 24HR 0.11 ON 26-26 TO 1/4 MILE OR LESS
LOWEST: 72 ON 27,26 3 = THUNDER
SNOW, ICE PELLETS, HAIL 4 = ICE PELLETS
TOTAL MONTH: 0.0 INCH 5 = HAIL
GRTST 24HR 0.0 6 = FREEZING RAIN OR DRIZZLE
GRTST DEPTH: 0 7 = DUSTSTORM OR SANDSTORM:
VSBY 1/2 MILE OR LESS
8 = SMOKE OR HAZE
[NO. OF DAYS WITH] [WEATHER - DAYS WITH] 9 = BLOWING SNOW
X = TORNADO
MAX 32 OR BELOW: 0 0.01 INCH OR MORE: 7
MAX 90 OR ABOVE: 31 0.10 INCH OR MORE: 3
MIN 32 OR BELOW: 0 0.50 INCH OR MORE: 0
MIN 0 OR BELOW: 0 1.00 INCH OR MORE: 0
[HDD (BASE 65) ]
TOTAL THIS MO. 0 CLEAR (SCALE 0-3) 27
DPTR FM NORMAL 0 PTCLDY (SCALE 4-7) 4
TOTAL FM JUL 1 0 CLOUDY (SCALE 8-10) 0
DPTR FM NORMAL 0
[CDD (BASE 65) ]
TOTAL THIS MO. 691
DPTR FM NORMAL 153 [PRESSURE DATA]
TOTAL FM JAN 1 1698 HIGHEST SLP 30.00 ON 27
DPTR FM NORMAL 281 LOWEST SLP 29.68 ON 1
[REMARKS]
#FINAL-07-20#