000
CXUS55 KGGW 010810
CF6JDN
PRELIMINARY LOCAL CLIMATOLOGICAL DATA (WS FORM: F-6)
STATION: JORDAN ASOS MT
MONTH: JUNE
YEAR: 2023
LATITUDE: 47 19 N
LONGITUDE: 106 50 W
TEMPERATURE IN F: :PCPN: SNOW: WIND :SUNSHINE: SKY :PK WND
================================================================================
1 2 3 4 5 6A 6B 7 8 9 10 11 12 13 14 15 16 17 18
12Z AVG MX 2MIN
DY MAX MIN AVG DEP HDD CDD WTR SNW DPTH SPD SPD DIR MIN PSBL S-S WX SPD DR
================================================================================
1 85 56 71 12 0 6 0.36 M M 7.6 23 130 M M 0 30 130
2 74 59 67 8 0 2 0.65 M M 11.2 26 30 M M 0 36 20
3 78 59 69 9 0 4 0.03 M M 4.8 17 60 M M 0 23 60
4 84 58 71 11 0 6 0.00 M M 5.3 15 150 M M 0 19 130
5 87 61 74 14 0 9 0.00 M M 8.3 22 150 M M 0 29 140
6 88 56 72 12 0 7 0.00 M M 6.1 20 320 M M 0 26 330
7 89 61 75 14 0 10 1.12 M M 8.3 38 140 M M 0 49 140
8 77 63 70 9 0 5 0.03 M M 6.6 31 230 M M 0 42 230
9 75 63 69 8 0 4 0.14 M M 5.3 13 230 M M 0 18 230
10 73 57 65 3 0 0 0.00 M M 9.1 17 90 M M 0 25 80
11 76 51 64 2 1 0 0.00 M M 7.7 18 100 M M 0 26 130
12 80 49 65 3 0 0 0.00 M M 3.1 9 360 M M 0 14 50
13 83 49 66 4 0 1 0.00 M M 5.0 13 140 M M 0 16 130
14 80 55 68 5 0 3 0.00 M M 8.3 21 310 M M 0 29 320
15 73 50 62 -1 3 0 0.00 M M 9.2 22 330 M M 0 29 330
16 74 45 60 -3 5 0 0.00 M M 5.8 16 180 M M 0 22 190
17 75 53 64 1 1 0 0.00 M M 6.9 17 270 M M 0 22 270
18 80 50 65 1 0 0 0.00 M M 9.1 31 290 M M 0 42 280
19 76 45 61 -3 4 0 0.07 M M 7.4 23 130 M M 0 29 130
20 67 48 58 -6 7 0 0.71 M M 4.8 13 340 M M 0 19 340
21 71 45 58 -7 7 0 0.21 M M 6.2 17 340 M M 0 23 340
22 72 47 60 -5 5 0 0.00 M M 4.4 10 260 M M 0 13 260
23 73 55 64 -1 1 0 0.07 M M 11.8 21 90 M M 0 29 80
24 71 57 64 -2 1 0 0.00 M M 8.2 21 60 M M 0 26 60
25 83 51 67 1 0 2 0.00 M M 4.8 12 190 M M 0 17 250
26 81 55 68 2 0 3 0.00 M M 3.5 9 20 M M 0 M M
27 79 57 68 2 0 3 0.00 M M 4.7 14 280 M M 0 17 290
28 81 52 67 0 0 2 0.57 M M 5.2 22 330 M M 0 31 330
29 85 53 69 2 0 4 0.00 M M 5.5 8 250 M M 0 M M
30 88 55 72 5 0 7 0.00 M M 3.7 13 180 M M 0 17 220
================================================================================
SM 2358 1615 35 78 3.96 M 197.9 M 0
================================================================================
AV 78.6 53.8 6.6 FASTST M M 0 MAX(MPH)
MISC ----> 38 140 49 140
================================================================================
NOTES:
# LAST OF SEVERAL OCCURRENCES
COLUMN 17 PEAK WIND IN M.P.H.
PRELIMINARY LOCAL CLIMATOLOGICAL DATA (WS FORM: F-6) , PAGE 2
STATION: JORDAN ASOS MT
MONTH: JUNE
YEAR: 2023
LATITUDE: 47 19 N
LONGITUDE: 106 50 W
[TEMPERATURE DATA] [PRECIPITATION DATA] SYMBOLS USED IN COLUMN 16
AVERAGE MONTHLY: 66.2 TOTAL FOR MONTH: 3.96 1 = FOG OR MIST
DPTR FM NORMAL: 3.1 DPTR FM NORMAL: 1.43 2 = FOG REDUCING VISIBILITY
HIGHEST: 89 ON 7 GRTST 24HR 1.15 ON 7- 8 TO 1/4 MILE OR LESS
LOWEST: 45 ON 21,19 3 = THUNDER
SNOW, ICE PELLETS, HAIL 4 = ICE PELLETS
TOTAL MONTH: M 5 = HAIL
GRTST 24HR M ON M 6 = FREEZING RAIN OR DRIZZLE
GRTST DEPTH: M ON M 7 = DUSTSTORM OR SANDSTORM:
VSBY 1/2 MILE OR LESS
8 = SMOKE OR HAZE
[NO. OF DAYS WITH] [WEATHER - DAYS WITH] 9 = BLOWING SNOW
X = TORNADO
MAX 32 OR BELOW: 0 0.01 INCH OR MORE: 11
MAX 90 OR ABOVE: 0 0.10 INCH OR MORE: 7
MIN 32 OR BELOW: 0 0.50 INCH OR MORE: 4
MIN 0 OR BELOW: 0 1.00 INCH OR MORE: 1
[HDD (BASE 65) ]
TOTAL THIS MO. 35 CLEAR (SCALE 0-3) 30
DPTR FM NORMAL -78 PTCLDY (SCALE 4-7) 0
TOTAL FM JUL 1 7979 CLOUDY (SCALE 8-10) 0
DPTR FM NORMAL -64
[CDD (BASE 65) ]
TOTAL THIS MO. 78
DPTR FM NORMAL 23 [PRESSURE DATA]
TOTAL FM JAN 1 99 HIGHEST SLP M ON M
DPTR FM NORMAL 36 LOWEST SLP 29.41 ON 18
[REMARKS]
#FINAL-06-23#