000
CXUS52 TJSJ 290442
CF6JSJ
PRELIMINARY LOCAL CLIMATOLOGICAL DATA (WS FORM: F-6)
STATION: SAN JUAN AREA/PR
MONTH: MARCH
YEAR: 2024
LATITUDE: 18 25 N
LONGITUDE: 66 0 W
TEMPERATURE IN F: :PCPN: SNOW: WIND :SUNSHINE: SKY :PK WND
================================================================================
1 2 3 4 5 6A 6B 7 8 9 10 11 12 13 14 15 16 17 18
12Z AVG MX 2MIN
DY MAX MIN AVG DEP HDD CDD WTR SNW DPTH SPD SPD DIR MIN PSBL S-S WX SPD DR
================================================================================
1 84 73 79 1 0 14 0.48 M M 14.8 24 70 M M 6 1 32 60
2 84 76 80 2 0 15 0.04 M M 15.0 21 70 M M 5 30 70
3 83 74 79 1 0 14 0.47 M M 12.7 24 70 M M 6 1 32 70
4 84 74 79 1 0 14 0.08 M M 11.8 23 70 M M 5 29 80
5 85 72 79 1 0 14 0.03 M M 7.4 17 70 M M 3 32 40
6 86 74 80 2 0 15 T M M 7.9 24 70 M M 3 30 70
7 89 75 82 4 0 17 T M M 7.6 21 90 M M 4 27 90
8 87 76 82 4 0 17 0.01 M M 7.9 25 70 M M 3 31 60
9 86 76 81 3 0 16 0.02 M M 9.1 21 80 M M 4 28 70
10 86 76 81 3 0 16 0.01 M M 8.0 21 70 M M 3 29 70
11 87 76 82 4 0 17 0.01 M M 6.2 17 50 M M 3 29 20
12 85 76 81 3 0 16 0.02 M M 7.3 18 70 M M 4 26 50
13 87 75 81 3 0 16 0.01 M M 8.3 17 90 M M 3 25 60
14 86 76 81 3 0 16 0.05 M M 10.8 23 70 M M 5 33 60
15 86 75 81 3 0 16 0.15 M M 13.8 23 60 M M 8 1 30 80
16 85 75 80 2 0 15 0.24 M M 8.8 21 90 M M 5 1 28 70
17 86 74 80 2 0 15 0.10 M M 9.7 23 70 M M 3 1 32 70
18 91 77 84 5 0 19 T M M 8.6 15 90 M M 3 26 180
19 93 77 85 6 0 20 0.02 M M 5.7 16 150 M M 3 26 170
20 90 76 83 4 0 18 T M M 5.9 18 60 M M 2 26 60
21 87 78 83 4 0 18 0.04 M M 6.3 15 60 M M 5 M M
22 87 78 83 4 0 18 0.15 M M 10.8 22 80 M M 4 31 60
23 89 76 83 4 0 18 0.03 M M 10.2 23 90 M M 3 35 90
24 92 76 84 5 0 19 0.01 M M 6.8 18 140 M M 2 28 140
25 90 73 82 3 0 17 0.33 M M 5.5 15 30 M M 5 1 21 30
26 85 74 80 1 0 15 0.15 M M 7.0 15 340 M M 5 29 330
27 84 77 81 2 0 16 0.00 M M 9.0 14 310 M M 5 31 360
28 85 74 80 1 0 15 0.00 M M 9.2 20 300 M M 4 34 310
================================================================================
SM 2429 2109 0 456 2.45 M 252.2 M 114
================================================================================
AV 86.8 75.3 9.0 FASTST M M 4 MAX(MPH)
MISC ----> 25 70 35 90
================================================================================
NOTES:
# LAST OF SEVERAL OCCURRENCES
COLUMN 17 PEAK WIND IN M.P.H.
PRELIMINARY LOCAL CLIMATOLOGICAL DATA (WS FORM: F-6) , PAGE 2
STATION: SAN JUAN AREA/PR
MONTH: MARCH
YEAR: 2024
LATITUDE: 18 25 N
LONGITUDE: 66 0 W
[TEMPERATURE DATA] [PRECIPITATION DATA] SYMBOLS USED IN COLUMN 16
AVERAGE MONTHLY: 81.0 TOTAL FOR MONTH: 2.45 1 = FOG OR MIST
DPTR FM NORMAL: 2.6 DPTR FM NORMAL: 0.52 2 = FOG REDUCING VISIBILITY
HIGHEST: 93 ON 19 GRTST 24HR 0.55 ON 3- 4 TO 1/4 MILE OR LESS
LOWEST: 72 ON 5 3 = THUNDER
SNOW, ICE PELLETS, HAIL 4 = ICE PELLETS
TOTAL MONTH: M 5 = HAIL
GRTST 24HR M ON M 6 = FREEZING RAIN OR DRIZZLE
GRTST DEPTH: M ON M 7 = DUSTSTORM OR SANDSTORM:
VSBY 1/2 MILE OR LESS
8 = SMOKE OR HAZE
[NO. OF DAYS WITH] [WEATHER - DAYS WITH] 9 = BLOWING SNOW
X = TORNADO
MAX 32 OR BELOW: 0 0.01 INCH OR MORE: 22
MAX 90 OR ABOVE: 5 0.10 INCH OR MORE: 8
MIN 32 OR BELOW: 0 0.50 INCH OR MORE: 0
MIN 0 OR BELOW: 0 1.00 INCH OR MORE: 0
[HDD (BASE 65) ]
TOTAL THIS MO. 0 CLEAR (SCALE 0-3) 11
DPTR FM NORMAL 0 PTCLDY (SCALE 4-7) 17
TOTAL FM JUL 1 0 CLOUDY (SCALE 8-10) 0
DPTR FM NORMAL 0
[CDD (BASE 65) ]
TOTAL THIS MO. 456
DPTR FM NORMAL 79 [PRESSURE DATA]
TOTAL FM JAN 1 1349 HIGHEST SLP M ON M
DPTR FM NORMAL 225 LOWEST SLP 29.80 ON 24
[REMARKS]