000
CDUS43 KGRR 120522
CLIJXN


CLIMATE REPORT
NATIONAL WEATHER SERVICE GRAND RAPIDS, MI
122 AM EDT TUE SEP 12 2017


...................................

...THE JACKSON MI CLIMATE SUMMARY FOR SEPTEMBER 11 2017...

CLIMATE NORMAL PERIOD 1981 TO 2010
CLIMATE RECORD PERIOD 1944 TO 9999


WEATHER ITEM   OBSERVED TIME   NORMAL DEPARTURE LAST
                VALUE   (LST)  VALUE  FROM      YEAR
                                      NORMAL
......................................................
TEMPERATURE (F)
 YESTERDAY
  MAXIMUM         73    401 PM  75     -2       71
  MINIMUM         42    635 AM  53    -11       53
  AVERAGE         58            64     -6       62

PRECIPITATION (IN)
  YESTERDAY        0.00          0.11  -0.11     0.00
  MONTH TO DATE    0.56          1.25  -0.69     1.11
  SINCE SEP 1      0.56          1.25  -0.69     1.11
  SINCE JAN 1     23.62         22.17   1.45    27.42

DEGREE DAYS
 HEATING
  YESTERDAY        7             3      4        3
  MONTH TO DATE   76            27     49        7
  SINCE SEP 1     76            27     49        7
  SINCE JUL 1    103            62     41       11

 COOLING
  YESTERDAY        0             2     -2        0
  MONTH TO DATE    8            33    -25       54
  SINCE SEP 1      8            33    -25       54
  SINCE JAN 1    535           562    -27      782
......................................................


WIND (MPH)
  RESULTANT WIND SPEED   2   RESULTANT WIND DIRECTION   E (70)
  HIGHEST WIND SPEED    10   HIGHEST WIND DIRECTION     E (80)
  HIGHEST GUST SPEED    13   HIGHEST GUST DIRECTION    NE (30)
  AVERAGE WIND SPEED     2.1


SKY COVER
  AVERAGE SKY COVER 0.0


WEATHER CONDITIONS
 THE FOLLOWING WEATHER WAS RECORDED YESTERDAY.
  FOG
  FOG W/VISIBILITY <= 1/4 MILE


RELATIVE HUMIDITY (PERCENT)
 HIGHEST    93           200 AM
 LOWEST     41           100 PM
 AVERAGE    67

..........................................................


THE JACKSON MI CLIMATE NORMALS FOR TODAY
                         NORMAL
 MAXIMUM TEMPERATURE (F)   74
 MINIMUM TEMPERATURE (F)   53


SUNRISE AND SUNSET
SEPTEMBER 12 2017.....SUNRISE   715 AM EDT   SUNSET   752 PM EDT
SEPTEMBER 13 2017.....SUNRISE   716 AM EDT   SUNSET   751 PM EDT


-  INDICATES NEGATIVE NUMBERS.
R  INDICATES RECORD WAS SET OR TIED.
MM INDICATES DATA IS MISSING.
T  INDICATES TRACE AMOUNT.




$$
