000
CDUS43 KGRR 122229
CLIJXN


CLIMATE REPORT
NATIONAL WEATHER SERVICE GRAND RAPIDS, MI
528 PM EST SUN NOV 12 2017


...................................

...THE JACKSON MI CLIMATE SUMMARY FOR NOVEMBER 12 2017...
VALID TODAY AS OF 0500 PM LOCAL TIME.

CLIMATE NORMAL PERIOD 1981 TO 2010
CLIMATE RECORD PERIOD 1944 TO 9999


WEATHER ITEM   OBSERVED TIME   NORMAL DEPARTURE LAST
                VALUE   (LST)  VALUE  FROM      YEAR
                                      NORMAL
......................................................
TEMPERATURE (F)
 TODAY
  MAXIMUM         38    228 PM  50    -12       49
  MINIMUM         32    754 AM  33     -1       23
  AVERAGE         35            41     -6       36

PRECIPITATION (IN)
  TODAY            0.24          0.09   0.15     0.00
  MONTH TO DATE    1.79          1.05   0.74     0.26
  SINCE SEP 1     10.14          7.16   2.98     7.83
  SINCE JAN 1     33.20         28.08   5.12    34.14

DEGREE DAYS
 HEATING
  TODAY           30            24      6       29
  MONTH TO DATE  323           259     64      176
  SINCE SEP 1    752           872   -120      552
  SINCE JUL 1    779           907   -128      556

 COOLING
  TODAY            0             0      0        0
  MONTH TO DATE    0             0      0        0
  SINCE SEP 1    130            63     67      101
  SINCE JAN 1    657           592     65      829
......................................................


WIND (MPH)
  RESULTANT WIND SPEED   1   RESULTANT WIND DIRECTION  SE (130)
  HIGHEST WIND SPEED     6   HIGHEST WIND DIRECTION    SE (140)
  HIGHEST GUST SPEED     7   HIGHEST GUST DIRECTION    SE (150)
  AVERAGE WIND SPEED     1.5


SKY COVER
  AVERAGE SKY COVER 1.0


WEATHER CONDITIONS
 THE FOLLOWING WEATHER WAS RECORDED TODAY.
  LIGHT RAIN
  LT FREEZING RAIN
  FOG
  HAZE


RELATIVE HUMIDITY (PERCENT)
 HIGHEST    89          1000 AM
 LOWEST     54          1200 AM
 AVERAGE    72

..........................................................


THE JACKSON MI CLIMATE NORMALS FOR TOMORROW
                         NORMAL
 MAXIMUM TEMPERATURE (F)   49
 MINIMUM TEMPERATURE (F)   33


SUNRISE AND SUNSET
NOVEMBER 12 2017......SUNRISE   725 AM EST   SUNSET   519 PM EST
NOVEMBER 13 2017......SUNRISE   726 AM EST   SUNSET   518 PM EST


-  INDICATES NEGATIVE NUMBERS.
R  INDICATES RECORD WAS SET OR TIED.
MM INDICATES DATA IS MISSING.
T  INDICATES TRACE AMOUNT.




$$
