000
CDUS43 KGRR 082229
CLIJXN


CLIMATE REPORT
NATIONAL WEATHER SERVICE GRAND RAPIDS, MI
529 PM EST MON JAN 8 2018


...................................

...THE JACKSON MI CLIMATE SUMMARY FOR JANUARY 8 2018...
VALID TODAY AS OF 0500 PM LOCAL TIME.

CLIMATE NORMAL PERIOD 1981 TO 2010
CLIMATE RECORD PERIOD 1944 TO 9999


WEATHER ITEM   OBSERVED TIME   NORMAL DEPARTURE LAST
                VALUE   (LST)  VALUE  FROM      YEAR
                                      NORMAL
......................................................
TEMPERATURE (F)
 TODAY
  MAXIMUM         37    307 PM  31      6       16
  MINIMUM         31    318 AM  17     14        5
  AVERAGE         34            24     10       11

PRECIPITATION (IN)
  TODAY            0.05          0.06  -0.01     0.00
  MONTH TO DATE    0.05          0.46  -0.41     0.28
  SINCE DEC 1      0.73          2.33  -1.60     1.16
  SINCE JAN 1      0.05          0.46  -0.41     0.28

DEGREE DAYS
 HEATING
  TODAY           31            41    -10       54
  MONTH TO DATE  442           328    114      353
  SINCE DEC 1   1664          1472    192     1518
  SINCE JUL 1   2906          2876     30     2488

 COOLING
  TODAY            0             0      0        0
  MONTH TO DATE    0             0      0        0
  SINCE DEC 1      0             0      0        0
  SINCE JAN 1      0             0      0        0
......................................................


WIND (MPH)
  RESULTANT WIND SPEED  14   RESULTANT WIND DIRECTION  SW (220)
  HIGHEST WIND SPEED    22   HIGHEST WIND DIRECTION    SW (220)
  HIGHEST GUST SPEED    28   HIGHEST GUST DIRECTION    SW (220)
  AVERAGE WIND SPEED    14.9


SKY COVER
  AVERAGE SKY COVER 0.8


WEATHER CONDITIONS
 THE FOLLOWING WEATHER WAS RECORDED TODAY.
  LT FREEZING RAIN
  LIGHT SNOW
  FOG


RELATIVE HUMIDITY (PERCENT)
 HIGHEST   100           300 AM
 LOWEST     69          1200 AM
 AVERAGE    85

..........................................................


THE JACKSON MI CLIMATE NORMALS FOR TOMORROW
                         NORMAL
 MAXIMUM TEMPERATURE (F)   31
 MINIMUM TEMPERATURE (F)   17


SUNRISE AND SUNSET
JANUARY  8 2018.......SUNRISE   806 AM EST   SUNSET   523 PM EST
JANUARY  9 2018.......SUNRISE   806 AM EST   SUNSET   524 PM EST


-  INDICATES NEGATIVE NUMBERS.
R  INDICATES RECORD WAS SET OR TIED.
MM INDICATES DATA IS MISSING.
T  INDICATES TRACE AMOUNT.




$$
