000
CDUS43 KGRR 181335
CLIJXN


CLIMATE REPORT
NATIONAL WEATHER SERVICE GRAND RAPIDS, MI
932 AM EDT SAT OCT 18 2014


...................................

...THE JACKSON MI CLIMATE SUMMARY FOR OCTOBER 18 2014...
VALID AS OF 0900 AM LOCAL TIME.

CLIMATE NORMAL PERIOD 1981 TO 2010
CLIMATE RECORD PERIOD 1944 TO 9999


WEATHER ITEM   OBSERVED TIME   RECORD YEAR NORMAL DEPARTURE LAST
                VALUE   (LST)  VALUE       VALUE  FROM      YEAR
                                                  NORMAL
..................................................................
TEMPERATURE (F)
 TODAY
  MAXIMUM         46   1251 AM  MM      MM  60    -14       63
  MINIMUM         43    759 AM  MM      MM  40      3       39
  AVERAGE         45                        50     -5       51

PRECIPITATION (IN)
  TODAY            0.00         MM      MM   0.08  -0.08     0.02
  MONTH TO DATE    0.93                      1.62  -0.69     0.79
  SINCE SEP 1      3.03                      5.10  -2.07     3.34
  SINCE JAN 1     26.04                     26.02   0.02    27.89

DEGREE DAYS
 HEATING
  TODAY           20                        15      5       14
  MONTH TO DATE  225                       233     -8      143
  SINCE SEP 1    388                       386      2      303

 COOLING
  TODAY            0                         0      0        0
  MONTH TO DATE    0                         3     -3       12
  SINCE SEP 1     50                        60    -10       76
..................................................................


WIND (MPH)
  HIGHEST WIND SPEED    15   HIGHEST WIND DIRECTION    NW (300)
  HIGHEST GUST SPEED    24   HIGHEST GUST DIRECTION    NW (320)



WEATHER CONDITIONS
 THE FOLLOWING WEATHER WAS RECORDED TODAY.
  NO SIGNIFICANT WEATHER WAS OBSERVED.


..........................................................




SUNRISE AND SUNSET
OCTOBER 18 2014.......SUNRISE   754 AM EDT   SUNSET   651 PM EDT
OCTOBER 19 2014.......SUNRISE   755 AM EDT   SUNSET   650 PM EDT


-  INDICATES NEGATIVE NUMBERS.
R  INDICATES RECORD WAS SET OR TIED.
MM INDICATES DATA IS MISSING.
T  INDICATES TRACE AMOUNT.




$$

63
