000
CDUS43 KGRR 242129
CLIJXN


CLIMATE REPORT
NATIONAL WEATHER SERVICE GRAND RAPIDS, MI
529 PM EDT WED JUN 24 2015


...................................

...THE JACKSON MI CLIMATE SUMMARY FOR JUNE 24 2015...
VALID TODAY AS OF 0500 PM LOCAL TIME.

CLIMATE NORMAL PERIOD 1981 TO 2010
CLIMATE RECORD PERIOD 1944 TO 9999


WEATHER ITEM   OBSERVED TIME   NORMAL DEPARTURE LAST
                VALUE   (LST)  VALUE  FROM      YEAR
                                      NORMAL
......................................................
TEMPERATURE (F)
 TODAY
  MAXIMUM         78    314 PM  81     -3       77
  MINIMUM         53    509 AM  59     -6       64
  AVERAGE         66            70     -4       71

PRECIPITATION (IN)
  TODAY            0.00          0.11  -0.11     0.23
  MONTH TO DATE    5.49          2.62   2.87     4.71
  SINCE JUN 1      5.49          2.62   2.87     4.71
  SINCE JAN 1     16.12         13.22   2.90    17.04

DEGREE DAYS
 HEATING
  TODAY            0             1     -1        0
  MONTH TO DATE   25            50    -25       31
  SINCE JUN 1     25            50    -25       31
  SINCE JUL 1   7189          6652    537     7533

 COOLING
  TODAY            1             6     -5        6
  MONTH TO DATE   85            90     -5       91
  SINCE JUN 1     85            90     -5       91
  SINCE JAN 1    140           127     13      125
......................................................


WIND (MPH)
  RESULTANT WIND SPEED   2   RESULTANT WIND DIRECTION   W (270)
  HIGHEST WIND SPEED     9   HIGHEST WIND DIRECTION    NW (300)
  HIGHEST GUST SPEED    12   HIGHEST GUST DIRECTION    NW (310)
  AVERAGE WIND SPEED     3.0


SKY COVER
  AVERAGE SKY COVER 0.0


WEATHER CONDITIONS
 THE FOLLOWING WEATHER WAS RECORDED TODAY.
  FOG


RELATIVE HUMIDITY (PERCENT)
 HIGHEST    93           200 AM
 LOWEST     40           400 PM
 AVERAGE    67

..........................................................


THE JACKSON MI CLIMATE NORMALS FOR TOMORROW
                         NORMAL
 MAXIMUM TEMPERATURE (F)   81
 MINIMUM TEMPERATURE (F)   59


SUNRISE AND SUNSET
JUNE 24 2015..........SUNRISE   602 AM EDT   SUNSET   918 PM EDT
JUNE 25 2015..........SUNRISE   602 AM EDT   SUNSET   918 PM EDT


-  INDICATES NEGATIVE NUMBERS.
R  INDICATES RECORD WAS SET OR TIED.
MM INDICATES DATA IS MISSING.
T  INDICATES TRACE AMOUNT.




$$
