528
CDUS43 KGRR 192129
CLIJXN


CLIMATE REPORT
NATIONAL WEATHER SERVICE GRAND RAPIDS, MI
527 PM EDT TUE JUL 19 2016


...................................

...THE JACKSON MI CLIMATE SUMMARY FOR JULY 19 2016...
VALID TODAY AS OF 0500 PM LOCAL TIME.

CLIMATE NORMAL PERIOD 1981 TO 2010
CLIMATE RECORD PERIOD 1944 TO 9999


WEATHER ITEM   OBSERVED TIME   NORMAL DEPARTURE LAST
                VALUE   (LST)  VALUE  FROM      YEAR
                                      NORMAL
......................................................
TEMPERATURE (F)
 TODAY
  MAXIMUM         84    348 PM  82      2       86
  MINIMUM         59    454 AM  60     -1       60
  AVERAGE         72            71      1       73

PRECIPITATION (IN)
  TODAY            0.00          0.12  -0.12     0.00
  MONTH TO DATE    4.76          2.12   2.64     2.58
  SINCE JUN 1      5.79          5.39   0.40     9.81
  SINCE JAN 1     15.29         15.99  -0.70    20.44

DEGREE DAYS
 HEATING
  TODAY            0             0      0        0
  MONTH TO DATE    4             1      3       13
  SINCE JUN 1     34            56    -22       45
  SINCE JUL 1      4             1      3       13

 COOLING
  TODAY            7             7      0        8
  MONTH TO DATE  137           131      6       65
  SINCE JUN 1    289           257     32      151
  SINCE JAN 1    342           294     48      206
......................................................


WIND (MPH)
  RESULTANT WIND SPEED   3   RESULTANT WIND DIRECTION   W (290)
  HIGHEST WIND SPEED    MM   HIGHEST WIND DIRECTION    MM
  HIGHEST GUST SPEED    MM   HIGHEST GUST DIRECTION    MM
  AVERAGE WIND SPEED     4.2


SKY COVER
  AVERAGE SKY COVER 0.1


WEATHER CONDITIONS
 THE FOLLOWING WEATHER WAS RECORDED TODAY.
  NO SIGNIFICANT WEATHER WAS OBSERVED.


RELATIVE HUMIDITY (PERCENT)
 HIGHEST   100           300 AM
 LOWEST     43           300 PM
 AVERAGE    72

..........................................................


THE JACKSON MI CLIMATE NORMALS FOR TOMORROW
                         NORMAL
 MAXIMUM TEMPERATURE (F)   82
 MINIMUM TEMPERATURE (F)   60


SUNRISE AND SUNSET
JULY 19 2016..........SUNRISE   619 AM EDT   SUNSET   909 PM EDT
JULY 20 2016..........SUNRISE   620 AM EDT   SUNSET   908 PM EDT


-  INDICATES NEGATIVE NUMBERS.
R  INDICATES RECORD WAS SET OR TIED.
MM INDICATES DATA IS MISSING.
T  INDICATES TRACE AMOUNT.




$$

63
