000
CDUS43 KGRR 110517
CLIJXN


CLIMATE REPORT
NATIONAL WEATHER SERVICE GRAND RAPIDS, MI
117 AM EDT THU SEP 11 2014


...................................

...THE JACKSON MI CLIMATE SUMMARY FOR SEPTEMBER 10 2014...

CLIMATE NORMAL PERIOD 1981 TO 2010
CLIMATE RECORD PERIOD 9999 TO 9999


WEATHER ITEM   OBSERVED TIME   NORMAL DEPARTURE LAST
                VALUE   (LST)  VALUE  FROM      YEAR
                                      NORMAL
......................................................
TEMPERATURE (F)
 YESTERDAY
  MAXIMUM         75    505 PM  75      0       91
  MINIMUM         61   1159 PM  53      8       75
  AVERAGE         68            64      4       83

PRECIPITATION (IN)
  YESTERDAY        0.73          0.11   0.62     0.00
  MONTH TO DATE    0.82          1.14  -0.32     1.43
  SINCE SEP 1      0.82          1.14  -0.32     1.43
  SINCE JAN 1     23.83         22.06   1.77    25.98

DEGREE DAYS
 HEATING
  YESTERDAY        0             3     -3        0
  MONTH TO DATE    3            24    -21        8
  SINCE SEP 1      3            24    -21        8
  SINCE JUL 1     45            59    -14       56

 COOLING
  YESTERDAY        3             2      1       18
  MONTH TO DATE   49            31     18       41
  SINCE SEP 1     49            31     18       41
  SINCE JAN 1    495           560    -65      581
......................................................


WIND (MPH)
  RESULTANT WIND SPEED   7   RESULTANT WIND DIRECTION   S (180)
  HIGHEST WIND SPEED    21   HIGHEST WIND DIRECTION    NW (300)
  HIGHEST GUST SPEED    31   HIGHEST GUST DIRECTION    NW (300)
  AVERAGE WIND SPEED    10.7


SKY COVER
  AVERAGE SKY COVER 0.7


WEATHER CONDITIONS
 THE FOLLOWING WEATHER WAS RECORDED YESTERDAY.
  RAIN
  LIGHT RAIN
  FOG


RELATIVE HUMIDITY (PERCENT)
 HIGHEST    93          1100 AM
 LOWEST     73          1200 AM
 AVERAGE    83

..........................................................


THE JACKSON MI CLIMATE NORMALS FOR TODAY
                         NORMAL
 MAXIMUM TEMPERATURE (F)   75
 MINIMUM TEMPERATURE (F)   53


SUNRISE AND SUNSET
SEPTEMBER 11 2014.....SUNRISE   714 AM EDT   SUNSET   755 PM EDT
SEPTEMBER 12 2014.....SUNRISE   715 AM EDT   SUNSET   753 PM EDT


-  INDICATES NEGATIVE NUMBERS.
R  INDICATES RECORD WAS SET OR TIED.
MM INDICATES DATA IS MISSING.
T  INDICATES TRACE AMOUNT.




$$
