000
CDUS43 KGRR 151344
CLIJXN


CLIMATE REPORT
NATIONAL WEATHER SERVICE GRAND RAPIDS, MI
943 AM EDT FRI AUG 15 2014


...................................

...THE JACKSON MI CLIMATE SUMMARY FOR AUGUST 15 2014...
VALID AS OF 0900 AM LOCAL TIME.

CLIMATE NORMAL PERIOD 1981 TO 2010
CLIMATE RECORD PERIOD 9999 TO 9999


WEATHER ITEM   OBSERVED TIME   RECORD YEAR NORMAL DEPARTURE LAST
                VALUE   (LST)  VALUE       VALUE  FROM      YEAR
                                                  NORMAL
..................................................................
TEMPERATURE (F)
 TODAY
  MAXIMUM         56    759 AM  MM      MM  80    -24       72
  MINIMUM         44    620 AM  MM      MM  59    -15       45
  AVERAGE         50                        70    -20       59

PRECIPITATION (IN)
  TODAY            0.00         MM      MM   0.11  -0.11     0.00
  MONTH TO DATE    1.33                      1.72  -0.39     2.81
  SINCE JUN 1      9.23                      8.57   0.66     9.41
  SINCE JAN 1     21.56                     19.17   2.39    22.03

DEGREE DAYS
 HEATING
  TODAY           15                         1     14        6
  MONTH TO DATE   21                        11     10       26
  SINCE JUN 1     82                        77      5      104

 COOLING
  TODAY            0                         6     -6        0
  MONTH TO DATE   52                        90    -38       39
  SINCE JUN 1    291                       418   -127      371
..................................................................


WIND (MPH)
  HIGHEST WIND SPEED     5   HIGHEST WIND DIRECTION     W (250)
  HIGHEST GUST SPEED     6   HIGHEST GUST DIRECTION    NW (300)



WEATHER CONDITIONS
 THE FOLLOWING WEATHER WAS RECORDED TODAY.
  NO SIGNIFICANT WEATHER WAS OBSERVED.


..........................................................




SUNRISE AND SUNSET
AUGUST 15 2014........SUNRISE   645 AM EDT   SUNSET   839 PM EDT
AUGUST 16 2014........SUNRISE   646 AM EDT   SUNSET   837 PM EDT


-  INDICATES NEGATIVE NUMBERS.
R  INDICATES RECORD WAS SET OR TIED.
MM INDICATES DATA IS MISSING.
T  INDICATES TRACE AMOUNT.




$$
