000
CDUS43 KGRR 090535
CLIJXN


CLIMATE REPORT
NATIONAL WEATHER SERVICE GRAND RAPIDS, MI
123 AM EDT WED JUL 9 2014


...................................

...THE JACKSON MI CLIMATE SUMMARY FOR JULY 8 2014...

CLIMATE NORMAL PERIOD 1981 TO 2010
CLIMATE RECORD PERIOD 9999 TO 9999


WEATHER ITEM   OBSERVED TIME   NORMAL DEPARTURE LAST
                VALUE   (LST)  VALUE  FROM      YEAR
                                      NORMAL
......................................................
TEMPERATURE (F)
 YESTERDAY
  MAXIMUM         75        MM  83     -8       82
  MINIMUM         63   1100 PM  60      3       67
  AVERAGE         69            71     -2       75

PRECIPITATION (IN)
  YESTERDAY        0.51          0.11   0.40      T
  MONTH TO DATE    2.48          0.87   1.61     0.02
  SINCE JUN 1      7.24          4.14   3.10     4.64
  SINCE JAN 1     19.57         14.74   4.83    17.26

DEGREE DAYS
 HEATING
  YESTERDAY        0             0      0        0
  MONTH TO DATE    6             1      5        1
  SINCE JUN 1     37            56    -19       58
  SINCE JUL 1      6             1      5        1

 COOLING
  YESTERDAY        4             7     -3       10
  MONTH TO DATE   31            54    -23       54
  SINCE JUN 1    172           180     -8      171
  SINCE JAN 1    206           217    -11      238
......................................................


WIND (MPH)
  RESULTANT WIND SPEED   8   RESULTANT WIND DIRECTION   W (260)
  HIGHEST WIND SPEED    18   HIGHEST WIND DIRECTION     W (290)
  HIGHEST GUST SPEED    36   HIGHEST GUST DIRECTION     W (280)
  AVERAGE WIND SPEED     8.8


SKY COVER
  AVERAGE SKY COVER 0.0


WEATHER CONDITIONS
 THE FOLLOWING WEATHER WAS RECORDED YESTERDAY.
  NO SIGNIFICANT WEATHER WAS OBSERVED.


RELATIVE HUMIDITY (PERCENT)
 HIGHEST     0          1200 AM
 LOWEST      0          1200 AM
 AVERAGE     0

..........................................................


THE JACKSON MI CLIMATE NORMALS FOR TODAY
                         NORMAL
 MAXIMUM TEMPERATURE (F)   83
 MINIMUM TEMPERATURE (F)   60


SUNRISE AND SUNSET
JULY  9 2014..........SUNRISE   610 AM EDT   SUNSET   916 PM EDT
JULY 10 2014..........SUNRISE   611 AM EDT   SUNSET   915 PM EDT


-  INDICATES NEGATIVE NUMBERS.
R  INDICATES RECORD WAS SET OR TIED.
MM INDICATES DATA IS MISSING.
T  INDICATES TRACE AMOUNT.




$$
