572
CDUS43 KGRR 122130
CLIJXN


CLIMATE REPORT
NATIONAL WEATHER SERVICE GRAND RAPIDS, MI
529 PM EDT TUE MAY 12 2015


...................................

...THE JACKSON MI CLIMATE SUMMARY FOR MAY 12 2015...
VALID TODAY AS OF 0500 PM LOCAL TIME.

CLIMATE NORMAL PERIOD 1981 TO 2010
CLIMATE RECORD PERIOD 1944 TO 9999


WEATHER ITEM   OBSERVED TIME   NORMAL DEPARTURE LAST
                VALUE   (LST)  VALUE  FROM      YEAR
                                      NORMAL
......................................................
TEMPERATURE (F)
 TODAY
  MAXIMUM         60   1215 AM  68     -8       82
  MINIMUM         48   1022 AM  45      3       57
  AVERAGE         54            56     -2       70

PRECIPITATION (IN)
  TODAY            0.00          0.10  -0.10     0.11
  MONTH TO DATE    2.42          1.21   1.21     1.11
  SINCE MAR 1      5.49          5.72  -0.23     5.04
  SINCE JAN 1      7.57          8.50  -0.93     9.32

DEGREE DAYS
 HEATING
  TODAY           11             9      2        0
  MONTH TO DATE   39           129    -90      123
  SINCE MAR 1   1543          1561    -18     1824
  SINCE JUL 1   7047          6475    572     7388

 COOLING
  TODAY            0             1     -1        5
  MONTH TO DATE   17             5     12        9
  SINCE MAR 1     17            11      6        9
  SINCE JAN 1     17            11      6        9
......................................................


WIND (MPH)
  RESULTANT WIND SPEED  14   RESULTANT WIND DIRECTION   W (260)
  HIGHEST WIND SPEED    24   HIGHEST WIND DIRECTION     W (260)
  HIGHEST GUST SPEED    33   HIGHEST GUST DIRECTION     W (280)
  AVERAGE WIND SPEED    14.8


SKY COVER
  AVERAGE SKY COVER 0.9


WEATHER CONDITIONS
 THE FOLLOWING WEATHER WAS RECORDED TODAY.
  NO SIGNIFICANT WEATHER WAS OBSERVED.


RELATIVE HUMIDITY (PERCENT)
 HIGHEST    80           800 AM
 LOWEST     63           600 AM
 AVERAGE    72

..........................................................


THE JACKSON MI CLIMATE NORMALS FOR TOMORROW
                         NORMAL
 MAXIMUM TEMPERATURE (F)   68
 MINIMUM TEMPERATURE (F)   45


SUNRISE AND SUNSET
MAY 12 2015...........SUNRISE   620 AM EDT   SUNSET   849 PM EDT
MAY 13 2015...........SUNRISE   619 AM EDT   SUNSET   850 PM EDT


-  INDICATES NEGATIVE NUMBERS.
R  INDICATES RECORD WAS SET OR TIED.
MM INDICATES DATA IS MISSING.
T  INDICATES TRACE AMOUNT.




$$

JAM
