000
CDUS43 KGRR 191351
CLIJXN


CLIMATE REPORT
NATIONAL WEATHER SERVICE GRAND RAPIDS, MI
948 AM EDT FRI MAY 19 2017


...................................

...THE JACKSON MI CLIMATE SUMMARY FOR MAY 19 2017...
VALID AS OF 0900 AM LOCAL TIME.

CLIMATE NORMAL PERIOD 1981 TO 2010
CLIMATE RECORD PERIOD 1944 TO 9999


WEATHER ITEM   OBSERVED TIME   NORMAL DEPARTURE LAST
                VALUE   (LST)  VALUE  FROM      YEAR
                                      NORMAL
......................................................
TEMPERATURE (F)
 TODAY
  MAXIMUM         57   1209 AM  70    -13       71
  MINIMUM         44    654 AM  47     -3       39
  AVERAGE         51            59     -8       55

PRECIPITATION (IN)
  TODAY            0.00          0.12  -0.12     0.00
  MONTH TO DATE    1.55          1.97  -0.42     1.66
  SINCE MAR 1     10.37          6.48   3.89     7.58
  SINCE JAN 1     15.31          9.26   6.05     9.45

DEGREE DAYS
 HEATING
  TODAY           14             8      6       10
  MONTH TO DATE  212           187     25      229
  SINCE MAR 1   1482          1619   -137     1495
  SINCE JUL 1   5490          6533  -1043     5617

 COOLING
  TODAY            0             1     -1        0
  MONTH TO DATE   25            12     13        1
  SINCE MAR 1     32            18     14        1
  SINCE JAN 1     32            18     14        1
......................................................


WIND (MPH)
  RESULTANT WIND SPEED   9   RESULTANT WIND DIRECTION   N (0)
  HIGHEST WIND SPEED    14   HIGHEST WIND DIRECTION    NE (40)
  HIGHEST GUST SPEED    18   HIGHEST GUST DIRECTION    NE (30)
  AVERAGE WIND SPEED     9.1


SKY COVER
  AVERAGE SKY COVER 0.5


WEATHER CONDITIONS
 THE FOLLOWING WEATHER WAS RECORDED TODAY.
  NO SIGNIFICANT WEATHER WAS OBSERVED.


RELATIVE HUMIDITY (PERCENT)
 HIGHEST    83           500 AM
 LOWEST     71           300 AM
 AVERAGE    77

..........................................................


THE JACKSON MI CLIMATE NORMALS FOR TOMORROW
                         NORMAL
 MAXIMUM TEMPERATURE (F)   70
 MINIMUM TEMPERATURE (F)   47


SUNRISE AND SUNSET
MAY 19 2017...........SUNRISE   613 AM EDT   SUNSET   857 PM EDT
MAY 20 2017...........SUNRISE   612 AM EDT   SUNSET   858 PM EDT


-  INDICATES NEGATIVE NUMBERS.
R  INDICATES RECORD WAS SET OR TIED.
MM INDICATES DATA IS MISSING.
T  INDICATES TRACE AMOUNT.




$$

63
