598
CDUS43 KGRR 291431
CLIJXN


CLIMATE REPORT
NATIONAL WEATHER SERVICE GRAND RAPIDS, MI
931 AM EST TUE NOV 29 2016


...................................

...THE JACKSON MI CLIMATE SUMMARY FOR NOVEMBER 29 2016...
VALID AS OF 0900 AM LOCAL TIME.

CLIMATE NORMAL PERIOD 1981 TO 2010
CLIMATE RECORD PERIOD 1944 TO 9999


WEATHER ITEM   OBSERVED TIME   NORMAL DEPARTURE LAST
                VALUE   (LST)  VALUE  FROM      YEAR
                                      NORMAL
......................................................
TEMPERATURE (F)
 TODAY
  MAXIMUM         52    446 AM  41     11       38
  MINIMUM         47    827 AM  27     20       19
  AVERAGE         50            34     16       29

PRECIPITATION (IN)
  TODAY            0.02          0.08  -0.06     0.00
  MONTH TO DATE    2.21          2.52  -0.31     2.29
  SINCE SEP 1      9.78          8.63   1.15     4.63
  SINCE JAN 1     36.09         29.55   6.54    28.32

DEGREE DAYS
 HEATING
  TODAY           15            31    -16       36
  MONTH TO DATE  571           726   -155      593
  SINCE SEP 1    947          1339   -392     1053
  SINCE JUL 1    951          1374   -423     1091

 COOLING
  TODAY            0             0      0        0
  MONTH TO DATE    0             0      0        0
  SINCE SEP 1    101            63     38      114
  SINCE JAN 1    829           592    237      540
......................................................


WIND (MPH)
  RESULTANT WIND SPEED  14   RESULTANT WIND DIRECTION   S (200)
  HIGHEST WIND SPEED    32   HIGHEST WIND DIRECTION     S (170)
  HIGHEST GUST SPEED    42   HIGHEST GUST DIRECTION     S (180)
  AVERAGE WIND SPEED    15.0


SKY COVER
  AVERAGE SKY COVER 0.5


WEATHER CONDITIONS
 THE FOLLOWING WEATHER WAS RECORDED TODAY.
  LIGHT RAIN


RELATIVE HUMIDITY (PERCENT)
 HIGHEST   100           800 AM
 LOWEST     93           900 AM
 AVERAGE    97

..........................................................


THE JACKSON MI CLIMATE NORMALS FOR TOMORROW
                         NORMAL
 MAXIMUM TEMPERATURE (F)   41
 MINIMUM TEMPERATURE (F)   27


SUNRISE AND SUNSET
NOVEMBER 29 2016......SUNRISE   745 AM EST   SUNSET   507 PM EST
NOVEMBER 30 2016......SUNRISE   747 AM EST   SUNSET   507 PM EST


-  INDICATES NEGATIVE NUMBERS.
R  INDICATES RECORD WAS SET OR TIED.
MM INDICATES DATA IS MISSING.
T  INDICATES TRACE AMOUNT.




$$
