000
CDUS43 KGRR 251335
CLIJXN


CLIMATE REPORT
NATIONAL WEATHER SERVICE GRAND RAPIDS, MI
933 AM EDT WED MAR 25 2015


...................................

...THE JACKSON MI CLIMATE SUMMARY FOR MARCH 25 2015...
VALID AS OF 0900 AM LOCAL TIME.

CLIMATE NORMAL PERIOD 1981 TO 2010
CLIMATE RECORD PERIOD 1944 TO 9999


WEATHER ITEM   OBSERVED TIME   NORMAL DEPARTURE LAST
                VALUE   (LST)  VALUE  FROM      YEAR
                                      NORMAL
......................................................
TEMPERATURE (F)
 TODAY
  MAXIMUM         36    759 AM  49    -13       32
  MINIMUM         27   1217 AM  29     -2       14
  AVERAGE         32            39     -7       23

PRECIPITATION (IN)
  TODAY            0.20          0.06   0.14      T
  MONTH TO DATE    0.30          1.47  -1.17     1.78
  SINCE MAR 1      0.30          1.47  -1.17     1.78
  SINCE JAN 1      2.38          4.25  -1.87     6.06

DEGREE DAYS
 HEATING
  TODAY           33            26      7       42
  MONTH TO DATE  809           764     45     1001
  SINCE MAR 1    809           764     45     1001
  SINCE JUL 1   6313          5678    635     6565

 COOLING
  TODAY            0             0      0        0
  MONTH TO DATE    0             0      0        0
  SINCE MAR 1      0             0      0        0
  SINCE JAN 1      0             0      0        0
......................................................


WIND (MPH)
  RESULTANT WIND SPEED  12   RESULTANT WIND DIRECTION  SE (120)
  HIGHEST WIND SPEED    20   HIGHEST WIND DIRECTION    SE (130)
  HIGHEST GUST SPEED    24   HIGHEST GUST DIRECTION    SE (140)
  AVERAGE WIND SPEED    12.5


SKY COVER
  AVERAGE SKY COVER 0.8


WEATHER CONDITIONS
 THE FOLLOWING WEATHER WAS RECORDED TODAY.
  LIGHT RAIN
  FOG


RELATIVE HUMIDITY (PERCENT)
 HIGHEST    75           500 AM
 LOWEST     58          1200 AM
 AVERAGE    67

..........................................................


THE JACKSON MI CLIMATE NORMALS FOR TOMORROW
                         NORMAL
 MAXIMUM TEMPERATURE (F)   50
 MINIMUM TEMPERATURE (F)   30


SUNRISE AND SUNSET
MARCH 25 2015.........SUNRISE   733 AM EDT   SUNSET   756 PM EDT
MARCH 26 2015.........SUNRISE   731 AM EDT   SUNSET   757 PM EDT


-  INDICATES NEGATIVE NUMBERS.
R  INDICATES RECORD WAS SET OR TIED.
MM INDICATES DATA IS MISSING.
T  INDICATES TRACE AMOUNT.




$$

63
