000
CDUS43 KGRR 162233
CLIJXN


CLIMATE REPORT
NATIONAL WEATHER SERVICE GRAND RAPIDS, MI
532 PM EST TUE DEC 16 2014


...................................

...THE JACKSON MI CLIMATE SUMMARY FOR DECEMBER 16 2014...
VALID TODAY AS OF 0500 PM LOCAL TIME.

CLIMATE NORMAL PERIOD 1981 TO 2010
CLIMATE RECORD PERIOD 1944 TO 9999


WEATHER ITEM   OBSERVED TIME   RECORD YEAR NORMAL DEPARTURE LAST
                VALUE   (LST)  VALUE       VALUE  FROM      YEAR
                                                  NORMAL
..................................................................
TEMPERATURE (F)
 TODAY
  MAXIMUM         MM        MM  MM      MM  34     MM       19
  MINIMUM         MM        MM  MM      MM  21     MM       -2
  AVERAGE         MM                        28     MM        9

PRECIPITATION (IN)
  TODAY            0.10         MM      MM   0.06   0.04     0.07
  MONTH TO DATE    0.32                      1.00  -0.68     0.55
  SINCE DEC 1      0.32                      1.00  -0.68     0.55
  SINCE JAN 1     28.49                     30.63  -2.14    31.55

DEGREE DAYS
 HEATING
  TODAY           MM                        37     MM       56
  MONTH TO DATE  483                       555    -72      640
  SINCE DEC 1    483                       555    -72      640
  SINCE JUL 1   2094                      1959    135     2111

 COOLING
  TODAY           MM                         0     MM        0
  MONTH TO DATE    0                         0      0        0
  SINCE DEC 1      0                         0      0        0
  SINCE JAN 1    496                       592    -96      616
..................................................................


WIND (MPH)
  RESULTANT WIND SPEED   3   RESULTANT WIND DIRECTION  SW (230)
  HIGHEST WIND SPEED     9   HIGHEST WIND DIRECTION    SE (130)
  HIGHEST GUST SPEED    MM   HIGHEST GUST DIRECTION    MM
  AVERAGE WIND SPEED     5.8



WEATHER CONDITIONS
 THE FOLLOWING WEATHER WAS RECORDED TODAY.
  RAIN
  LIGHT RAIN
  FOG


RELATIVE HUMIDITY (PERCENT)
 HIGHEST   100           700 AM
 LOWEST     92          1200 PM
 AVERAGE    96

..........................................................




SUNRISE AND SUNSET
DECEMBER 16 2014......SUNRISE   800 AM EST   SUNSET   507 PM EST
DECEMBER 17 2014......SUNRISE   801 AM EST   SUNSET   507 PM EST


-  INDICATES NEGATIVE NUMBERS.
R  INDICATES RECORD WAS SET OR TIED.
MM INDICATES DATA IS MISSING.
T  INDICATES TRACE AMOUNT.




$$
