000
CDUS43 KGRR 300518
CLIJXN


CLIMATE REPORT
NATIONAL WEATHER SERVICE GRAND RAPIDS, MI
118 AM EDT SUN AUG 30 2015


...................................

...THE JACKSON MI CLIMATE SUMMARY FOR AUGUST 29 2015...

CLIMATE NORMAL PERIOD 1981 TO 2010
CLIMATE RECORD PERIOD 1944 TO 9999


WEATHER ITEM   OBSERVED TIME   NORMAL DEPARTURE LAST
                VALUE   (LST)  VALUE  FROM      YEAR
                                      NORMAL
......................................................
TEMPERATURE (F)
 YESTERDAY
  MAXIMUM         72    411 PM  79     -7       81
  MINIMUM         59    515 AM  57      2       60
  AVERAGE         66            68     -2       71

PRECIPITATION (IN)
  YESTERDAY        0.11          0.11   0.00     0.00
  MONTH TO DATE    3.23          3.24  -0.01     2.12
  SINCE JUN 1     13.06         10.09   2.97    10.02
  SINCE JAN 1     23.69         20.69   3.00    22.35

DEGREE DAYS
 HEATING
  YESTERDAY        0             1     -1        0
  MONTH TO DATE   25            25      0       12
  SINCE JUN 1     70            91    -21       73
  SINCE JUL 1     38            36      2       42

 COOLING
  YESTERDAY        1             4     -3        6
  MONTH TO DATE  119           156    -37      150
  SINCE JUN 1    358           484   -126      389
  SINCE JAN 1    413           521   -108      423
......................................................


WIND (MPH)
  RESULTANT WIND SPEED   3   RESULTANT WIND DIRECTION  SE (140)
  HIGHEST WIND SPEED     9   HIGHEST WIND DIRECTION    SE (130)
  HIGHEST GUST SPEED    12   HIGHEST GUST DIRECTION     S (160)
  AVERAGE WIND SPEED     4.0


SKY COVER
  AVERAGE SKY COVER 0.6


WEATHER CONDITIONS
 THE FOLLOWING WEATHER WAS RECORDED YESTERDAY.
  LIGHT RAIN
  FOG


RELATIVE HUMIDITY (PERCENT)
 HIGHEST   100          1000 PM
 LOWEST     76          1000 AM
 AVERAGE    88

..........................................................


THE JACKSON MI CLIMATE NORMALS FOR TODAY
                         NORMAL
 MAXIMUM TEMPERATURE (F)   78
 MINIMUM TEMPERATURE (F)   57


SUNRISE AND SUNSET
AUGUST 30 2015........SUNRISE   701 AM EDT   SUNSET   816 PM EDT
AUGUST 31 2015........SUNRISE   702 AM EDT   SUNSET   814 PM EDT


-  INDICATES NEGATIVE NUMBERS.
R  INDICATES RECORD WAS SET OR TIED.
MM INDICATES DATA IS MISSING.
T  INDICATES TRACE AMOUNT.




$$
