000
CDUS43 KGRR 252132
CLIJXN


CLIMATE REPORT
NATIONAL WEATHER SERVICE GRAND RAPIDS, MI
532 PM EDT MON APR 25 2016


...................................

...THE JACKSON MI CLIMATE SUMMARY FOR APRIL 25 2016...
VALID TODAY AS OF 0500 PM LOCAL TIME.

CLIMATE NORMAL PERIOD 1981 TO 2010
CLIMATE RECORD PERIOD 1944 TO 9999


WEATHER ITEM   OBSERVED TIME   NORMAL DEPARTURE LAST
                VALUE   (LST)  VALUE  FROM      YEAR
                                      NORMAL
......................................................
TEMPERATURE (F)
 TODAY
  MAXIMUM         78    214 PM  63     15       51
  MINIMUM         46    623 AM  40      6       40
  AVERAGE         62            51     11       46

PRECIPITATION (IN)
  TODAY            0.00          0.08  -0.08     0.08
  MONTH TO DATE    1.76          2.16  -0.40     2.45
  SINCE MAR 1      4.41          4.06   0.35     2.93
  SINCE JAN 1      6.28          6.84  -0.56     5.01

DEGREE DAYS
 HEATING
  TODAY            3            14    -11       19
  MONTH TO DATE  477           456     21      418
  SINCE MAR 1   1186          1366   -180     1412
  SINCE JUL 1   5308          6280   -972     6916

 COOLING
  TODAY            0             0      0        0
  MONTH TO DATE    0             0      0        0
  SINCE MAR 1      0             0      0        0
  SINCE JAN 1      0             0      0        0
......................................................


WIND (MPH)
  RESULTANT WIND SPEED   8   RESULTANT WIND DIRECTION   S (180)
  HIGHEST WIND SPEED    25   HIGHEST WIND DIRECTION    SW (210)
  HIGHEST GUST SPEED    33   HIGHEST GUST DIRECTION     S (200)
  AVERAGE WIND SPEED    10.2


SKY COVER
  AVERAGE SKY COVER 0.3


WEATHER CONDITIONS
 THE FOLLOWING WEATHER WAS RECORDED TODAY.
  NO SIGNIFICANT WEATHER WAS OBSERVED.


RELATIVE HUMIDITY (PERCENT)
 HIGHEST    65           600 AM
 LOWEST     38           100 PM
 AVERAGE    52

..........................................................


THE JACKSON MI CLIMATE NORMALS FOR TOMORROW
                         NORMAL
 MAXIMUM TEMPERATURE (F)   63
 MINIMUM TEMPERATURE (F)   40


SUNRISE AND SUNSET
APRIL 25 2016.........SUNRISE   641 AM EDT   SUNSET   831 PM EDT
APRIL 26 2016.........SUNRISE   640 AM EDT   SUNSET   832 PM EDT


-  INDICATES NEGATIVE NUMBERS.
R  INDICATES RECORD WAS SET OR TIED.
MM INDICATES DATA IS MISSING.
T  INDICATES TRACE AMOUNT.




$$

JAM
