000
CDUS43 KGRR 180517
CLIJXN


CLIMATE REPORT
NATIONAL WEATHER SERVICE GRAND RAPIDS, MI
116 AM EDT SUN SEP 18 2016


...................................

...THE JACKSON MI CLIMATE SUMMARY FOR SEPTEMBER 17 2016...

CLIMATE NORMAL PERIOD 1981 TO 2010
CLIMATE RECORD PERIOD 1944 TO 9999


WEATHER ITEM   OBSERVED TIME   NORMAL DEPARTURE LAST
                VALUE   (LST)  VALUE  FROM      YEAR
                                      NORMAL
......................................................
TEMPERATURE (F)
 YESTERDAY
  MAXIMUM         76    430 PM  72      4       81
  MINIMUM         66   1159 PM  50     16       54
  AVERAGE         71            61     10       68

PRECIPITATION (IN)
  YESTERDAY        0.58          0.12   0.46     0.00
  MONTH TO DATE    1.72          1.94  -0.22     0.09
  SINCE SEP 1      1.72          1.94  -0.22     0.09
  SINCE JAN 1     28.03         22.86   5.17    23.78

DEGREE DAYS
 HEATING
  YESTERDAY        0             5     -5        0
  MONTH TO DATE   11            54    -43       36
  SINCE SEP 1     11            54    -43       36
  SINCE JUL 1     15            89    -74       74

 COOLING
  YESTERDAY        6             2      4        3
  MONTH TO DATE   65            45     20       96
  SINCE SEP 1     65            45     20       96
  SINCE JAN 1    793           574    219      522
......................................................


WIND (MPH)
  RESULTANT WIND SPEED   7   RESULTANT WIND DIRECTION  SW (220)
  HIGHEST WIND SPEED    15   HIGHEST WIND DIRECTION     W (280)
  HIGHEST GUST SPEED    20   HIGHEST GUST DIRECTION     W (280)
  AVERAGE WIND SPEED     7.5


SKY COVER
  AVERAGE SKY COVER 0.6


WEATHER CONDITIONS
 THE FOLLOWING WEATHER WAS RECORDED YESTERDAY.
  HEAVY RAIN
  RAIN
  LIGHT RAIN


RELATIVE HUMIDITY (PERCENT)
 HIGHEST   100           400 AM
 LOWEST     74           300 PM
 AVERAGE    87

..........................................................


THE JACKSON MI CLIMATE NORMALS FOR TODAY
                         NORMAL
 MAXIMUM TEMPERATURE (F)   72
 MINIMUM TEMPERATURE (F)   50


SUNRISE AND SUNSET
SEPTEMBER 18 2016.....SUNRISE   721 AM EDT   SUNSET   741 PM EDT
SEPTEMBER 19 2016.....SUNRISE   723 AM EDT   SUNSET   740 PM EDT


-  INDICATES NEGATIVE NUMBERS.
R  INDICATES RECORD WAS SET OR TIED.
MM INDICATES DATA IS MISSING.
T  INDICATES TRACE AMOUNT.




$$
