000
CDUS43 KGRR 270514
CLIJXN


CLIMATE REPORT
NATIONAL WEATHER SERVICE GRAND RAPIDS, MI
114 AM EDT THU AUG 27 2015


...................................

...THE JACKSON MI CLIMATE SUMMARY FOR AUGUST 26 2015...

CLIMATE NORMAL PERIOD 1981 TO 2010
CLIMATE RECORD PERIOD 1944 TO 9999


WEATHER ITEM   OBSERVED TIME   NORMAL DEPARTURE LAST
                VALUE   (LST)  VALUE  FROM      YEAR
                                      NORMAL
......................................................
TEMPERATURE (F)
 YESTERDAY
  MAXIMUM         66    405 PM  79    -13       84
  MINIMUM         56   1159 PM  58     -2       68
  AVERAGE         61            68     -7       76

PRECIPITATION (IN)
  YESTERDAY        0.00          0.11  -0.11     0.06
  MONTH TO DATE    3.12          2.92   0.20     2.12
  SINCE JUN 1     12.95          9.77   3.18    10.02
  SINCE JAN 1     23.58         20.37   3.21    22.35

DEGREE DAYS
 HEATING
  YESTERDAY        4             1      3        0
  MONTH TO DATE   15            22     -7       12
  SINCE JUN 1     60            88    -28       73
  SINCE JUL 1     28            33     -5       42

 COOLING
  YESTERDAY        0             4     -4       11
  MONTH TO DATE  118           144    -26      137
  SINCE JUN 1    357           472   -115      376
  SINCE JAN 1    412           509    -97      410
......................................................


WIND (MPH)
  RESULTANT WIND SPEED   5   RESULTANT WIND DIRECTION   W (280)
  HIGHEST WIND SPEED    12   HIGHEST WIND DIRECTION    NW (320)
  HIGHEST GUST SPEED    14   HIGHEST GUST DIRECTION    NW (310)
  AVERAGE WIND SPEED     5.8


SKY COVER
  AVERAGE SKY COVER 1.0


WEATHER CONDITIONS
 THE FOLLOWING WEATHER WAS RECORDED YESTERDAY.
  FOG


RELATIVE HUMIDITY (PERCENT)
 HIGHEST    93          1200 AM
 LOWEST     72          1200 PM
 AVERAGE    83

..........................................................


THE JACKSON MI CLIMATE NORMALS FOR TODAY
                         NORMAL
 MAXIMUM TEMPERATURE (F)   79
 MINIMUM TEMPERATURE (F)   58


SUNRISE AND SUNSET
AUGUST 27 2015........SUNRISE   658 AM EDT   SUNSET   820 PM EDT
AUGUST 28 2015........SUNRISE   659 AM EDT   SUNSET   819 PM EDT


-  INDICATES NEGATIVE NUMBERS.
R  INDICATES RECORD WAS SET OR TIED.
MM INDICATES DATA IS MISSING.
T  INDICATES TRACE AMOUNT.




$$
