000
CDUS43 KGRR 120516
CLIJXN


CLIMATE REPORT
NATIONAL WEATHER SERVICE GRAND RAPIDS, MI
1213 AM EST WED NOV 12 2014


...................................

...THE JACKSON MI CLIMATE SUMMARY FOR NOVEMBER 11 2014...

CLIMATE NORMAL PERIOD 1981 TO 2010
CLIMATE RECORD PERIOD 1944 TO 9999


WEATHER ITEM   OBSERVED TIME   NORMAL DEPARTURE LAST
                VALUE   (LST)  VALUE  FROM      YEAR
                                      NORMAL
......................................................
TEMPERATURE (F)
 YESTERDAY
  MAXIMUM         59    104 PM  50      9       44
  MINIMUM         34   1159 PM  34      0       26
  AVERAGE         47            42      5       35

PRECIPITATION (IN)
  YESTERDAY        0.07          0.09  -0.02     0.20
  MONTH TO DATE    0.44          0.96  -0.52     0.65
  SINCE SEP 1      3.97          7.07  -3.10     5.61
  SINCE JAN 1     26.98         27.99  -1.01    30.16

DEGREE DAYS
 HEATING
  YESTERDAY       18            23     -5       30
  MONTH TO DATE  252           235     17      247
  SINCE SEP 1    890           848     42      821
  SINCE JUL 1    932           883     49      869

 COOLING
  YESTERDAY        0             0      0        0
  MONTH TO DATE    0             0      0        0
  SINCE SEP 1     50            63    -13       76
  SINCE JAN 1    496           592    -96      616
......................................................


WIND (MPH)
  RESULTANT WIND SPEED  10   RESULTANT WIND DIRECTION  SW (220)
  HIGHEST WIND SPEED    25   HIGHEST WIND DIRECTION    SW (210)
  HIGHEST GUST SPEED    30   HIGHEST GUST DIRECTION    SW (210)
  AVERAGE WIND SPEED    12.4


SKY COVER
  AVERAGE SKY COVER 0.8


WEATHER CONDITIONS
 THE FOLLOWING WEATHER WAS RECORDED YESTERDAY.
  LIGHT RAIN
  FOG


RELATIVE HUMIDITY (PERCENT)
 HIGHEST    92           700 PM
 LOWEST     44          1200 AM
 AVERAGE    68

..........................................................


THE JACKSON MI CLIMATE NORMALS FOR TODAY
                         NORMAL
 MAXIMUM TEMPERATURE (F)   50
 MINIMUM TEMPERATURE (F)   33


SUNRISE AND SUNSET
NOVEMBER 12 2014......SUNRISE   725 AM EST   SUNSET   519 PM EST
NOVEMBER 13 2014......SUNRISE   726 AM EST   SUNSET   518 PM EST


-  INDICATES NEGATIVE NUMBERS.
R  INDICATES RECORD WAS SET OR TIED.
MM INDICATES DATA IS MISSING.
T  INDICATES TRACE AMOUNT.




$$

63
