000
CDUS43 KGRR 071452
CLIJXN


CLIMATE REPORT
NATIONAL WEATHER SERVICE GRAND RAPIDS, MI
951 AM EST TUE NOV 7 2017


...................................

...THE JACKSON MI CLIMATE SUMMARY FOR NOVEMBER 7 2017...
VALID AS OF 0900 AM LOCAL TIME.

CLIMATE NORMAL PERIOD 1981 TO 2010
CLIMATE RECORD PERIOD 1944 TO 9999


WEATHER ITEM   OBSERVED TIME   NORMAL DEPARTURE LAST
                VALUE   (LST)  VALUE  FROM      YEAR
                                      NORMAL
......................................................
TEMPERATURE (F)
 TODAY
  MAXIMUM         38    121 AM  52    -14       66
  MINIMUM         34    647 AM  35     -1       38
  AVERAGE         36            43     -7       52

PRECIPITATION (IN)
  TODAY            0.00          0.08  -0.08     0.00
  MONTH TO DATE    1.55          0.61   0.94     0.25
  SINCE SEP 1      9.90          6.72   3.18     7.82
  SINCE JAN 1     32.96         27.64   5.32    34.13

DEGREE DAYS
 HEATING
  TODAY           29            22      7       13
  MONTH TO DATE  154           145      9       72
  SINCE SEP 1    583           758   -175      448
  SINCE JUL 1    610           793   -183      452

 COOLING
  TODAY            0             0      0        0
  MONTH TO DATE    0             0      0        0
  SINCE SEP 1    130            63     67      101
  SINCE JAN 1    657           592     65      829
......................................................


WIND (MPH)
  RESULTANT WIND SPEED   2   RESULTANT WIND DIRECTION  NE (30)
  HIGHEST WIND SPEED     6   HIGHEST WIND DIRECTION     N (350)
  HIGHEST GUST SPEED     8   HIGHEST GUST DIRECTION     N (350)
  AVERAGE WIND SPEED     2.0


SKY COVER
  AVERAGE SKY COVER 0.8


WEATHER CONDITIONS
 THE FOLLOWING WEATHER WAS RECORDED TODAY.
  NO SIGNIFICANT WEATHER WAS OBSERVED.


RELATIVE HUMIDITY (PERCENT)
 HIGHEST    82           300 AM
 LOWEST     76          1200 AM
 AVERAGE    79

..........................................................


THE JACKSON MI CLIMATE NORMALS FOR TOMORROW
                         NORMAL
 MAXIMUM TEMPERATURE (F)   52
 MINIMUM TEMPERATURE (F)   34


SUNRISE AND SUNSET
NOVEMBER  7 2017......SUNRISE   719 AM EST   SUNSET   524 PM EST
NOVEMBER  8 2017......SUNRISE   720 AM EST   SUNSET   523 PM EST


-  INDICATES NEGATIVE NUMBERS.
R  INDICATES RECORD WAS SET OR TIED.
MM INDICATES DATA IS MISSING.
T  INDICATES TRACE AMOUNT.




$$
