000
CDUS43 KGRR 310515
CLIJXN


CLIMATE REPORT
NATIONAL WEATHER SERVICE GRAND RAPIDS, MI
1215 AM EST SUN JAN 31 2016


...................................

...THE JACKSON MI CLIMATE SUMMARY FOR JANUARY 30 2016...

CLIMATE NORMAL PERIOD 1981 TO 2010
CLIMATE RECORD PERIOD 1944 TO 9999


WEATHER ITEM   OBSERVED TIME   NORMAL DEPARTURE LAST
                VALUE   (LST)  VALUE  FROM      YEAR
                                      NORMAL
......................................................
TEMPERATURE (F)
 YESTERDAY
  MAXIMUM         49    207 PM  31     18       26
  MINIMUM         30    300 AM  16     14       10
  AVERAGE         40            24     16       18

PRECIPITATION (IN)
  YESTERDAY        0.00          0.04  -0.04      T
  MONTH TO DATE    0.67          1.45  -0.78     1.07
  SINCE DEC 1      2.98          3.32  -0.34     2.47
  SINCE JAN 1      0.67          1.45  -0.78     1.07

DEGREE DAYS
 HEATING
  YESTERDAY       25            41    -16       47
  MONTH TO DATE 1180          1245    -65     1331
  SINCE DEC 1   1952          2389   -437     2350
  SINCE JUL 1   3073          3793   -720     3961

 COOLING
  YESTERDAY        0             0      0        0
  MONTH TO DATE    0             0      0        0
  SINCE DEC 1      0             0      0        0
  SINCE JAN 1      0             0      0        0
......................................................


WIND (MPH)
  RESULTANT WIND SPEED  10   RESULTANT WIND DIRECTION  SW (220)
  HIGHEST WIND SPEED    22   HIGHEST WIND DIRECTION    SW (230)
  HIGHEST GUST SPEED    28   HIGHEST GUST DIRECTION    SW (230)
  AVERAGE WIND SPEED    10.7


SKY COVER
  AVERAGE SKY COVER 0.0


WEATHER CONDITIONS
 THE FOLLOWING WEATHER WAS RECORDED YESTERDAY.
  NO SIGNIFICANT WEATHER WAS OBSERVED.


RELATIVE HUMIDITY (PERCENT)
 HIGHEST    82           900 PM
 LOWEST     57          1100 AM
 AVERAGE    70

..........................................................


THE JACKSON MI CLIMATE NORMALS FOR TODAY
                         NORMAL
 MAXIMUM TEMPERATURE (F)   31
 MINIMUM TEMPERATURE (F)   16


SUNRISE AND SUNSET
JANUARY 31 2016.......SUNRISE   753 AM EST   SUNSET   550 PM EST
FEBRUARY  1 2016......SUNRISE   752 AM EST   SUNSET   552 PM EST


-  INDICATES NEGATIVE NUMBERS.
R  INDICATES RECORD WAS SET OR TIED.
MM INDICATES DATA IS MISSING.
T  INDICATES TRACE AMOUNT.




$$
