335
CDUS43 KGRR 151439
CLIJXN


CLIMATE REPORT
NATIONAL WEATHER SERVICE GRAND RAPIDS, MI
932 AM EST SUN JAN 15 2017


...................................

...THE JACKSON MI CLIMATE SUMMARY FOR JANUARY 15 2017...
VALID AS OF 0900 AM LOCAL TIME.

CLIMATE NORMAL PERIOD 1981 TO 2010
CLIMATE RECORD PERIOD 1944 TO 9999


WEATHER ITEM   OBSERVED TIME   NORMAL DEPARTURE LAST
                VALUE   (LST)  VALUE  FROM      YEAR
                                      NORMAL
......................................................
TEMPERATURE (F)
 TODAY
  MAXIMUM         21   1218 AM  31    -10       41
  MINIMUM         16    817 AM  16      0       33
  AVERAGE         19            23     -4       37

PRECIPITATION (IN)
  TODAY            0.00          0.05  -0.05     0.05
  MONTH TO DATE    1.68          0.82   0.86     0.65
  SINCE DEC 1      2.56          2.69  -0.13     2.96
  SINCE JAN 1      1.68          0.82   0.86     0.65

DEGREE DAYS
 HEATING
  TODAY           46            42      4       28
  MONTH TO DATE  606           619    -13      567
  SINCE DEC 1   1771          1763      8     1339
  SINCE JUL 1   2741          3167   -426     2460

 COOLING
  TODAY            0             0      0        0
  MONTH TO DATE    0             0      0        0
  SINCE DEC 1      0             0      0        0
  SINCE JAN 1      0             0      0        0
......................................................


WIND (MPH)
  RESULTANT WIND SPEED   1   RESULTANT WIND DIRECTION   W (250)
  HIGHEST WIND SPEED     5   HIGHEST WIND DIRECTION    SW (230)
  HIGHEST GUST SPEED     5   HIGHEST GUST DIRECTION    SW (230)
  AVERAGE WIND SPEED     1.4


SKY COVER
  AVERAGE SKY COVER 0.0


WEATHER CONDITIONS
 THE FOLLOWING WEATHER WAS RECORDED TODAY.
  FOG
  HAZE


RELATIVE HUMIDITY (PERCENT)
 HIGHEST    92           200 AM
 LOWEST     80           300 AM
 AVERAGE    86

..........................................................


THE JACKSON MI CLIMATE NORMALS FOR TOMORROW
                         NORMAL
 MAXIMUM TEMPERATURE (F)   31
 MINIMUM TEMPERATURE (F)   16


SUNRISE AND SUNSET
JANUARY 15 2017.......SUNRISE   804 AM EST   SUNSET   531 PM EST
JANUARY 16 2017.......SUNRISE   804 AM EST   SUNSET   532 PM EST


-  INDICATES NEGATIVE NUMBERS.
R  INDICATES RECORD WAS SET OR TIED.
MM INDICATES DATA IS MISSING.
T  INDICATES TRACE AMOUNT.




$$

63
