000
CDUS43 KGRR 242224
CLIJXN


CLIMATE REPORT
NATIONAL WEATHER SERVICE GRAND RAPIDS, MI
524 PM EST TUE FEB 24 2015


...................................

...THE JACKSON MI CLIMATE SUMMARY FOR FEBRUARY 24 2015...
VALID TODAY AS OF 0500 PM LOCAL TIME.

CLIMATE NORMAL PERIOD 1981 TO 2010
CLIMATE RECORD PERIOD 1944 TO 9999


WEATHER ITEM   OBSERVED TIME   RECORD YEAR NORMAL DEPARTURE LAST
                VALUE   (LST)  VALUE       VALUE  FROM      YEAR
                                                  NORMAL
..................................................................
TEMPERATURE (F)
 TODAY
  MAXIMUM         19    459 PM  MM      MM  37    -18       22
  MINIMUM          1   1229 AM  MM      MM  20    -19       17
  AVERAGE         10                        28    -18       20

PRECIPITATION (IN)
  TODAY            T            MM      MM   0.05  -0.05      T
  MONTH TO DATE    1.00                      1.07  -0.07     2.38
  SINCE DEC 1      3.47                      4.43  -0.96     6.20
  SINCE JAN 1      2.07                      2.56  -0.49     4.28

DEGREE DAYS
 HEATING
  TODAY           55                        37     18       45
  MONTH TO DATE 1270                       940    330     1107
  SINCE DEC 1   3661                      3367    294     3863
  SINCE JUL 1   5272                      4771    501     5334

 COOLING
  TODAY            0                         0      0        0
  MONTH TO DATE    0                         0      0        0
  SINCE DEC 1      0                         0      0        0
  SINCE JAN 1      0                         0      0        0
..................................................................


WIND (MPH)
  RESULTANT WIND SPEED  15   RESULTANT WIND DIRECTION  SW (230)
  HIGHEST WIND SPEED    28   HIGHEST WIND DIRECTION    SW (240)
  HIGHEST GUST SPEED    41   HIGHEST GUST DIRECTION     W (250)
  AVERAGE WIND SPEED    15.8



WEATHER CONDITIONS
 THE FOLLOWING WEATHER WAS RECORDED TODAY.
  LIGHT SNOW
  HAZE


RELATIVE HUMIDITY (PERCENT)
 HIGHEST    79           100 AM
 LOWEST     38          1100 AM
 AVERAGE    59

..........................................................




SUNRISE AND SUNSET
FEBRUARY 24 2015......SUNRISE   721 AM EST   SUNSET   621 PM EST
FEBRUARY 25 2015......SUNRISE   720 AM EST   SUNSET   623 PM EST


-  INDICATES NEGATIVE NUMBERS.
R  INDICATES RECORD WAS SET OR TIED.
MM INDICATES DATA IS MISSING.
T  INDICATES TRACE AMOUNT.




$$
