000
CDUS43 KGRR 141349
CLIJXN


CLIMATE REPORT
NATIONAL WEATHER SERVICE GRAND RAPIDS, MI
948 AM EDT SUN MAY 14 2017


...................................

...THE JACKSON MI CLIMATE SUMMARY FOR MAY 14 2017...
VALID AS OF 0900 AM LOCAL TIME.

CLIMATE NORMAL PERIOD 1981 TO 2010
CLIMATE RECORD PERIOD 1944 TO 9999


WEATHER ITEM   OBSERVED TIME   NORMAL DEPARTURE LAST
                VALUE   (LST)  VALUE  FROM      YEAR
                                      NORMAL
......................................................
TEMPERATURE (F)
 TODAY
  MAXIMUM         61   1233 AM  69     -8       53
  MINIMUM         51    405 AM  46      5       39
  AVERAGE         56            57     -1       46

PRECIPITATION (IN)
  TODAY            0.00          0.11  -0.11     0.49
  MONTH TO DATE    1.54          1.43   0.11     1.64
  SINCE MAR 1     10.36          5.94   4.42     7.56
  SINCE JAN 1     15.30          8.72   6.58     9.43

DEGREE DAYS
 HEATING
  TODAY            9             9      0       19
  MONTH TO DATE  197           147     50      162
  SINCE MAR 1   1467          1579   -112     1428
  SINCE JUL 1   5475          6493  -1018     5550

 COOLING
  TODAY            0             1     -1        0
  MONTH TO DATE    0             7     -7        1
  SINCE MAR 1      7            13     -6        1
  SINCE JAN 1      7            13     -6        1
......................................................


WIND (MPH)
  RESULTANT WIND SPEED   6   RESULTANT WIND DIRECTION  NW (300)
  HIGHEST WIND SPEED     9   HIGHEST WIND DIRECTION    NW (320)
  HIGHEST GUST SPEED    13   HIGHEST GUST DIRECTION    NW (330)
  AVERAGE WIND SPEED     6.3


SKY COVER
  AVERAGE SKY COVER 0.7


WEATHER CONDITIONS
 THE FOLLOWING WEATHER WAS RECORDED TODAY.
  NO SIGNIFICANT WEATHER WAS OBSERVED.


RELATIVE HUMIDITY (PERCENT)
 HIGHEST    77           400 AM
 LOWEST     55           100 AM
 AVERAGE    66

..........................................................


THE JACKSON MI CLIMATE NORMALS FOR TOMORROW
                         NORMAL
 MAXIMUM TEMPERATURE (F)   69
 MINIMUM TEMPERATURE (F)   46


SUNRISE AND SUNSET
MAY 14 2017...........SUNRISE   617 AM EDT   SUNSET   852 PM EDT
MAY 15 2017...........SUNRISE   616 AM EDT   SUNSET   853 PM EDT


-  INDICATES NEGATIVE NUMBERS.
R  INDICATES RECORD WAS SET OR TIED.
MM INDICATES DATA IS MISSING.
T  INDICATES TRACE AMOUNT.




$$

JAM
