000
CDUS43 KGRR 221331
CLIJXN


CLIMATE REPORT
NATIONAL WEATHER SERVICE GRAND RAPIDS, MI
930 AM EDT FRI APR 22 2016


...................................

...THE JACKSON MI CLIMATE SUMMARY FOR APRIL 22 2016...
VALID AS OF 0900 AM LOCAL TIME.

CLIMATE NORMAL PERIOD 1981 TO 2010
CLIMATE RECORD PERIOD 1944 TO 9999


WEATHER ITEM   OBSERVED TIME   NORMAL DEPARTURE LAST
                VALUE   (LST)  VALUE  FROM      YEAR
                                      NORMAL
......................................................
TEMPERATURE (F)
 TODAY
  MAXIMUM         54    759 AM  61     -7       38
  MINIMUM         48    221 AM  39      9       33
  AVERAGE         51            50      1       36

PRECIPITATION (IN)
  TODAY            0.00          0.08  -0.08      T
  MONTH TO DATE    1.76          1.90  -0.14     2.32
  SINCE MAR 1      4.41          3.80   0.61     2.80
  SINCE JAN 1      6.28          6.58  -0.30     4.88

DEGREE DAYS
 HEATING
  TODAY           14            15     -1       29
  MONTH TO DATE  447           413     34      342
  SINCE MAR 1   1156          1323   -167     1336
  SINCE JUL 1   5278          6237   -959     6840

 COOLING
  TODAY            0             0      0        0
  MONTH TO DATE    0             0      0        0
  SINCE MAR 1      0             0      0        0
  SINCE JAN 1      0             0      0        0
......................................................


WIND (MPH)
  RESULTANT WIND SPEED   1   RESULTANT WIND DIRECTION   W (260)
  HIGHEST WIND SPEED    10   HIGHEST WIND DIRECTION     N (20)
  HIGHEST GUST SPEED    14   HIGHEST GUST DIRECTION     N (10)
  AVERAGE WIND SPEED     2.0


SKY COVER
  AVERAGE SKY COVER 0.9


WEATHER CONDITIONS
 THE FOLLOWING WEATHER WAS RECORDED TODAY.
  FOG
  FOG W/VISIBILITY <= 1/4 MILE


RELATIVE HUMIDITY (PERCENT)
 HIGHEST    96           200 AM
 LOWEST     89          1200 AM
 AVERAGE    93

..........................................................


THE JACKSON MI CLIMATE NORMALS FOR TOMORROW
                         NORMAL
 MAXIMUM TEMPERATURE (F)   62
 MINIMUM TEMPERATURE (F)   40


SUNRISE AND SUNSET
APRIL 22 2016.........SUNRISE   645 AM EDT   SUNSET   828 PM EDT
APRIL 23 2016.........SUNRISE   644 AM EDT   SUNSET   829 PM EDT


-  INDICATES NEGATIVE NUMBERS.
R  INDICATES RECORD WAS SET OR TIED.
MM INDICATES DATA IS MISSING.
T  INDICATES TRACE AMOUNT.




$$
