000
CDUS43 KGRR 200514
CLIJXN


CLIMATE REPORT
NATIONAL WEATHER SERVICE GRAND RAPIDS, MI
114 AM EDT WED MAY 20 2015


...................................

...THE JACKSON MI CLIMATE SUMMARY FOR MAY 19 2015...

CLIMATE NORMAL PERIOD 1981 TO 2010
CLIMATE RECORD PERIOD 1944 TO 9999


WEATHER ITEM   OBSERVED TIME   NORMAL DEPARTURE LAST
                VALUE   (LST)  VALUE  FROM      YEAR
                                      NORMAL
......................................................
TEMPERATURE (F)
 YESTERDAY
  MAXIMUM         56   1204 AM  70    -14       68
  MINIMUM         37   1144 PM  47    -10       40
  AVERAGE         47            59    -12       54

PRECIPITATION (IN)
  YESTERDAY        0.00          0.12  -0.12     0.02
  MONTH TO DATE    2.68          1.97   0.71     3.62
  SINCE MAR 1      5.75          6.48  -0.73     7.55
  SINCE JAN 1      7.83          9.26  -1.43    11.83

DEGREE DAYS
 HEATING
  YESTERDAY       18             8     10       11
  MONTH TO DATE   92           187    -95      221
  SINCE MAR 1   1596          1619    -23     1922
  SINCE JUL 1   7100          6533    567     7486

 COOLING
  YESTERDAY        0             1     -1        0
  MONTH TO DATE   30            12     18       13
  SINCE MAR 1     30            18     12       13
  SINCE JAN 1     30            18     12       13
......................................................


WIND (MPH)
  RESULTANT WIND SPEED  12   RESULTANT WIND DIRECTION   W (290)
  HIGHEST WIND SPEED    22   HIGHEST WIND DIRECTION    NW (320)
  HIGHEST GUST SPEED    28   HIGHEST GUST DIRECTION    NW (300)
  AVERAGE WIND SPEED    12.3


SKY COVER
  AVERAGE SKY COVER 0.6


WEATHER CONDITIONS
 THE FOLLOWING WEATHER WAS RECORDED YESTERDAY.
  NO SIGNIFICANT WEATHER WAS OBSERVED.


RELATIVE HUMIDITY (PERCENT)
 HIGHEST    77           300 AM
 LOWEST     54           300 PM
 AVERAGE    66

..........................................................


THE JACKSON MI CLIMATE NORMALS FOR TODAY
                         NORMAL
 MAXIMUM TEMPERATURE (F)   70
 MINIMUM TEMPERATURE (F)   47


SUNRISE AND SUNSET
MAY 20 2015...........SUNRISE   612 AM EDT   SUNSET   857 PM EDT
MAY 21 2015...........SUNRISE   611 AM EDT   SUNSET   858 PM EDT


-  INDICATES NEGATIVE NUMBERS.
R  INDICATES RECORD WAS SET OR TIED.
MM INDICATES DATA IS MISSING.
T  INDICATES TRACE AMOUNT.




$$
