000
CDUS43 KGRR 261334
CLIJXN


CLIMATE REPORT
NATIONAL WEATHER SERVICE GRAND RAPIDS, MI
933 AM EDT SUN JUL 26 2015


...................................

...THE JACKSON MI CLIMATE SUMMARY FOR JULY 26 2015...
VALID AS OF 0900 AM LOCAL TIME.

CLIMATE NORMAL PERIOD 1981 TO 2010
CLIMATE RECORD PERIOD 1944 TO 9999


WEATHER ITEM   OBSERVED TIME   NORMAL DEPARTURE LAST
                VALUE   (LST)  VALUE  FROM      YEAR
                                      NORMAL
......................................................
TEMPERATURE (F)
 TODAY
  MAXIMUM         74    759 AM  82     -8       80
  MINIMUM         63    533 AM  60      3       58
  AVERAGE         69            71     -2       69

PRECIPITATION (IN)
  TODAY            0.00          0.12  -0.12     0.00
  MONTH TO DATE    2.58          2.95  -0.37     3.09
  SINCE JUN 1      9.81          6.22   3.59     7.85
  SINCE JAN 1     20.44         16.82   3.62    20.18

DEGREE DAYS
 HEATING
  TODAY            0             0      0        0
  MONTH TO DATE   13             1     12       20
  SINCE JUN 1     45            56    -11       51
  SINCE JUL 1     13             1     12       20

 COOLING
  TODAY            4             6     -2        4
  MONTH TO DATE  102           174    -72       91
  SINCE JUN 1    188           300   -112      232
  SINCE JAN 1    243           337    -94      266
......................................................


WIND (MPH)
  RESULTANT WIND SPEED   1   RESULTANT WIND DIRECTION   N (10)
  HIGHEST WIND SPEED     8   HIGHEST WIND DIRECTION     E (100)
  HIGHEST GUST SPEED    12   HIGHEST GUST DIRECTION     E (110)
  AVERAGE WIND SPEED     2.3


SKY COVER
  AVERAGE SKY COVER 0.5


WEATHER CONDITIONS
 THE FOLLOWING WEATHER WAS RECORDED TODAY.
  FOG
  FOG W/VISIBILITY <= 1/4 MILE


RELATIVE HUMIDITY (PERCENT)
 HIGHEST   100           200 AM
 LOWEST     84           800 AM
 AVERAGE    92

..........................................................


THE JACKSON MI CLIMATE NORMALS FOR TOMORROW
                         NORMAL
 MAXIMUM TEMPERATURE (F)   82
 MINIMUM TEMPERATURE (F)   60


SUNRISE AND SUNSET
JULY 26 2015..........SUNRISE   624 AM EDT   SUNSET   904 PM EDT
JULY 27 2015..........SUNRISE   625 AM EDT   SUNSET   903 PM EDT


-  INDICATES NEGATIVE NUMBERS.
R  INDICATES RECORD WAS SET OR TIED.
MM INDICATES DATA IS MISSING.
T  INDICATES TRACE AMOUNT.




$$

JAM
