000
CDUS43 KGRR 051333
CLIJXN


CLIMATE REPORT
NATIONAL WEATHER SERVICE GRAND RAPIDS, MI
931 AM EDT SAT JUL 5 2014


...................................

...THE JACKSON MI CLIMATE SUMMARY FOR JULY 5 2014...
VALID AS OF 0900 AM LOCAL TIME.

CLIMATE NORMAL PERIOD 1981 TO 2010
CLIMATE RECORD PERIOD 9999 TO 9999


WEATHER ITEM   OBSERVED TIME   RECORD YEAR NORMAL DEPARTURE LAST
                VALUE   (LST)  VALUE       VALUE  FROM      YEAR
                                                  NORMAL
..................................................................
TEMPERATURE (F)
 TODAY
  MAXIMUM         67    759 AM  MM      MM  82    -15       84
  MINIMUM         49    546 AM  MM      MM  60    -11       65
  AVERAGE         58                        71    -13       75

PRECIPITATION (IN)
  TODAY            0.00         MM      MM   0.10  -0.10     0.00
  MONTH TO DATE    0.82                      0.54   0.28      T
  SINCE JUN 1      5.58                      3.81   1.77     4.62
  SINCE JAN 1     17.91                     14.41   3.50    17.24

DEGREE DAYS
 HEATING
  TODAY            7                         0      7        0
  MONTH TO DATE   12                         1     11        1
  SINCE JUN 1     43                        56    -13       58

 COOLING
  TODAY            0                         7     -7       10
  MONTH TO DATE   11                        33    -22       25
  SINCE JUN 1    152                       159     -7      142
..................................................................


WIND (MPH)
  HIGHEST WIND SPEED     9   HIGHEST WIND DIRECTION     S (200)
  HIGHEST GUST SPEED    11   HIGHEST GUST DIRECTION    SW (210)



WEATHER CONDITIONS
 THE FOLLOWING WEATHER WAS RECORDED TODAY.
  FOG


..........................................................




SUNRISE AND SUNSET
JULY  5 2014..........SUNRISE   607 AM EDT   SUNSET   917 PM EDT
JULY  6 2014..........SUNRISE   608 AM EDT   SUNSET   917 PM EDT


-  INDICATES NEGATIVE NUMBERS.
R  INDICATES RECORD WAS SET OR TIED.
MM INDICATES DATA IS MISSING.
T  INDICATES TRACE AMOUNT.




$$

63
