000
CDUS43 KGRR 130516
CLIJXN


CLIMATE REPORT
NATIONAL WEATHER SERVICE GRAND RAPIDS, MI
1216 AM EST SAT DEC 13 2014


...................................

...THE JACKSON MI CLIMATE SUMMARY FOR DECEMBER 12 2014...

CLIMATE NORMAL PERIOD 1981 TO 2010
CLIMATE RECORD PERIOD 1944 TO 9999


WEATHER ITEM   OBSERVED TIME   NORMAL DEPARTURE LAST
                VALUE   (LST)  VALUE  FROM      YEAR
                                      NORMAL
......................................................
TEMPERATURE (F)
 YESTERDAY
  MAXIMUM         35    251 PM  35      0       20
  MINIMUM         26    208 AM  22      4        2
  AVERAGE         31            29      2       11

PRECIPITATION (IN)
  YESTERDAY        0.00          0.05  -0.05      T
  MONTH TO DATE    0.11          0.77  -0.66     0.12
  SINCE DEC 1      0.11          0.77  -0.66     0.12
  SINCE JAN 1     28.28         30.40  -2.12    31.12

DEGREE DAYS
 HEATING
  YESTERDAY       34            36     -2       54
  MONTH TO DATE  423           408     15      452
  SINCE DEC 1    423           408     15      452
  SINCE JUL 1   2034          1812    222     1923

 COOLING
  YESTERDAY        0             0      0        0
  MONTH TO DATE    0             0      0        0
  SINCE DEC 1      0             0      0        0
  SINCE JAN 1    496           592    -96      616
......................................................


WIND (MPH)
  RESULTANT WIND SPEED   8   RESULTANT WIND DIRECTION   W (280)
  HIGHEST WIND SPEED    15   HIGHEST WIND DIRECTION     W (270)
  HIGHEST GUST SPEED    20   HIGHEST GUST DIRECTION     W (290)
  AVERAGE WIND SPEED     8.6


SKY COVER
  AVERAGE SKY COVER 0.9


WEATHER CONDITIONS
 THE FOLLOWING WEATHER WAS RECORDED YESTERDAY.
  FOG


RELATIVE HUMIDITY (PERCENT)
 HIGHEST   100           700 PM
 LOWEST     75           200 PM
 AVERAGE    88

..........................................................


THE JACKSON MI CLIMATE NORMALS FOR TODAY
                         NORMAL
 MAXIMUM TEMPERATURE (F)   35
 MINIMUM TEMPERATURE (F)   22


SUNRISE AND SUNSET
DECEMBER 13 2014......SUNRISE   758 AM EST   SUNSET   506 PM EST
DECEMBER 14 2014......SUNRISE   759 AM EST   SUNSET   506 PM EST


-  INDICATES NEGATIVE NUMBERS.
R  INDICATES RECORD WAS SET OR TIED.
MM INDICATES DATA IS MISSING.
T  INDICATES TRACE AMOUNT.




$$

CAS
