000
CDUS43 KGRR 211331
CLIJXN


CLIMATE REPORT
NATIONAL WEATHER SERVICE GRAND RAPIDS, MI
931 AM EDT TUE MAR 21 2017


...................................

...THE JACKSON MI CLIMATE SUMMARY FOR MARCH 21 2017...
VALID AS OF 0900 AM LOCAL TIME.

CLIMATE NORMAL PERIOD 1981 TO 2010
CLIMATE RECORD PERIOD 1944 TO 9999


WEATHER ITEM   OBSERVED TIME   NORMAL DEPARTURE LAST
                VALUE   (LST)  VALUE  FROM      YEAR
                                      NORMAL
......................................................
TEMPERATURE (F)
 TODAY
  MAXIMUM         39    124 AM  48     -9       46
  MINIMUM         32    737 AM  28      4       26
  AVERAGE         36            38     -2       36

PRECIPITATION (IN)
  TODAY            0.00          0.07  -0.07     0.00
  MONTH TO DATE    1.43          1.21   0.22     0.52
  SINCE MAR 1      1.43          1.21   0.22     0.52
  SINCE JAN 1      6.37          3.99   2.38     2.39

DEGREE DAYS
 HEATING
  TODAY           29            27      2       29
  MONTH TO DATE  699           658     41      510
  SINCE MAR 1    699           658     41      510
  SINCE JUL 1   4707          5572   -865     4632

 COOLING
  TODAY            0             0      0        0
  MONTH TO DATE    0             0      0        0
  SINCE MAR 1      0             0      0        0
  SINCE JAN 1      0             0      0        0
......................................................


WIND (MPH)
  RESULTANT WIND SPEED   3   RESULTANT WIND DIRECTION  NW (300)
  HIGHEST WIND SPEED     7   HIGHEST WIND DIRECTION     N (340)
  HIGHEST GUST SPEED    10   HIGHEST GUST DIRECTION    NW (320)
  AVERAGE WIND SPEED     3.8


SKY COVER
  AVERAGE SKY COVER 0.6


WEATHER CONDITIONS
 THE FOLLOWING WEATHER WAS RECORDED TODAY.
  FOG
  FOG W/VISIBILITY <= 1/4 MILE


RELATIVE HUMIDITY (PERCENT)
 HIGHEST   100           100 AM
 LOWEST     92           800 AM
 AVERAGE    96

..........................................................


THE JACKSON MI CLIMATE NORMALS FOR TOMORROW
                         NORMAL
 MAXIMUM TEMPERATURE (F)   48
 MINIMUM TEMPERATURE (F)   28


SUNRISE AND SUNSET
MARCH 21 2017.........SUNRISE   739 AM EDT   SUNSET   752 PM EDT
MARCH 22 2017.........SUNRISE   737 AM EDT   SUNSET   753 PM EDT


-  INDICATES NEGATIVE NUMBERS.
R  INDICATES RECORD WAS SET OR TIED.
MM INDICATES DATA IS MISSING.
T  INDICATES TRACE AMOUNT.




$$
