000
CDUS43 KGRR 121333
CLIJXN


CLIMATE REPORT
NATIONAL WEATHER SERVICE GRAND RAPIDS, MI
933 AM EDT FRI SEP 12 2014


...................................

...THE JACKSON MI CLIMATE SUMMARY FOR SEPTEMBER 12 2014...
VALID AS OF 0900 AM LOCAL TIME.

CLIMATE NORMAL PERIOD 1981 TO 2010
CLIMATE RECORD PERIOD 9999 TO 9999


WEATHER ITEM   OBSERVED TIME   RECORD YEAR NORMAL DEPARTURE LAST
                VALUE   (LST)  VALUE       VALUE  FROM      YEAR
                                                  NORMAL
..................................................................
TEMPERATURE (F)
 TODAY
  MAXIMUM         51    320 AM  MM      MM  74    -23       78
  MINIMUM         48    636 AM  MM      MM  53     -5       53
  AVERAGE         50                        63    -13       66

PRECIPITATION (IN)
  TODAY            0.06         MM      MM   0.11  -0.05      T
  MONTH TO DATE    0.88                      1.36  -0.48     2.12
  SINCE SEP 1      0.88                      1.36  -0.48     2.12
  SINCE JAN 1     23.89                     22.28   1.61    26.67

DEGREE DAYS
 HEATING
  TODAY           15                         4     11        0
  MONTH TO DATE   27                        31     -4        8
  SINCE SEP 1     27                        31     -4        8

 COOLING
  TODAY            0                         2     -2        1
  MONTH TO DATE   49                        35     14       55
  SINCE SEP 1     49                        35     14       55
..................................................................


WIND (MPH)
  HIGHEST WIND SPEED     8   HIGHEST WIND DIRECTION    NE (30)
  HIGHEST GUST SPEED    13   HIGHEST GUST DIRECTION    NE (30)



WEATHER CONDITIONS
 THE FOLLOWING WEATHER WAS RECORDED TODAY.
  RAIN
  LIGHT RAIN
  FOG


..........................................................




SUNRISE AND SUNSET
SEPTEMBER 12 2014.....SUNRISE   715 AM EDT   SUNSET   753 PM EDT
SEPTEMBER 13 2014.....SUNRISE   716 AM EDT   SUNSET   751 PM EDT


-  INDICATES NEGATIVE NUMBERS.
R  INDICATES RECORD WAS SET OR TIED.
MM INDICATES DATA IS MISSING.
T  INDICATES TRACE AMOUNT.




$$
