000
CDUS43 KGRR 232227
CLIJXN


CLIMATE REPORT
NATIONAL WEATHER SERVICE GRAND RAPIDS, MI
527 PM EST FRI JAN 23 2015


...................................

...THE JACKSON MI CLIMATE SUMMARY FOR JANUARY 23 2015...
VALID TODAY AS OF 0500 PM LOCAL TIME.

CLIMATE NORMAL PERIOD 1981 TO 2010
CLIMATE RECORD PERIOD 1944 TO 9999


WEATHER ITEM   OBSERVED TIME   RECORD YEAR NORMAL DEPARTURE LAST
                VALUE   (LST)  VALUE       VALUE  FROM      YEAR
                                                  NORMAL
..................................................................
TEMPERATURE (F)
 TODAY
  MAXIMUM         31    124 PM  MM      MM  31      0       15
  MINIMUM         26    151 AM  MM      MM  16     10        2
  AVERAGE         29                        23      6        9

PRECIPITATION (IN)
  TODAY            0.00         MM      MM   0.04  -0.04      T
  MONTH TO DATE    0.98                      1.18  -0.20     1.76
  SINCE DEC 1      2.38                      3.05  -0.67     3.68
  SINCE JAN 1      0.98                      1.18  -0.20     1.76

DEGREE DAYS
 HEATING
  TODAY           36                        42     -6       56
  MONTH TO DATE 1033                       955     78     1121
  SINCE DEC 1   2052                      2099    -47     2330
  SINCE JUL 1   3663                      3503    160     3801

 COOLING
  TODAY            0                         0      0        0
  MONTH TO DATE    0                         0      0        0
  SINCE DEC 1      0                         0      0        0
  SINCE JAN 1      0                         0      0        0
..................................................................


WIND (MPH)
  RESULTANT WIND SPEED  11   RESULTANT WIND DIRECTION  SW (240)
  HIGHEST WIND SPEED    18   HIGHEST WIND DIRECTION    SW (220)
  HIGHEST GUST SPEED    22   HIGHEST GUST DIRECTION    SW (230)
  AVERAGE WIND SPEED    10.7



WEATHER CONDITIONS
 THE FOLLOWING WEATHER WAS RECORDED TODAY.
  NO SIGNIFICANT WEATHER WAS OBSERVED.


RELATIVE HUMIDITY (PERCENT)
 HIGHEST    81           600 AM
 LOWEST     69           400 PM
 AVERAGE    75

..........................................................




SUNRISE AND SUNSET
JANUARY 23 2015.......SUNRISE   759 AM EST   SUNSET   540 PM EST
JANUARY 24 2015.......SUNRISE   759 AM EST   SUNSET   542 PM EST


-  INDICATES NEGATIVE NUMBERS.
R  INDICATES RECORD WAS SET OR TIED.
MM INDICATES DATA IS MISSING.
T  INDICATES TRACE AMOUNT.




$$
