000
CDUS43 KGRR 132130
CLIJXN


CLIMATE REPORT
NATIONAL WEATHER SERVICE GRAND RAPIDS, MI
526 PM EDT WED AUG 13 2014


...................................

...THE JACKSON MI CLIMATE SUMMARY FOR AUGUST 13 2014...
VALID TODAY AS OF 0500 PM LOCAL TIME.

CLIMATE NORMAL PERIOD 1981 TO 2010


WEATHER ITEM   OBSERVED TIME   RECORD YEAR NORMAL DEPARTURE LAST
                VALUE   (LST)  VALUE       VALUE  FROM      YEAR
                                                  NORMAL
..................................................................
TEMPERATURE (F)
 TODAY
  MAXIMUM         76    359 PM  MM      MM  81     -5       68
  MINIMUM         52    551 AM  MM      MM  60     -8       50
  AVERAGE         64                        70     -6       59

PRECIPITATION (IN)
  TODAY            0.00         MM      MM   0.11  -0.11     0.00
  MONTH TO DATE    1.33                      1.49  -0.16     2.81
  SINCE JUN 1      9.23                      8.34   0.89     9.41
  SINCE JAN 1     21.56                     18.94   2.62    22.03

DEGREE DAYS
 HEATING
  TODAY            1                         1      0        6
  MONTH TO DATE    1                         9     -8       14
  SINCE JUN 1     62                        75    -13       92
  SINCE JUL 1     31                        20     11       35

 COOLING
  TODAY            0                         6     -6        0
  MONTH TO DATE   52                        78    -26       39
  SINCE JUN 1    291                       406   -115      371
  SINCE JAN 1    325                       443   -118      438
..................................................................


WIND (MPH)
  RESULTANT WIND SPEED   7   RESULTANT WIND DIRECTION  NW (300)
  HIGHEST WIND SPEED    14   HIGHEST WIND DIRECTION    NW (300)
  HIGHEST GUST SPEED    21   HIGHEST GUST DIRECTION    NW (310)
  AVERAGE WIND SPEED     7.6



WEATHER CONDITIONS
 THE FOLLOWING WEATHER WAS RECORDED TODAY.
  NO SIGNIFICANT WEATHER WAS OBSERVED.


RELATIVE HUMIDITY (PERCENT)
 HIGHEST    96           500 AM
 LOWEST     49           200 PM
 AVERAGE    73

..........................................................




SUNRISE AND SUNSET
AUGUST 13 2014........SUNRISE   643 AM EDT   SUNSET   842 PM EDT
AUGUST 14 2014........SUNRISE   644 AM EDT   SUNSET   840 PM EDT


-  INDICATES NEGATIVE NUMBERS.
R  INDICATES RECORD WAS SET OR TIED.
MM INDICATES DATA IS MISSING.
T  INDICATES TRACE AMOUNT.




$$

CAS
