000
CDUS43 KGRR 170532
CLIJXN


CLIMATE REPORT
NATIONAL WEATHER SERVICE GRAND RAPIDS, MI
132 AM EDT WED AUG 17 2016


...................................

...THE JACKSON MI CLIMATE SUMMARY FOR AUGUST 16 2016...

CLIMATE NORMAL PERIOD 1981 TO 2010
CLIMATE RECORD PERIOD 1944 TO 9999


WEATHER ITEM   OBSERVED TIME   NORMAL DEPARTURE LAST
                VALUE   (LST)  VALUE  FROM      YEAR
                                      NORMAL
......................................................
TEMPERATURE (F)
 YESTERDAY
  MAXIMUM         81    422 PM  80      1       85
  MINIMUM         69    119 AM  59     10       65
  AVERAGE         75            70      5       75

PRECIPITATION (IN)
  YESTERDAY        3.60          0.12   3.48     0.00
  MONTH TO DATE    8.09          1.84   6.25     2.68
  SINCE JUN 1     15.39          8.69   6.70    12.51
  SINCE JAN 1     24.89         19.29   5.60    23.14

DEGREE DAYS
 HEATING
  YESTERDAY        0             1     -1        0
  MONTH TO DATE    0            12    -12        1
  SINCE JUN 1     34            78    -44       46
  SINCE JUL 1      4            23    -19       14

 COOLING
  YESTERDAY       10             5      5       10
  MONTH TO DATE  163            95     68       81
  SINCE JUN 1    572           423    149      320
  SINCE JAN 1    625           460    165      375
......................................................


WIND (MPH)
  RESULTANT WIND SPEED   8   RESULTANT WIND DIRECTION   S (190)
  HIGHEST WIND SPEED    20   HIGHEST WIND DIRECTION    SW (220)
  HIGHEST GUST SPEED    24   HIGHEST GUST DIRECTION    SW (220)
  AVERAGE WIND SPEED    12.3


SKY COVER
  AVERAGE SKY COVER 1.0


WEATHER CONDITIONS
 THE FOLLOWING WEATHER WAS RECORDED YESTERDAY.
  HEAVY RAIN
  RAIN
  LIGHT RAIN
  FOG


RELATIVE HUMIDITY (PERCENT)
 HIGHEST    MM          1200 AM
 LOWEST     MM           500 AM
 AVERAGE    MM

..........................................................


THE JACKSON MI CLIMATE NORMALS FOR TODAY
                         NORMAL
 MAXIMUM TEMPERATURE (F)   80
 MINIMUM TEMPERATURE (F)   59


SUNRISE AND SUNSET
AUGUST 17 2016........SUNRISE   648 AM EDT   SUNSET   835 PM EDT
AUGUST 18 2016........SUNRISE   649 AM EDT   SUNSET   833 PM EDT


-  INDICATES NEGATIVE NUMBERS.
R  INDICATES RECORD WAS SET OR TIED.
MM INDICATES DATA IS MISSING.
T  INDICATES TRACE AMOUNT.




$$
