889
CDUS43 KGRR 220518
CLIJXN


CLIMATE REPORT
NATIONAL WEATHER SERVICE GRAND RAPIDS, MI
118 AM EDT SUN MAY 22 2016


...................................

...THE JACKSON MI CLIMATE SUMMARY FOR MAY 21 2016...

CLIMATE NORMAL PERIOD 1981 TO 2010
CLIMATE RECORD PERIOD 1944 TO 9999


WEATHER ITEM   OBSERVED TIME   NORMAL DEPARTURE LAST
                VALUE   (LST)  VALUE  FROM      YEAR
                                      NORMAL
......................................................
TEMPERATURE (F)
 YESTERDAY
  MAXIMUM         73    324 PM  71      2       63
  MINIMUM         51   1159 PM  48      3       44
  AVERAGE         62            59      3       54

PRECIPITATION (IN)
  YESTERDAY        0.00          0.12  -0.12     0.00
  MONTH TO DATE    1.66          2.20  -0.54     2.70
  SINCE MAR 1      7.58          6.71   0.87     5.77
  SINCE JAN 1      9.45          9.49  -0.04     7.85

DEGREE DAYS
 HEATING
  YESTERDAY        3             7     -4       11
  MONTH TO DATE  240           201     39      121
  SINCE MAR 1   1506          1633   -127     1625
  SINCE JUL 1   5628          6547   -919     7129

 COOLING
  YESTERDAY        0             1     -1        0
  MONTH TO DATE    1            14    -13       30
  SINCE MAR 1      1            20    -19       30
  SINCE JAN 1      1            20    -19       30
......................................................


WIND (MPH)
  RESULTANT WIND SPEED   5   RESULTANT WIND DIRECTION   N (20)
  HIGHEST WIND SPEED    16   HIGHEST WIND DIRECTION    NE (30)
  HIGHEST GUST SPEED    22   HIGHEST GUST DIRECTION    NE (30)
  AVERAGE WIND SPEED     6.7


SKY COVER
  AVERAGE SKY COVER 0.3


WEATHER CONDITIONS
 THE FOLLOWING WEATHER WAS RECORDED YESTERDAY.
  NO SIGNIFICANT WEATHER WAS OBSERVED.


RELATIVE HUMIDITY (PERCENT)
 HIGHEST    83          1100 PM
 LOWEST     29           600 PM
 AVERAGE    56

..........................................................


THE JACKSON MI CLIMATE NORMALS FOR TODAY
                         NORMAL
 MAXIMUM TEMPERATURE (F)   71
 MINIMUM TEMPERATURE (F)   48


SUNRISE AND SUNSET
MAY 22 2016...........SUNRISE   610 AM EDT   SUNSET   900 PM EDT
MAY 23 2016...........SUNRISE   609 AM EDT   SUNSET   901 PM EDT


-  INDICATES NEGATIVE NUMBERS.
R  INDICATES RECORD WAS SET OR TIED.
MM INDICATES DATA IS MISSING.
T  INDICATES TRACE AMOUNT.




$$
