000
CDUS43 KGRR 091437
CLIJXN


CLIMATE REPORT
NATIONAL WEATHER SERVICE GRAND RAPIDS, MI
937 AM EST THU FEB 9 2017


...................................

...THE JACKSON MI CLIMATE SUMMARY FOR FEBRUARY 9 2017...
VALID AS OF 0900 AM LOCAL TIME.

CLIMATE NORMAL PERIOD 1981 TO 2010
CLIMATE RECORD PERIOD 1944 TO 9999


WEATHER ITEM   OBSERVED TIME   NORMAL DEPARTURE LAST
                VALUE   (LST)  VALUE  FROM      YEAR
                                      NORMAL
......................................................
TEMPERATURE (F)
 TODAY
  MAXIMUM         23   1217 AM  33    -10       31
  MINIMUM         15    827 AM  17     -2       22
  AVERAGE         19            25     -6       27

PRECIPITATION (IN)
  TODAY            T             0.04  -0.04     0.07
  MONTH TO DATE    1.27          0.36   0.91     0.26
  SINCE DEC 1      4.63          3.72   0.91     3.29
  SINCE JAN 1      3.75          1.85   1.90     0.98

DEGREE DAYS
 HEATING
  TODAY           46            40      6       38
  MONTH TO DATE  347           365    -18      289
  SINCE DEC 1   2593          2792   -199     2261
  SINCE JUL 1   3563          4196   -633     3382

 COOLING
  TODAY            0             0      0        0
  MONTH TO DATE    0             0      0        0
  SINCE DEC 1      0             0      0        0
  SINCE JAN 1      0             0      0        0
......................................................


WIND (MPH)
  RESULTANT WIND SPEED  11   RESULTANT WIND DIRECTION  NW (310)
  HIGHEST WIND SPEED    22   HIGHEST WIND DIRECTION     W (290)
  HIGHEST GUST SPEED    31   HIGHEST GUST DIRECTION     W (280)
  AVERAGE WIND SPEED    11.9


SKY COVER
  AVERAGE SKY COVER 1.0


WEATHER CONDITIONS
 THE FOLLOWING WEATHER WAS RECORDED TODAY.
  LIGHT SNOW
  HAZE


RELATIVE HUMIDITY (PERCENT)
 HIGHEST    74          1200 AM
 LOWEST     61           900 AM
 AVERAGE    68

..........................................................


THE JACKSON MI CLIMATE NORMALS FOR TOMORROW
                         NORMAL
 MAXIMUM TEMPERATURE (F)   33
 MINIMUM TEMPERATURE (F)   17


SUNRISE AND SUNSET
FEBRUARY  9 2017......SUNRISE   742 AM EST   SUNSET   603 PM EST
FEBRUARY 10 2017......SUNRISE   740 AM EST   SUNSET   604 PM EST


-  INDICATES NEGATIVE NUMBERS.
R  INDICATES RECORD WAS SET OR TIED.
MM INDICATES DATA IS MISSING.
T  INDICATES TRACE AMOUNT.




$$
