000
CXUS53 KGID 030217 CCA
CF6JYR
PRELIMINARY LOCAL CLIMATOLOGICAL DATA (WS FORM: F-6)
STATION: YORK NE
MONTH: JUNE
YEAR: 2022
LATITUDE: 40 54 N
LONGITUDE: 97 37 W
TEMPERATURE IN F: :PCPN: SNOW: WIND :SUNSHINE: SKY :PK WND
================================================================================
1 2 3 4 5 6A 6B 7 8 9 10 11 12 13 14 15 16 17 18
12Z AVG MX 2MIN
DY MAX MIN AVG DEP HDD CDD WTR SNW DPTH SPD SPD DIR MIN PSBL S-S WX SPD DR
================================================================================
1 70 50 60 M 5 0 0.00 M M 7.3 16 10 M M 1 22 10
2 79 45 62 M 3 0 0.00 M M 5.4 12 280 M M 2 28 270
3 82 55 69 M 0 4 0.00 M M 7.6 16 190 M M 3 25 200
4 81 61 71 M 0 6 1.75 M M 12.9 18 140 M M 4 238 40 140
5 75 59 67 M 0 2 0.09 M M 6.6 16 140 M M 4 12 20 200
6 79 59 69 M 0 4 T M M 7.1 16 20 M M 3 12 22 20
7 75 61 68 M 0 3 0.87 M M 9.0 40 10 M M 6 13 48 10
8 75 59 67 M 0 2 0.00 M M 9.1 15 340 M M 1 1 23 340
9 77 57 67 M 0 2 0.27 M M 6.4 14 120 M M 3 13 24 100
10 81 61 71 M 0 6 0.00 M M 4.6 12 130 M M 3 17 130
11 93 64 79 M 0 14 0.00 M M 6.0 15 10 M M 3 22 10
12 88 66 77 M 0 12 0.01 M M 7.8 16 30 M M 1 13 35 30
13 99 73 86 M 0 21 0.00 M M 13.4 22 180 M M 1 35 200
14 88 63 76 M 0 11 0.95 M M 12.4 25 210 M M 3 38 43 100
15 79 63 71 M 0 6 0.77 M M 11.2 22 40 M M 5 28 90
16 86 59 73 M 0 8 0.01 M M 8.8 13 120 M M 3 23 40
17 88 66 77 M 0 12 0.00 M M 11.5 21 110 M M 3 23 110
18 91 73 82 M 0 17 0.00 M M 13.3 22 160 M M 0 27 170
19 91 73 82 M 0 17 0.00 M M 16.7 25 170 M M 0 32 180
20 93 75 84 M 0 19 0.00 M M 18.2 24 180 M M 0 32 190
21 82 66 74 M 0 9 0.00 M M 8.5 18 190 M M 1 27 190
22 86 63 75 M 0 10 0.00 M M 5.3 10 170 M M 0 16 180
23 84 68 76 M 0 11 0.00 M M 11.9 16 170 M M 3 25 180
24 86 72 79 M 0 14 T M M 11.3 18 140 M M 4 25 140
25 81 63 72 M 0 7 0.01 M M 12.9 29 300 M M 2 1 41 300
26 79 52 66 M 0 1 0.00 M M 6.8 13 360 M M 0 20 300
27 81 54 68 M 0 3 0.00 M M 5.8 15 180 M M 2 8 20 160
28 90 54 72 M 0 7 0.00 M M 12.6 21 220 M M 0 28 220
29 93 64 79 M 0 14 0.00 M M 15.9 24 180 M M 0 36 180
30 91 70 81 M 0 16 0.00 M M 11.9 22 190 M M 1 8 28 190
================================================================================
SM 2523 1868 8 258 4.73 M 298.2 M 62
================================================================================
AV 84.1 62.3 9.9 FASTST M M 2 MAX(MPH)
MISC ----> 40 10 48 10
================================================================================
NOTES:
# LAST OF SEVERAL OCCURRENCES
COLUMN 17 PEAK WIND IN M.P.H.
PRELIMINARY LOCAL CLIMATOLOGICAL DATA (WS FORM: F-6) , PAGE 2
STATION: YORK NE
MONTH: JUNE
YEAR: 2022
LATITUDE: 40 54 N
LONGITUDE: 97 37 W
[TEMPERATURE DATA] [PRECIPITATION DATA] SYMBOLS USED IN COLUMN 16
AVERAGE MONTHLY: 73.2 TOTAL FOR MONTH: 4.73 1 = FOG OR MIST
DPTR FM NORMAL: M DPTR FM NORMAL: M 2 = FOG REDUCING VISIBILITY
HIGHEST: 99 ON 13 GRTST 24HR 1.75 ON 4- 4 TO 1/4 MILE OR LESS
LOWEST: 45 ON 2 3 = THUNDER
SNOW, ICE PELLETS, HAIL 4 = ICE PELLETS
TOTAL MONTH: M 5 = HAIL
GRTST 24HR M ON M 6 = FREEZING RAIN OR DRIZZLE
GRTST DEPTH: M ON M 7 = DUSTSTORM OR SANDSTORM:
VSBY 1/2 MILE OR LESS
8 = SMOKE OR HAZE
[NO. OF DAYS WITH] [WEATHER - DAYS WITH] 9 = BLOWING SNOW
X = TORNADO
MAX 32 OR BELOW: 0 0.01 INCH OR MORE: 9
MAX 90 OR ABOVE: 8 0.10 INCH OR MORE: 5
MIN 32 OR BELOW: 0 0.50 INCH OR MORE: 4
MIN 0 OR BELOW: 0 1.00 INCH OR MORE: 1
[HDD (BASE 65) ]
TOTAL THIS MO. 8 CLEAR (SCALE 0-3) 22
DPTR FM NORMAL M PTCLDY (SCALE 4-7) 8
TOTAL FM JUL 1 5645 CLOUDY (SCALE 8-10) 0
DPTR FM NORMAL M
[CDD (BASE 65) ]
TOTAL THIS MO. 258
DPTR FM NORMAL M [PRESSURE DATA]
TOTAL FM JAN 1 363 HIGHEST SLP M ON M
DPTR FM NORMAL M LOWEST SLP M ON M
[REMARKS]
#FINAL-06-22#