000
CXUS55 KPUB 011527
CF6LAA
PRELIMINARY LOCAL CLIMATOLOGICAL DATA (WS FORM: F-6)
STATION: LAMAR CO
MONTH: FEBRUARY
YEAR: 2023
LATITUDE: 38 4 N
LONGITUDE: 102 41 W
TEMPERATURE IN F: :PCPN: SNOW: WIND :SUNSHINE: SKY :PK WND
================================================================================
1 2 3 4 5 6A 6B 7 8 9 10 11 12 13 14 15 16 17 18
12Z AVG MX 2MIN
DY MAX MIN AVG DEP HDD CDD WTR SNW DPTH SPD SPD DIR MIN PSBL S-S WX SPD DR
================================================================================
1 35 -8 14 -18 51 0 0.00 M M 6.1 10 200 M M 0 13 270
2 44 5 25 -7 40 0 0.00 M M 6.1 14 270 M M 0 18 270
3 51 8 30 -2 35 0 0.00 M M 4.3 13 280 M M 0 16 280
4 55 17 36 4 29 0 0.00 M M 6.7 15 260 M M 0 19 250
5 53 20 37 4 28 0 0.00 M M 6.2 21 150 M M 0 28 160
6 50 21 36 3 29 0 0.00 M M 9.5 32 10 M M 2 42 10
7 50 21 36 3 29 0 0.00 M M 5.3 13 130 M M 0 15 350
8 50 18 34 1 31 0 0.00 M M 4.9 20 360 M M 1 27 360
9 37 19 28 -5 37 0 0.00 M M 18.3 33 360 M M 8 47 350
10 42 12 27 -6 38 0 0.00 M M 5.6 13 290 M M 0 18 230
11 65 12 39 6 26 0 0.00 M M 7.2 15 160 M M 0 22 150
12 57 22 40 6 25 0 0.00 M M 9.1 17 330 M M 0 25 10
13 67 18 43 9 22 0 0.00 M M 13.8 30 180 M M 1 41 180
14 56 30 43 9 22 0 0.04 M M 11.6 28 340 M M 5 1 37 350
15 32 14 23 -11 42 0 0.40 M M 13.5 24 20 M M 9 33 40
16 28 3 16 -18 49 0 T M M 9.8 18 290 M M 3 22 280
17 44 -1 22 -13 43 0 0.00 M M 7.3 17 270 M M 0 22 260
18 50 12 31 -4 34 0 0.00 M M 6.4 15 270 M M 0 20 280
19 58 28 43 8 22 0 0.00 M M 10.0 23 260 M M 0 35 270
20 60 19 40 4 25 0 0.00 M M 6.3 16 60 M M 0 23 60
21 74 25 50 14 15 0 0.00 M M 11.7 28 250 M M 0 38 250
22 48 7 28 -8 37 0 0.02 M M 13.1 25 10 M M 9 35 40
23 25 -1 12 -24 53 0 0.00 M M 10.2 21 110 M M 4 27 110
24 48 9 29 -8 36 0 0.00 M M 9.5 21 40 M M 0 31 40
25 48 17 33 -4 32 0 0.00 M M 4.5 12 70 M M 0 15 260
26 77 20 49 12 16 0 0.01 M M 10.2 48 280 M M 1 67 290
27 64 28 46 8 19 0 0.00 M M 10.4 21 90 M M 0 26 300
28 63 21 42 4 23 0 0.00 M M 17.4 43 270 M M 0 55 250
================================================================================
SM 1431 416 888 0 0.47 M 255.0 M 43
================================================================================
AV 51.1 14.9 9.1 FASTST M M 2 MAX(MPH)
MISC ----> 48 280 67 290
================================================================================
NOTES:
COLUMN 7; HTB DID NOT PERFORM WELL DURING THE SNOW STORM. USED BACKUP COOP OBS
(05-4770) TO SUPPLEMENT PRECIPITATION TOTALS. NEARLY ALL PRECIP FROM THIS STORM
FELL ON THE CALENDAR DAY OF THE 15TH, WITH ONLY TRACE AMOUNTS OCCURRING AFTER
MIDNIGHT ON THE 16TH. PRECIP ON THE 14TH WAS FROM ANOTHER WEATHER EVENT.
COLUMN 17 PEAK WIND IN M.P.H.
PRELIMINARY LOCAL CLIMATOLOGICAL DATA (WS FORM: F-6) , PAGE 2
STATION: LAMAR CO
MONTH: FEBRUARY
YEAR: 2023
LATITUDE: 38 4 N
LONGITUDE: 102 41 W
[TEMPERATURE DATA] [PRECIPITATION DATA] SYMBOLS USED IN COLUMN 16
AVERAGE MONTHLY: 33.0 TOTAL FOR MONTH: 0.47 1 = FOG OR MIST
DPTR FM NORMAL: -1.5 DPTR FM NORMAL: 0.25 2 = FOG REDUCING VISIBILITY
HIGHEST: 77 ON 26 GRTST 24HR 0.40 ON 15 TO 1/4 MILE OR LESS
LOWEST: -8 ON 1 3 = THUNDER
SNOW, ICE PELLETS, HAIL 4 = ICE PELLETS
TOTAL MONTH: M 5 = HAIL
GRTST 24HR M ON M 6 = FREEZING RAIN OR DRIZZLE
GRTST DEPTH: M ON M 7 = DUSTSTORM OR SANDSTORM:
VSBY 1/2 MILE OR LESS
8 = SMOKE OR HAZE
[NO. OF DAYS WITH] [WEATHER - DAYS WITH] 9 = BLOWING SNOW
X = TORNADO
MAX 32 OR BELOW: 3 0.01 INCH OR MORE: 4
MAX 90 OR ABOVE: 0 0.10 INCH OR MORE: 1
MIN 32 OR BELOW: 28 0.50 INCH OR MORE: 0
MIN 0 OR BELOW: 3 1.00 INCH OR MORE: 0
[HDD (BASE 65) ]
TOTAL THIS MO. 888 CLEAR (SCALE 0-3) 23
DPTR FM NORMAL 34 PTCLDY (SCALE 4-7) 3
TOTAL FM JUL 1 4352 CLOUDY (SCALE 8-10) 2
DPTR FM NORMAL 230
[CDD (BASE 65) ]
TOTAL THIS MO. 0
DPTR FM NORMAL 0 [PRESSURE DATA]
TOTAL FM JAN 1 0 HIGHEST SLP 30.56 ON 10
DPTR FM NORMAL 0 LOWEST SLP 29.01 ON 14
[REMARKS]
#FINAL-02-23#