000
CXUS52 KTBW 052339
CF6LAL
PRELIMINARY LOCAL CLIMATOLOGICAL DATA (WS FORM: F-6)
STATION: LAKELAND LINDER
MONTH: SEPTEMBER
YEAR: 2022
LATITUDE: 28 0 N
LONGITUDE: 82 3 W
TEMPERATURE IN F: :PCPN: SNOW: WIND :SUNSHINE: SKY :PK WND
================================================================================
1 2 3 4 5 6A 6B 7 8 9 10 11 12 13 14 15 16 17 18
12Z AVG MX 2MIN
DY MAX MIN AVG DEP HDD CDD WTR SNW DPTH SPD SPD DIR MIN PSBL S-S WX SPD DR
================================================================================
1 95 75 85 2 0 20 1.25 0.0 0 2.9 16 130 M M 3 13 24 130
2 92 74 83 0 0 18 0.35 0.0 0 2.7 22 320 M M 5 3 M M
3 93 74 84 1 0 19 1.50 0.0 0 6.0 14 330 M M 3 13 25 330
4 94 77 86 3 0 21 0.45 0.0 0 3.5 9 130 M M 2 3 M M
5 94 78 86 3 0 21 0.00 0.0 0 3.4 8 340 M M 4 M M
6 95 78 87 4 0 22 0.00 0.0 0 2.8 9 270 M M 4 M M
7 95 77 86 3 0 21 0.00 0.0 0 3.1 13 70 M M 3 20 70
8 86 73 80 -3 0 15 0.40 0.0 0 2.5 13 340 M M 4 3 16 280
9 90 71 81 -2 0 16 0.83 0.0 0 5.4 25 200 M M 3 3 30 290
10 88 75 82 -1 0 17 0.15 0.0 0 4.2 12 220 M M 2 21 220
11 94 74 84 1 0 19 T 0.0 0 4.6 13 150 M M 2 3 20 150
12 90 74 82 0 0 17 0.45 0.0 0 1.8 14 300 M M 2 3 30 320
13 90 74 82 0 0 17 0.22 0.0 0 2.6 12 290 M M 3 3 M M
14 90 75 83 1 0 18 0.03 0.0 0 3.5 18 110 M M 3 3 29 110
15 90 73 82 0 0 17 0.15 0.0 0 4.2 17 20 M M 5 1 23 20
16 88 73 81 -1 0 16 1.43 0.0 0 4.3 21 100 M M 4 13 29 100
17 88 72 80 -2 0 15 1.00 0.0 0 5.1 15 40 M M 5 3 M M
18 88 72 80 -2 0 15 0.22 0.0 0 1.7 7 40 M M 7 13 M M
19 90 74 82 0 0 17 0.00 0.0 0 3.4 18 120 M M 4 27 120
20 91 74 83 1 0 18 0.00 0.0 0 3.9 12 30 M M 3 3 M M
21 90 74 82 1 0 17 0.06 0.0 0 5.9 15 40 M M 3 M M
22 91 74 83 2 0 18 0.00 0.0 0 5.9 13 20 M M 2 1 M M
23 93 71 82 1 0 17 0.05 0.0 0 4.3 12 300 M M 3 3 M M
24 M M M M M M M 0.0 0 9.3 14 50 M M 4 21 50
25 89 74 82 1 0 17 T 0.0 0 5.5 13 100 M M 6 M M
26 92 76 84 4 0 19 0.08 0.0 0 4.5 12 90 M M 4 M M
27 86 74 80 0 0 15 0.05 0.0 0 7.1 14 90 M M 5 3 M M
28 78 70 74 -6 0 9 2.40 0.0 0 23.1 47 20 M M 5 1 62 20
29 73 64 69 -11 0 4 2.96 0.0 0 13.8 14 300 M M 0 25 300
30 87 62 75 -5 0 10 0.00 0.0 0 7.2 12 300 M M 1 M M
================================================================================
SM 2600 2126 0 485 14.03 0.0 158.2 M 104
================================================================================
AV 89.7 73.3 5.3 FASTST M M 3 MAX(MPH)
MISC ----> 47 20 62 20
================================================================================
NOTES:
# LAST OF SEVERAL OCCURRENCES
COLUMN 17 PEAK WIND IN M.P.H.
PRELIMINARY LOCAL CLIMATOLOGICAL DATA (WS FORM: F-6) , PAGE 2
STATION: LAKELAND LINDER
MONTH: SEPTEMBER
YEAR: 2022
LATITUDE: 28 0 N
LONGITUDE: 82 3 W
[TEMPERATURE DATA] [PRECIPITATION DATA] SYMBOLS USED IN COLUMN 16
AVERAGE MONTHLY: 81.5 TOTAL FOR MONTH: 14.03 1 = FOG OR MIST
DPTR FM NORMAL: -0.2 DPTR FM NORMAL: 6.41 2 = FOG REDUCING VISIBILITY
HIGHEST: 95 ON 7, 6 GRTST 24HR 2.96 ON 29-29 TO 1/4 MILE OR LESS
LOWEST: 62 ON 30 3 = THUNDER
SNOW, ICE PELLETS, HAIL 4 = ICE PELLETS
TOTAL MONTH: 0.0 INCH 5 = HAIL
GRTST 24HR 0.0 6 = FREEZING RAIN OR DRIZZLE
GRTST DEPTH: 0 7 = DUSTSTORM OR SANDSTORM:
VSBY 1/2 MILE OR LESS
8 = SMOKE OR HAZE
[NO. OF DAYS WITH] [WEATHER - DAYS WITH] 9 = BLOWING SNOW
X = TORNADO
MAX 32 OR BELOW: 0 0.01 INCH OR MORE: 20
MAX 90 OR ABOVE: 19 0.10 INCH OR MORE: 15
MIN 32 OR BELOW: 0 0.50 INCH OR MORE: 7
MIN 0 OR BELOW: 0 1.00 INCH OR MORE: 6
[HDD (BASE 65) ]
TOTAL THIS MO. 0 CLEAR (SCALE 0-3) 15
DPTR FM NORMAL 0 PTCLDY (SCALE 4-7) 15
TOTAL FM JUL 1 0 CLOUDY (SCALE 8-10) 0
DPTR FM NORMAL 0
[CDD (BASE 65) ]
TOTAL THIS MO. 485
DPTR FM NORMAL -22 [PRESSURE DATA]
TOTAL FM JAN 1 3377 HIGHEST SLP M ON M
DPTR FM NORMAL 256 LOWEST SLP M ON M
[REMARKS]
#FINAL-09-22#