000
CXUS52 KTBW 011628
CF6LAL
PRELIMINARY LOCAL CLIMATOLOGICAL DATA (WS FORM: F-6)
STATION: LAKELAND LINDER
MONTH: MAY
YEAR: 2021
LATITUDE: 28 0 N
LONGITUDE: 82 3 W
TEMPERATURE IN F: :PCPN: SNOW: WIND :SUNSHINE: SKY :PK WND
================================================================================
1 2 3 4 5 6A 6B 7 8 9 10 11 12 13 14 15 16 17 18
12Z AVG MX 2MIN
DY MAX MIN AVG DEP HDD CDD WTR SNW DPTH SPD SPD DIR MIN PSBL S-S WX SPD DR
================================================================================
1 90 70 80 4 0 15 0.00 0.0 0 2.7 8 110 M M 5 1 M M
2 92 73 83 7 0 18 0.00 0.0 0 6.6 14 220 M M 3 20 200
3 94 72 83 7 0 18 0.14 0.0 0 6.3 14 330 M M 2 3 30 330
4 96 72 84 8 0 19 0.00 0.0 0 5.5 14 220 M M 3 21 220
5 96 72 84 8 0 19 0.00 0.0 0 4.3 12 250 M M 3 1 18 270
6 94 75 85 8 0 20 0.00 0.0 0 4.4 14 300 M M 6 1 22 280
7 91 70 81 4 0 16 0.00 0.0 0 7.9 15 290 M M 0 20 290
8 85 62 74 -3 0 9 0.00 0.0 0 6.1 13 90 M M 0 17 90
9 92 66 79 2 0 14 0.00 0.0 0 7.7 24 180 M M 1 33 180
10 94 71 83 5 0 18 0.00 0.0 0 5.7 12 280 M M 4 16 280
11 95 71 83 5 0 18 0.00 0.0 0 3.6 9 30 M M 3 17 30
12 95 71 83 5 0 18 0.00 0.0 0 5.8 12 290 M M 2 18 280
13 91 71 81 3 0 16 0.00 0.0 0 8.3 13 50 M M 4 M M
14 86 63 75 -3 0 10 0.00 0.0 0 9.8 15 40 M M 2 21 70
15 86 63 75 -3 0 10 0.00 0.0 0 11.3 20 60 M M 4 25 70
16 85 63 74 -5 0 9 0.00 0.0 0 8.9 15 70 M M 1 21 60
17 86 61 74 -5 0 9 0.00 0.0 0 8.2 16 80 M M 2 23 80
18 88 67 78 -1 0 13 0.00 0.0 0 12.4 23 90 M M 3 31 90
19 87 69 78 -1 0 13 0.00 0.0 0 13.0 22 90 M M 4 30 100
20 88 70 79 -1 0 14 0.00 0.0 0 14.0 23 70 M M 4 30 100
21 87 68 78 -2 0 13 0.00 0.0 0 14.1 22 80 M M 4 31 80
22 87 65 76 -4 0 11 0.00 0.0 0 11.2 21 90 M M 2 25 90
23 88 67 78 -2 0 13 0.00 0.0 0 8.2 13 110 M M 2 17 110
24 90 63 77 -3 0 12 0.00 0.0 0 3.5 15 120 M M 0 21 120
25 93 67 80 0 0 15 0.00 0.0 0 7.3 15 120 M M 2 21 70
26 93 69 81 1 0 16 0.00 0.0 0 5.1 15 290 M M 3 18 290
27 92 70 81 0 0 16 0.00 0.0 0 4.2 9 130 M M 2 16 130
28 94 70 82 1 0 17 0.00 0.0 0 4.7 12 270 M M 2 M M
29 94 67 81 0 0 16 0.00 0.0 0 5.0 14 270 M M 3 21 270
30 92 71 82 1 0 17 0.00 0.0 0 3.0 23 280 M M 3 30 280
31 91 70 81 0 0 16 0.20 0.0 0 9.4 17 80 M M 3 13 23 80
================================================================================
SM 2812 2119 0 458 0.34 0.0 228.2 M 82
================================================================================
AV 90.7 68.4 7.4 FASTST M M 3 MAX(MPH)
MISC ----> 24 180 33 180
================================================================================
NOTES:
# LAST OF SEVERAL OCCURRENCES
COLUMN 17 PEAK WIND IN M.P.H.
PRELIMINARY LOCAL CLIMATOLOGICAL DATA (WS FORM: F-6) , PAGE 2
STATION: LAKELAND LINDER
MONTH: MAY
YEAR: 2021
LATITUDE: 28 0 N
LONGITUDE: 82 3 W
[TEMPERATURE DATA] [PRECIPITATION DATA] SYMBOLS USED IN COLUMN 16
AVERAGE MONTHLY: 79.5 TOTAL FOR MONTH: 0.34 1 = FOG OR MIST
DPTR FM NORMAL: 1.3 DPTR FM NORMAL: -3.46 2 = FOG REDUCING VISIBILITY
HIGHEST: 96 ON 5, 4 GRTST 24HR 0.20 ON 31-31 TO 1/4 MILE OR LESS
LOWEST: 61 ON 17 3 = THUNDER
SNOW, ICE PELLETS, HAIL 4 = ICE PELLETS
TOTAL MONTH: 0.0 INCH 5 = HAIL
GRTST 24HR 0.0 6 = FREEZING RAIN OR DRIZZLE
GRTST DEPTH: 0 7 = DUSTSTORM OR SANDSTORM:
VSBY 1/2 MILE OR LESS
8 = SMOKE OR HAZE
[NO. OF DAYS WITH] [WEATHER - DAYS WITH] 9 = BLOWING SNOW
X = TORNADO
MAX 32 OR BELOW: 0 0.01 INCH OR MORE: 2
MAX 90 OR ABOVE: 20 0.10 INCH OR MORE: 2
MIN 32 OR BELOW: 0 0.50 INCH OR MORE: 0
MIN 0 OR BELOW: 0 1.00 INCH OR MORE: 0
[HDD (BASE 65) ]
TOTAL THIS MO. 0 CLEAR (SCALE 0-3) 20
DPTR FM NORMAL 0 PTCLDY (SCALE 4-7) 11
TOTAL FM JUL 1 391 CLOUDY (SCALE 8-10) 0
DPTR FM NORMAL -54
[CDD (BASE 65) ]
TOTAL THIS MO. 458
DPTR FM NORMAL 36 [PRESSURE DATA]
TOTAL FM JAN 1 1191 HIGHEST SLP M ON M
DPTR FM NORMAL 247 LOWEST SLP M ON M
[REMARKS]
#FINAL-05-21#