012
CXUS52 KTBW 011100
CF6LAL
PRELIMINARY LOCAL CLIMATOLOGICAL DATA (WS FORM: F-6)
STATION: LAKELAND LINDER
MONTH: FEBRUARY
YEAR: 2021
LATITUDE: 28 0 N
LONGITUDE: 82 3 W
TEMPERATURE IN F: :PCPN: SNOW: WIND :SUNSHINE: SKY :PK WND
================================================================================
1 2 3 4 5 6A 6B 7 8 9 10 11 12 13 14 15 16 17 18
12Z AVG MX 2MIN
DY MAX MIN AVG DEP HDD CDD WTR SNW DPTH SPD SPD DIR MIN PSBL S-S WX SPD DR
================================================================================
1 78 51 65 3 0 0 1.12 0.0 0 14.5 21 290 M M 10 3 35 290
2 55 44 50 -12 15 0 0.00 0.0 0 13.3 22 310 M M 4 30 320
3 61 38 50 -12 15 0 0.00 0.0 0 5.8 17 290 M M 0 21 290
4 68 34 51 -11 14 0 0.00 0.0 0 2.5 7 250 M M 0 M M
5 79 43 61 -1 4 0 0.00 0.0 0 7.4 20 220 M M 0 25 220
6 77 59 68 6 0 3 0.11 0.0 0 4.4 9 190 M M 5 1 M M
7 79 68 74 11 0 9 0.81 0.0 0 9.5 20 210 M M 6 3 27 220
8 78 58 68 5 0 3 0.00 0.0 0 8.3 14 50 M M 9 M M
9 85 67 76 13 0 11 0.00 0.0 0 5.0 13 290 M M 5 12 M M
10 85 66 76 13 0 11 0.00 0.0 0 1.8 6 360 M M 6 12 M M
11 85 62 74 11 0 9 0.00 0.0 0 4.0 12 150 M M 3 1 16 180
12 84 64 74 11 0 9 0.00 0.0 0 4.7 12 210 M M 4 M M
13 84 66 75 12 0 10 0.77 0.0 0 6.5 16 200 M M 6 21 200
14 85 68 77 14 0 12 0.21 0.0 0 8.1 22 210 M M 8 1 28 210
15 88 69 79 16 0 14 0.59 0.0 0 9.7 20 210 M M 7 1 27 190
16 86 64 75 11 0 10 0.52 0.0 0 9.7 15 300 M M 8 3 24 230
17 67 55 61 -3 4 0 0.11 0.0 0 5.0 14 80 M M 10 17 80
18 87 66 77 13 0 12 0.00 0.0 0 9.4 15 200 M M 7 1 24 210
19 85 65 75 11 0 10 0.01 0.0 0 10.7 18 290 M M 8 25 220
20 67 47 57 -7 8 0 0.06 0.0 0 9.9 15 30 M M 3 22 40
21 74 50 62 -2 3 0 0.00 0.0 0 12.9 20 80 M M 2 29 80
22 82 58 70 6 0 5 0.00 0.0 0 8.8 17 160 M M 6 21 160
23 79 64 72 8 0 7 T 0.0 0 7.8 12 300 M M 4 16 310
24 82 51 67 3 0 2 0.00 0.0 0 4.3 12 270 M M 4 M M
25 81 52 67 2 0 2 0.00 0.0 0 2.0 8 330 M M 1 M M
26 85 57 71 6 0 6 0.00 0.0 0 3.0 7 140 M M 1 M M
27 87 66 77 12 0 12 0.00 0.0 0 4.8 12 130 M M 3 1 18 130
28 88 68 78 13 0 13 0.00 0.0 0 6.7 16 170 M M 3 21 160
================================================================================
SM 2221 1620 63 170 4.31 0.0 200.5 M 133
================================================================================
AV 79.3 57.9 7.2 FASTST M M 5 MAX(MPH)
MISC ----> # 22 310 35 290
================================================================================
NOTES:
# LAST OF SEVERAL OCCURRENCES
COLUMN 17 PEAK WIND IN M.P.H.
PRELIMINARY LOCAL CLIMATOLOGICAL DATA (WS FORM: F-6) , PAGE 2
STATION: LAKELAND LINDER
MONTH: FEBRUARY
YEAR: 2021
LATITUDE: 28 0 N
LONGITUDE: 82 3 W
[TEMPERATURE DATA] [PRECIPITATION DATA] SYMBOLS USED IN COLUMN 16
AVERAGE MONTHLY: 68.6 TOTAL FOR MONTH: 4.31 1 = FOG OR MIST
DPTR FM NORMAL: 5.3 DPTR FM NORMAL: 1.31 2 = FOG REDUCING VISIBILITY
HIGHEST: 88 ON 28,15 GRTST 24HR 1.12 ON 1- 1 TO 1/4 MILE OR LESS
LOWEST: 34 ON 4 3 = THUNDER
SNOW, ICE PELLETS, HAIL 4 = ICE PELLETS
TOTAL MONTH: 0.0 INCH 5 = HAIL
GRTST 24HR 0.0 6 = FREEZING RAIN OR DRIZZLE
GRTST DEPTH: 0 7 = DUSTSTORM OR SANDSTORM:
VSBY 1/2 MILE OR LESS
8 = SMOKE OR HAZE
[NO. OF DAYS WITH] [WEATHER - DAYS WITH] 9 = BLOWING SNOW
X = TORNADO
MAX 32 OR BELOW: 0 0.01 INCH OR MORE: 10
MAX 90 OR ABOVE: 0 0.10 INCH OR MORE: 8
MIN 32 OR BELOW: 0 0.50 INCH OR MORE: 5
MIN 0 OR BELOW: 0 1.00 INCH OR MORE: 1
[HDD (BASE 65) ]
TOTAL THIS MO. 63 CLEAR (SCALE 0-3) 6
DPTR FM NORMAL -21 PTCLDY (SCALE 4-7) 18
TOTAL FM JUL 1 351 CLOUDY (SCALE 8-10) 4
DPTR FM NORMAL -77
[CDD (BASE 65) ]
TOTAL THIS MO. 170
DPTR FM NORMAL 94 [PRESSURE DATA]
TOTAL FM JAN 1 227 HIGHEST SLP M ON M
DPTR FM NORMAL 107 LOWEST SLP M ON M
[REMARKS]
#FINAL-02-21#