000
CXUS53 KGRR 281017
CF6LAN
PRELIMINARY LOCAL CLIMATOLOGICAL DATA (WS FORM: F-6)

                                          STATION:   LANSING
                                          MONTH:     MARCH
                                          YEAR:      2017
                                          LATITUDE:   42 46 N
                                          LONGITUDE:  84 36 W

  TEMPERATURE IN F:       :PCPN:    SNOW:  WIND      :SUNSHINE: SKY     :PK WND
================================================================================
1   2   3   4   5  6A  6B    7    8   9   10  11  12  13   14  15   16   17  18
                                     12Z  AVG MX 2MIN
DY MAX MIN AVG DEP HDD CDD  WTR  SNW DPTH SPD SPD DIR MIN PSBL S-S WX    SPD DR
================================================================================

 1  56  25  41  12  24   0 0.44  0.6    0 16.5 36 260   M    M  10 13     44 240
 2  31  22  27  -3  38   0    T    T    0 11.8 25 300   M    M   9        31 310
 3  29  17  23  -7  42   0    T    T    0 11.1 20 280   M    M   5 8      26 270
 4  34  13  24  -6  41   0 0.00  0.0    0  7.3 16 130   M    M   1        21 140
 5  47  23  35   4  30   0    T  0.0    0 15.6 23 140   M    M   5        30 150
 6  58  43  51  20  14   0    T  0.0    0 14.7 28 190   M    M  10 1      36 180
 7  59  39  49  17  16   0 0.07  0.0    0 20.2 32 270   M    M   5 3      42 280
 8  47  37  42  10  23   0 0.00  0.0    0 27.9 51 260   M    M   1        65 250
 9  41  31  36   4  29   0 0.00  0.0    0 10.2 25 280   M    M   7        33 280
10  31  13  22 -11  43   0 0.00  0.0    0 12.9 28 280   M    M   4        33 280
11  29  12  21 -12  44   0 0.00  0.0    0  9.7 18 270   M    M   5        25 290
12  31  12  22 -11  43   0 0.00  0.0    0  4.5 13 310   M    M   4        18 290
13  27  17  22 -12  43   0 0.10  1.0    T  9.3 17  70   M    M  10 18     22  50
14  24  13  19 -15  46   0    T    T    1 11.0 22 360   M    M   3 1      32 340
15  33  13  23 -11  42   0 0.00  0.0    T 12.7 24 290   M    M   3        32 340
16  40  15  28  -7  37   0 0.00  0.0    T  7.3 17 270   M    M   0        23 270
17  35  20  28  -7  37   0 0.12  0.2    0  8.3 18 130   M    M   7 123    23 130
18  39  33  36   0  29   0 0.09  0.4    1  5.5 15 310   M    M  10 12     25 300
19  48  34  41   5  24   0 0.00  0.0    0  6.1 17 170   M    M   6 18     23 160
20  55  35  45   9  20   0 0.08  0.0    0  6.9 16 160   M    M   6 13     20 150
21  54  23  39   2  26   0 0.00  0.0    0 11.6 24 360   M    M   0 128    35 280
22  36  17  27 -10  38   0 0.00  0.0    0  6.7 18 360   M    M   0        18 360
23  47  22  35  -3  30   0 0.15  0.0    0 11.8 21 150   M    M   4 1      24 170
24  74  36  55  17  10   0 0.01  0.0    0 11.9 23  30   M    M   5 1      29  50
25  43  37  40   1  25   0 1.19  0.0    0 10.7 17  60   M    M  10 1      23  80
26  55  40  48   9  17   0 0.10  0.0    0  7.6 15 110   M    M  10 18     19 100
27  57  45  51  11  14   0 0.01  0.0    0  8.9 16 240   M    M  10 1      20 240
================================================================================
SM 1160  687       825   0  2.36     2.2 298.7          M      150
================================================================================
AV 43.0 25.4                              11.1 FASTST   M    M   6    MAX(MPH)
                                 MISC ---->  # 51 260               # 65  250
================================================================================
NOTES:
# LAST OF SEVERAL OCCURRENCES

COLUMN 17 PEAK WIND IN M.P.H.

PRELIMINARY LOCAL CLIMATOLOGICAL DATA (WS FORM: F-6) , PAGE 2

                                          STATION:  LANSING
                                          MONTH:    MARCH
                                          YEAR:     2017
                                          LATITUDE:   42 46 N
                                          LONGITUDE:  84 36 W

[TEMPERATURE DATA]      [PRECIPITATION DATA]       SYMBOLS USED IN COLUMN 16

AVERAGE MONTHLY: 34.2   TOTAL FOR MONTH:   2.36    1 = FOG OR MIST
DPTR FM NORMAL:  -0.0   DPTR FM NORMAL:    0.63    2 = FOG REDUCING VISIBILITY
HIGHEST:    74 ON 24    GRTST 24HR  1.19 ON 25-25      TO 1/4 MILE OR LESS
LOWEST:     12 ON 12,11                            3 = THUNDER
                        SNOW, ICE PELLETS, HAIL    4 = ICE PELLETS
                        TOTAL MONTH:   2.2 INCHES  5 = HAIL
                        GRTST 24HR   1.0 ON 13-13  6 = FREEZING RAIN OR DRIZZLE
                        GRTST DEPTH:   1 ON 18,14  7 = DUSTSTORM OR SANDSTORM:
                                                       VSBY 1/2 MILE OR LESS
                                                   8 = SMOKE OR HAZE
[NO. OF DAYS WITH]      [WEATHER - DAYS WITH]      9 = BLOWING SNOW
                                                   X = TORNADO
MAX 32 OR BELOW:   7    0.01 INCH OR MORE:  11
MAX 90 OR ABOVE:   0    0.10 INCH OR MORE:   6
MIN 32 OR BELOW:  17    0.50 INCH OR MORE:   1
MIN  0 OR BELOW:   0    1.00 INCH OR MORE:   1

[HDD (BASE 65) ]
TOTAL THIS MO.   825    CLEAR  (SCALE 0-3)   7
DPTR FM NORMAL    -7    PTCLDY (SCALE 4-7)  12
TOTAL FM JUL 1  4870    CLOUDY (SCALE 8-10)  8
DPTR FM NORMAL  -897

[CDD (BASE 65) ]
TOTAL THIS MO.     0
DPTR FM NORMAL     0    [PRESSURE DATA]
TOTAL FM JAN 1     0    HIGHEST SLP M ON M
DPTR FM NORMAL     0    LOWEST  SLP 29.34 ON  1

[REMARKS]
