000
CXUS53 KGRR 011017
CF6LAN
PRELIMINARY LOCAL CLIMATOLOGICAL DATA (WS FORM: F-6)

                                          STATION:   LANSING MI
                                          MONTH:     MARCH
                                          YEAR:      2013
                                          LATITUDE:   42 46 N
                                          LONGITUDE:  84 36 W

  TEMPERATURE IN F:       :PCPN:    SNOW:  WIND      :SUNSHINE: SKY     :PK WND
================================================================================
1   2   3   4   5  6A  6B    7    8   9   10  11  12  13   14  15   16   17  18
                                     12Z  AVG MX 2MIN
DY MAX MIN AVG DEP HDD CDD  WTR  SNW DPTH SPD SPD DIR MIN PSBL S-S WX    SPD DR
================================================================================

 1  29  24  27  -2  38   0    T    T    2  8.4 16  40   M    M  10        21  20
 2  25  18  22  -8  43   0    T    T    2  7.2 13 350   M    M  10 8      16 360
 3  30  17  24  -6  41   0    T    T    2  6.3 15 310   M    M   5        20 310
 4  32  11  22  -8  43   0 0.00  0.0    2  1.7  7 350   M    M   0        14 300
 5  35  16  26  -5  39   0 0.00  0.0    2 11.4 22  40   M    M   4        28  30
 6  35  27  31   0  34   0 0.00  0.0    1  7.0 21  30   M    M  10        26  30
 7  36  27  32   0  33   0    T    T    1  5.8 16 330   M    M   9        23 320
 8  43  18  31  -1  34   0 0.00  0.0    1  0.8  7 210   M    M   0        10 200
 9  43  24  34   2  31   0    T  0.0    1  9.6 18 140   M    M   3        24 130
10  56  38  47  14  18   0 0.08  0.0    T 10.4 20 180   M    M   7 1      28 180
11  54  35  45  12  20   0 0.41    T    0 11.3 24 260   M    M  10 1      30 270
12  35  28  32  -1  33   0 0.03  0.4    0 12.7 17 250   M    M  10 1      24 270
13  32  22  27  -7  38   0 0.01  0.1    1 12.0 22 310   M    M   6 18     29 280
14  40  19  30  -4  35   0 0.00  0.0    0  7.1 12 280   M    M   1 8      23 280
15  38  31  35   1  30   0 0.12  0.6    0  8.8 14 250   M    M  10 18     20 240
16  31  24  28  -7  37   0 0.11  1.3    2  8.7 17  70   M    M  10 18     22  70
17  29  19  24 -11  41   0 0.00  0.0    2  8.9 15 110   M    M   2        18 100
18  33  19  26 -10  39   0 0.10  0.3    0 11.7 26 250   M    M   7 1468   35 240
19  32  21  27  -9  38   0 0.05  1.8    1 19.4 31 250   M    M  10 168    40 260
20  25  14  20 -16  45   0    T    T    T 12.3 24 250   M    M   7 18     30 260
21  30  14  22 -15  43   0 0.01  0.3    1 12.2 20 290   M    M  10 1      25 260
22  37  24  31  -6  34   0    T    T    T  8.9 15 250   M    M   7 8      21 270
23  32  21  27 -11  38   0 0.00  0.0    T  4.1  9  40   M    M   7        13 300
24  36  21  29  -9  36   0 0.00  0.0    0 10.5 24  30   M    M   6        31  30
25  38  29  34  -5  31   0 0.01  0.4    0 13.3 26  30   M    M  10 1      33  10
26  41  27  34  -5  31   0 0.01    T    0  8.1 16 260   M    M  10        21 320
27  47  29  38  -2  27   0 0.00  0.0    0 12.3 21 280   M    M   2        28 290
28  50  28  39  -1  26   0 0.00  0.0    0  8.4 15 290   M    M   0        21 290
29  51  25  38  -2  27   0 0.00  0.0    0  4.5 12 270   M    M   1        20 350
30  55  24  40  -1  25   0 0.00  0.0    0  6.9 16 200   M    M   1 18     21 190
31  55  35  45   4  20   0 0.02  0.0    0 12.5 23 270   M    M   9 18     31 270
================================================================================
SM 1185  729      1048   0  0.96     5.2 283.2          M      194
================================================================================
AV 38.2 23.5                               9.1 FASTST   M    M   6    MAX(MPH)
                                 MISC ---->  # 31 250               # 40  260
================================================================================
NOTES:
# LAST OF SEVERAL OCCURRENCES

COLUMN 17 PEAK WIND IN M.P.H.

PRELIMINARY LOCAL CLIMATOLOGICAL DATA (WS FORM: F-6) , PAGE 2

                                          STATION:  LANSING MI
                                          MONTH:    MARCH
                                          YEAR:     2013
                                          LATITUDE:   42 46 N
                                          LONGITUDE:  84 36 W

[TEMPERATURE DATA]      [PRECIPITATION DATA]       SYMBOLS USED IN COLUMN 16

AVERAGE MONTHLY: 30.9   TOTAL FOR MONTH:   0.96    1 = FOG OR MIST
DPTR FM NORMAL:  -4.2   DPTR FM NORMAL:   -1.10    2 = FOG REDUCING VISIBILITY
HIGHEST:    56 ON 10    GRTST 24HR  0.41 ON 11-11      TO 1/4 MILE OR LESS
LOWEST:     11 ON  4                               3 = THUNDER
                        SNOW, ICE PELLETS, HAIL    4 = ICE PELLETS
                        TOTAL MONTH:   5.2 INCHES  5 = HAIL
                        GRTST 24HR   1.8 ON   M    6 = FREEZING RAIN OR DRIZZLE
                        GRTST DEPTH:   2 ON 17,16  7 = DUSTSTORM OR SANDSTORM:
                                                       VSBY 1/2 MILE OR LESS
                                                   8 = SMOKE OR HAZE
[NO. OF DAYS WITH]      [WEATHER - DAYS WITH]      9 = BLOWING SNOW
                                                   X = TORNADO
MAX 32 OR BELOW:  11    0.01 INCH OR MORE:  12
MAX 90 OR ABOVE:   0    0.10 INCH OR MORE:   4
MIN 32 OR BELOW:  28    0.50 INCH OR MORE:   0
MIN  0 OR BELOW:   0    1.00 INCH OR MORE:   0

[HDD (BASE 65) ]
TOTAL THIS MO.  1048    CLEAR  (SCALE 0-3)   8
DPTR FM NORMAL   119    PTCLDY (SCALE 4-7)  10
TOTAL FM JUL 1  5726    CLOUDY (SCALE 8-10) 13
DPTR FM NORMAL  -138

[CDD (BASE 65) ]
TOTAL THIS MO.     0
DPTR FM NORMAL    -1    [PRESSURE DATA]
TOTAL FM JAN 1     0    HIGHEST SLP 30.32 ON 29
DPTR FM NORMAL    -1    LOWEST  SLP 29.58 ON 18

[REMARKS]
#FINAL-03-13#
