000
CXUS53 KGRR 011010
CF6LAN
PRELIMINARY LOCAL CLIMATOLOGICAL DATA (WS FORM: F-6)
STATION: LANSING
MONTH: NOVEMBER
YEAR: 2022
LATITUDE: 42 46 N
LONGITUDE: 84 36 W
TEMPERATURE IN F: :PCPN: SNOW: WIND :SUNSHINE: SKY :PK WND
================================================================================
1 2 3 4 5 6A 6B 7 8 9 10 11 12 13 14 15 16 17 18
12Z AVG MX 2MIN
DY MAX MIN AVG DEP HDD CDD WTR SNW DPTH SPD SPD DIR MIN PSBL S-S WX SPD DR
================================================================================
1 67 43 55 10 10 0 0.00 0.0 0 5.5 14 250 M M 3 128 19 280
2 69 38 54 9 11 0 0.00 0.0 0 4.0 13 190 M M 0 18 16 170
3 71 49 60 16 5 0 0.00 0.0 0 9.4 18 210 M M 0 18 24 200
4 71 53 62 18 3 0 0.03 0.0 0 13.9 23 180 M M 3 35 170
5 71 50 61 18 4 0 0.08 0.0 0 20.5 43 220 M M 4 8 59 210
6 65 43 54 11 11 0 0.00 0.0 0 12.3 23 210 M M 0 28 210
7 54 37 46 3 19 0 0.00 0.0 0 10.4 16 300 M M 0 21 290
8 53 33 43 1 22 0 0.00 0.0 0 6.7 16 100 M M 0 21 100
9 66 39 53 11 12 0 0.00 0.0 0 8.8 14 180 M M 3 19 190
10 76 54 65 23 0 0 0.00 0.0 0 10.9 21 190 M M 0 28 200
11 61 35 48 7 17 0 0.00 0.0 0 9.5 20 310 M M 4 27 300
12 40 33 37 -4 28 0 T T 0 9.3 18 290 M M 10 26 300
13 41 31 36 -4 29 0 T T 0 9.1 15 280 M M 10 22 320
14 39 27 33 -7 32 0 0.00 0.0 0 3.7 9 70 M M 10 12 60
15 35 30 33 -7 32 0 0.21 1.9 T 7.7 15 60 M M 10 12 20 100
16 35 30 33 -6 32 0 0.01 T T 7.1 13 310 M M 10 18 20 300
17 35 25 30 -9 35 0 0.21 3.3 T 11.0 25 250 M M 8 128 34 240
18 31 22 27 -11 38 0 0.12 2.6 5 14.3 26 260 M M 10 128 34 250
19 25 18 22 -16 43 0 0.04 2.3 5 17.2 29 220 M M 9 18 38 200
20 27 15 21 -17 44 0 T T 5 12.0 24 240 M M 4 34 270
21 41 21 31 -6 34 0 0.00 0.0 M 13.5 28 240 M M 0 35 240
22 45 20 33 -4 32 0 0.00 0.0 M 4.6 14 270 M M 1 18 18 270
23 54 25 40 3 25 0 0.00 0.0 2 1.5 9 220 M M 0 18 12 220
24 54 31 43 7 22 0 T 0.0 0 6.9 20 230 M M 4 18 28 240
25 49 33 41 5 24 0 0.00 0.0 0 11.3 20 270 M M 4 18 25 280
26 55 33 44 8 21 0 0.00 0.0 0 10.1 21 230 M M 0 28 240
27 42 35 39 4 26 0 0.29 0.0 0 7.0 16 330 M M 8 1 23 350
28 40 33 37 2 28 0 0.00 0.0 0 5.4 12 210 M M 9 16 320
29 54 37 46 12 19 0 0.04 0.0 0 13.2 26 150 M M 9 18 37 150
30 55 28 42 8 23 0 0.04 T T 24.0 37 260 M M 10 1 50 260
================================================================================
SM 1521 1001 681 0 1.07 10.1 300.8 M 143
================================================================================
AV 50.7 33.4 10.0 FASTST M M 5 MAX(MPH)
MISC ----> 43 220 59 210
================================================================================
NOTES:
# LAST OF SEVERAL OCCURRENCES
COLUMN 17 PEAK WIND IN M.P.H.
PRELIMINARY LOCAL CLIMATOLOGICAL DATA (WS FORM: F-6) , PAGE 2
STATION: LANSING
MONTH: NOVEMBER
YEAR: 2022
LATITUDE: 42 46 N
LONGITUDE: 84 36 W
[TEMPERATURE DATA] [PRECIPITATION DATA] SYMBOLS USED IN COLUMN 16
AVERAGE MONTHLY: 42.0 TOTAL FOR MONTH: 1.07 1 = FOG OR MIST
DPTR FM NORMAL: 2.5 DPTR FM NORMAL: -1.39 2 = FOG REDUCING VISIBILITY
HIGHEST: 76 ON 10 GRTST 24HR 0.31 ON 17-18 TO 1/4 MILE OR LESS
LOWEST: 15 ON 20 3 = THUNDER
SNOW, ICE PELLETS, HAIL 4 = ICE PELLETS
TOTAL MONTH: 10.1 INCHES 5 = HAIL
GRTST 24HR 3.3 ON 17-17 6 = FREEZING RAIN OR DRIZZLE
GRTST DEPTH: 5 ON 20,19 7 = DUSTSTORM OR SANDSTORM:
VSBY 1/2 MILE OR LESS
8 = SMOKE OR HAZE
[NO. OF DAYS WITH] [WEATHER - DAYS WITH] 9 = BLOWING SNOW
X = TORNADO
MAX 32 OR BELOW: 3 0.01 INCH OR MORE: 10
MAX 90 OR ABOVE: 0 0.10 INCH OR MORE: 4
MIN 32 OR BELOW: 13 0.50 INCH OR MORE: 0
MIN 0 OR BELOW: 0 1.00 INCH OR MORE: 0
[HDD (BASE 65) ]
TOTAL THIS MO. 681 CLEAR (SCALE 0-3) 13
DPTR FM NORMAL -85 PTCLDY (SCALE 4-7) 6
TOTAL FM JUL 1 1199 CLOUDY (SCALE 8-10) 11
DPTR FM NORMAL -184
[CDD (BASE 65) ]
TOTAL THIS MO. 0
DPTR FM NORMAL 0 [PRESSURE DATA]
TOTAL FM JAN 1 918 HIGHEST SLP 30.76 ON 8
DPTR FM NORMAL 261 LOWEST SLP 29.41 ON 27
[REMARKS]
#FINAL-11-22#