000
CXUS53 KGRR 011017
CF6LAN
PRELIMINARY LOCAL CLIMATOLOGICAL DATA (WS FORM: F-6)

                                          STATION:   LANSING MI
                                          MONTH:     FEBRUARY
                                          YEAR:      2013
                                          LATITUDE:   42 46 N
                                          LONGITUDE:  84 36 W

  TEMPERATURE IN F:       :PCPN:    SNOW:  WIND      :SUNSHINE: SKY     :PK WND
================================================================================
1   2   3   4   5  6A  6B    7    8   9   10  11  12  13   14  15   16   17  18
                                     12Z  AVG MX 2MIN
DY MAX MIN AVG DEP HDD CDD  WTR  SNW DPTH SPD SPD DIR MIN PSBL S-S WX    SPD DR
================================================================================

 1  17   9  13 -11  52   0 0.02  0.4    1 12.5 23 260   M    M   8 18     28 230
 2  19   4  12 -12  53   0 0.05  1.7    1  7.8 17 210   M    M   9 18     23 200
 3  20   1  11 -13  54   0 0.02  0.4    2  6.2 22 280   M    M   8 18     28 290
 4  22  13  18  -6  47   0 0.04  0.9    2  3.5  8 220   M    M  10 18     10 210
 5  28   2  15  -9  50   0 0.01  0.1    3  7.6 18 200   M    M   6 18     23 320
 6  31   7  19  -5  46   0    T    T    2  4.6 15 320   M    M   3 1      21 310
 7  36  26  31   7  34   0 0.20  1.7    2  9.2 16 160   M    M  10 18     17  90
 8  29  11  20  -4  45   0 0.27  1.9    5 10.5 22 360   M    M   6 16     30 360
 9  30   0  15 -10  50   0 0.00  0.0    4  4.5 13 160   M    M   1 18     16 150
10  42  22  32   7  33   0 0.07    T    4 11.9 23 160   M    M   6 18     29 150
11  45  30  38  13  27   0 0.04    T    1 21.5 36 230   M    M  10 1      48 230
12  30  27  29   4  36   0    T    T    T 12.9 24 260   M    M  10 8      30 270
13  40  24  32   7  33   0 0.00  0.0    T  5.9 15 240   M    M   5        17 240
14  42  27  35   9  30   0    T    T    T 13.9 28 260   M    M   8 18     35 260
15  31  20  26   0  39   0    T    T    T 10.1 18 300   M    M   9        23 300
16  24  15  20  -6  45   0    T    T    T  6.6 16 290   M    M   9 18     18 330
17  26  10  18  -8  47   0 0.00  0.0    0  5.4 15 270   M    M   4        21 280
18  46  19  33   7  32   0 0.03  0.0    0 14.8 26 180   M    M   4        36 170
19  44  17  31   4  34   0 0.12  0.1    T 22.3 32 240   M    M  10 16     41 240
20  22  15  19  -8  46   0    T    T    T 15.2 21 300   M    M   9        30 280
21  24  20  22  -5  43   0    T    T    T  9.0 17 100   M    M   6 8      21  90
22  33  20  27   0  38   0 0.26  2.4    0 11.0 20 110   M    M  10 1268   25 110
23  32  23  28   0  37   0 0.04  0.4    2 12.2 21 220   M    M   9 18     26 210
24  35  23  29   1  36   0 0.01  0.1    2  8.3 17 280   M    M  10 18     22 280
25  41  20  31   3  34   0 0.00  0.0    2  3.5 10  40   M    M   2 1      13  50
26  34  23  29   1  36   0 0.44  2.2    1 13.8 25  70   M    M   5 146    32  60
27  35  32  34   5  31   0 0.13  1.4    5  3.6 14  50   M    M  10 1       M  M
28  35  29  32   3  33   0 0.03  0.4    3  9.9 17 360   M    M  10 168    25 340
================================================================================
SM  893  489      1121   0  1.78    14.1 278.2          M      207
================================================================================
AV 31.9 17.5                               9.9 FASTST   M    M   7    MAX(MPH)
                                 MISC ---->  # 36 230               # 48  230
================================================================================
NOTES:
# LAST OF SEVERAL OCCURRENCES

COLUMN 17 PEAK WIND IN M.P.H.

PRELIMINARY LOCAL CLIMATOLOGICAL DATA (WS FORM: F-6) , PAGE 2

                                          STATION:  LANSING MI
                                          MONTH:    FEBRUARY
                                          YEAR:     2013
                                          LATITUDE:   42 46 N
                                          LONGITUDE:  84 36 W

[TEMPERATURE DATA]      [PRECIPITATION DATA]       SYMBOLS USED IN COLUMN 16

AVERAGE MONTHLY: 24.7   TOTAL FOR MONTH:   1.78    1 = FOG OR MIST
DPTR FM NORMAL:  -1.2   DPTR FM NORMAL:    0.31    2 = FOG REDUCING VISIBILITY
HIGHEST:    46 ON 18    GRTST 24HR  0.54 ON 26-27      TO 1/4 MILE OR LESS
LOWEST:      0 ON  9                               3 = THUNDER
                        SNOW, ICE PELLETS, HAIL    4 = ICE PELLETS
                        TOTAL MONTH:  14.1 INCHES  5 = HAIL
                        GRTST 24HR   2.4 ON   M    6 = FREEZING RAIN OR DRIZZLE
                        GRTST DEPTH:   5 ON 27, 8  7 = DUSTSTORM OR SANDSTORM:
                                                       VSBY 1/2 MILE OR LESS
                                                   8 = SMOKE OR HAZE
[NO. OF DAYS WITH]      [WEATHER - DAYS WITH]      9 = BLOWING SNOW
                                                   X = TORNADO
MAX 32 OR BELOW:  15    0.01 INCH OR MORE:  17
MAX 90 OR ABOVE:   0    0.10 INCH OR MORE:   6
MIN 32 OR BELOW:  28    0.50 INCH OR MORE:   0
MIN  0 OR BELOW:   1    1.00 INCH OR MORE:   0

[HDD (BASE 65) ]
TOTAL THIS MO.  1121    CLEAR  (SCALE 0-3)   3
DPTR FM NORMAL    26    PTCLDY (SCALE 4-7)  11
TOTAL FM JUL 1  4678    CLOUDY (SCALE 8-10) 14
DPTR FM NORMAL  -257

[CDD (BASE 65) ]
TOTAL THIS MO.     0
DPTR FM NORMAL     0    [PRESSURE DATA]
TOTAL FM JAN 1     0    HIGHEST SLP 30.48 ON  9
DPTR FM NORMAL     0    LOWEST  SLP 29.38 ON 19

[REMARKS]
#FINAL-02-13#
