000
CXUS53 KGRR 011017
CF6LAN
PRELIMINARY LOCAL CLIMATOLOGICAL DATA (WS FORM: F-6)

                                          STATION:   LANSING MI
                                          MONTH:     OCTOBER
                                          YEAR:      2012
                                          LATITUDE:   42 46 N
                                          LONGITUDE:  84 36 W

  TEMPERATURE IN F:       :PCPN:    SNOW:  WIND      :SUNSHINE: SKY     :PK WND
================================================================================
1   2   3   4   5  6A  6B    7    8   9   10  11  12  13   14  15   16   17  18
                                     12Z  AVG MX 2MIN
DY MAX MIN AVG DEP HDD CDD  WTR  SNW DPTH SPD SPD DIR MIN PSBL S-S WX    SPD DR
================================================================================

 1  66  38  52  -4  13   0 0.00  0.0    0  1.3  7  70   M    M   6 1       9  70
 2  70  51  61   6   4   0 0.01  0.0    0  4.8 14  50   M    M   7        18  40
 3  65  55  60   5   5   0 0.03  0.0    0  4.8 15 200   M    M  10 18     18 190
 4  76  56  66  12   0   1 0.26  0.0    0 12.4 23 220   M    M   6 138    28 240
 5  57  45  51  -3  14   0    T  0.0    0 10.6 20 260   M    M   9        25 250
 6  47  39  43 -11  22   0    T  0.0    0  7.6 18 260   M    M   9        26 250
 7  47  35  41 -12  24   0    T  0.0    0  3.2 13 260   M    M   9        16 250
 8  54  32  43 -10  22   0 0.00  0.0    0  9.0 17 200   M    M   2        24 210
 9  62  40  51  -2  14   0 0.00  0.0    0 13.8 25 220   M    M   7        33 190
10  48  34  41 -11  24   0 0.18    T    0 10.0 23 270   M    M   9 15     31 270
11  62  33  48  -4  17   0 0.05  0.0    0 12.3 30 220   M    M   5        39 220
12  51  31  41 -11  24   0    T  0.0    0  3.9 12  50   M    M   3        16  50
13  63  36  50  -1  15   0 0.82  0.0    0 11.5 18 180   M    M   8 1      24 170
14  70  50  60   9   5   0 0.81  0.0    0 14.3 29 190   M    M   9 138    40 190
15  50  45  48  -2  17   0 0.01  0.0    0 11.1 25 280   M    M  10        32 280
16  60  33  47  -3  18   0    T  0.0    0  6.7 17 160   M    M   6        21 150
17  74  55  65  15   0   0 0.35  0.0    0 14.7 29 190   M    M   7 13     38 190
18  59  45  52   2  13   0 0.37  0.0    0 13.2 30 180   M    M   9 1      37 180
19  52  42  47  -2  18   0 0.23  0.0    0  7.5 23 180   M    M   9 1      30 180
20  56  41  49   0  16   0 0.02  0.0    0  8.1 16 280   M    M   7 1      20 260
21  61  36  49   0  16   0 0.00  0.0    0  3.1 13 250   M    M   2 1      17 250
22  70  42  56   8   9   0 0.79  0.0    0  5.2 16 210   M    M   7 13     22 200
23  67  60  64  16   1   0 0.11  0.0    0  3.6 15 150   M    M  10 138    17 160
24  78  58  68  20   0   3 0.00  0.0    0  6.9 14 190   M    M   7 1      20 190
25  76  55  66  19   0   1    T  0.0    0 14.8 30 270   M    M   4        38 270
26  55  39  47   0  18   0 0.03  0.0    0  8.9 24 280   M    M   9 1      30 290
27  52  30  41  -6  24   0 0.00  0.0    0  5.8 16  30   M    M   6        21  40
28  49  33  41  -5  24   0    T  0.0    0 11.4 24  40   M    M   8        31  40
29  44  34  39  -7  26   0 0.00  0.0    0 14.6 23 350   M    M   9        37  10
30  39  34  37  -9  28   0 0.34  0.1    0 15.6 29 360   M    M  10 14     39 350
31  42  35  39  -6  26   0 0.05  0.0    0 11.9 15 290   M    M  10 1      24 300
================================================================================
SM 1822 1292       457   5  4.46     0.1 282.6          M      229
================================================================================
AV 58.8 41.7                               9.1 FASTST   M    M   7    MAX(MPH)
                                 MISC ---->  # 30 220               # 40  190
================================================================================
NOTES:
# LAST OF SEVERAL OCCURRENCES

COLUMN 17 PEAK WIND IN M.P.H.

PRELIMINARY LOCAL CLIMATOLOGICAL DATA (WS FORM: F-6) , PAGE 2

                                          STATION:  LANSING MI
                                          MONTH:    OCTOBER
                                          YEAR:     2012
                                          LATITUDE:   42 46 N
                                          LONGITUDE:  84 36 W

[TEMPERATURE DATA]      [PRECIPITATION DATA]       SYMBOLS USED IN COLUMN 16

AVERAGE MONTHLY: 50.2   TOTAL FOR MONTH:   4.46    1 = FOG OR MIST
DPTR FM NORMAL:  -0.1   DPTR FM NORMAL:    1.93    2 = FOG REDUCING VISIBILITY
HIGHEST:    78 ON 24    GRTST 24HR  1.07 ON 13-14      TO 1/4 MILE OR LESS
LOWEST:     30 ON 27                               3 = THUNDER
                        SNOW, ICE PELLETS, HAIL    4 = ICE PELLETS
                        TOTAL MONTH:   0.1 INCH    5 = HAIL
                        GRTST 24HR   0.1 ON   M    6 = FREEZING RAIN OR DRIZZLE
                        GRTST DEPTH:   0           7 = DUSTSTORM OR SANDSTORM:
                                                       VSBY 1/2 MILE OR LESS
                                                   8 = SMOKE OR HAZE
[NO. OF DAYS WITH]      [WEATHER - DAYS WITH]      9 = BLOWING SNOW
                                                   X = TORNADO
MAX 32 OR BELOW:   0    0.01 INCH OR MORE:  17
MAX 90 OR ABOVE:   0    0.10 INCH OR MORE:  10
MIN 32 OR BELOW:   3    0.50 INCH OR MORE:   3
MIN  0 OR BELOW:   0    1.00 INCH OR MORE:   0

[HDD (BASE 65) ]
TOTAL THIS MO.   457    CLEAR  (SCALE 0-3)   3
DPTR FM NORMAL    -5    PTCLDY (SCALE 4-7)  14
TOTAL FM JUL 1   622    CLOUDY (SCALE 8-10) 14
DPTR FM NORMAL   -28

[CDD (BASE 65) ]
TOTAL THIS MO.     5
DPTR FM NORMAL    -2    [PRESSURE DATA]
TOTAL FM JAN 1   940    HIGHEST SLP 30.48 ON 12
DPTR FM NORMAL   315    LOWEST  SLP 29.32 ON 18

[REMARKS]
#FINAL-10-12#
