000
CXUS53 KGRR 011017
CF6LAN
PRELIMINARY LOCAL CLIMATOLOGICAL DATA (WS FORM: F-6)

                                          STATION:   LANSING MI
                                          MONTH:     JANUARY
                                          YEAR:      2016
                                          LATITUDE:   42 46 N
                                          LONGITUDE:  84 36 W

  TEMPERATURE IN F:       :PCPN:    SNOW:  WIND      :SUNSHINE: SKY     :PK WND
================================================================================
1   2   3   4   5  6A  6B    7    8   9   10  11  12  13   14  15   16   17  18
                                     12Z  AVG MX 2MIN
DY MAX MIN AVG DEP HDD CDD  WTR  SNW DPTH SPD SPD DIR MIN PSBL S-S WX    SPD DR
================================================================================

 1  29  24  27   3  38   0 0.04  0.7    1 15.5 24 260   M    M  10 18     31 250
 2  35  28  32   8  33   0 0.00  0.0    1 14.6 23 230   M    M   6        30 230
 3  33  25  29   5  36   0    T    T    1 10.0 23 290   M    M  10        30 290
 4  27   7  17  -7  48   0    T  0.2    1  7.7 17  30   M    M   7 18     21  40
 5  29   8  19  -5  46   0 0.00  0.0    1  7.6 16 200   M    M   0        21 210
 6  36  20  28   4  37   0 0.00  0.0    1  7.6 15 210   M    M   0        20 200
 7  42  28  35  11  30   0 0.00  0.0    1  4.8 12 150   M    M   6        13 140
 8  39  30  35  11  30   0 0.15  0.0    T  6.7 12 160   M    M   9 1      15 160
 9  42  38  40  16  25   0 0.53  0.0    T  7.3 13 220   M    M   9 12     17 220
10  38  16  27   3  38   0 0.18  1.0    T 17.8 31 320   M    M  10 19     42 300
11  16  10  13 -10  52   0 0.08  1.7    2 12.2 24 270   M    M   9 189    28 270
12  23  13  18  -5  47   0 0.08  1.6    4 18.2 28 270   M    M   9 1289   36 270
13  18  12  15  -8  50   0 0.03  0.5    4 13.2 22 230   M    M  10 18     25 230
14  34  18  26   3  39   0    T    T    5  5.6 17 230   M    M   6 18     22 230
15  42  22  32   9  33   0 0.05  0.0    3 10.2 21 270   M    M   5 12     25 270
16  33  26  30   7  35   0    T    T    T 13.8 21 300   M    M  10        28 290
17  26   9  18  -5  47   0    T    T    T 15.5 24 270   M    M   8 89     31 280
18  15   7  11 -12  54   0 0.01  0.2    T 13.1 25 290   M    M   7 18     31 290
19  21   5  13 -10  52   0    T    T    T  7.6 14 270   M    M   2 18     19 270
20  22  12  17  -6  48   0    T    T    T  4.4  8 280   M    M   7 18     11 240
21  26  12  19  -4  46   0 0.01  0.1    T  5.5 13 250   M    M  10 18     17 260
22  29  18  24   1  41   0    T    T    T  6.2 15  50   M    M   7 18     17  40
23  26  17  22  -1  43   0    T  0.1    T  6.3 15  40   M    M   6 18     20  30
24  32  15  24   1  41   0 0.00  0.0    T  8.3 21 220   M    M   5 18     26 220
25  40  26  33  10  32   0 0.02  0.0    T 10.8 18 190   M    M   4 18     24 180
26  43  29  36  13  29   0 0.10  1.4    0 18.2 30 240   M    M  10 18     36 250
27  29  24  27   4  38   0 0.01  0.2    2 13.3 24 180   M    M   9 18     30 190
28  34  26  30   7  35   0 0.04  0.1    1 14.1 23 220   M    M   9 18     32 200
29  29  20  25   2  40   0    T    T    1 10.7 22 310   M    M   6        31 310
30  47  29  38  14  27   0 0.00  0.0    1 10.8 22 200   M    M   1        28 200
31  49  38  44  20  21   0 0.12  0.0    0 10.0 21 260   M    M   9 1      26 280
================================================================================
SM  984  612      1211   0  1.45     7.8 327.6          M      216
================================================================================
AV 31.7 19.7                              10.6 FASTST   M    M   7    MAX(MPH)
                                 MISC ---->  # 31 320               # 42  300
================================================================================
NOTES:
# LAST OF SEVERAL OCCURRENCES

COLUMN 17 PEAK WIND IN M.P.H.

PRELIMINARY LOCAL CLIMATOLOGICAL DATA (WS FORM: F-6) , PAGE 2

                                          STATION:  LANSING MI
                                          MONTH:    JANUARY
                                          YEAR:     2016
                                          LATITUDE:   42 46 N
                                          LONGITUDE:  84 36 W

[TEMPERATURE DATA]      [PRECIPITATION DATA]       SYMBOLS USED IN COLUMN 16

AVERAGE MONTHLY: 25.7   TOTAL FOR MONTH:   1.45    1 = FOG OR MIST
DPTR FM NORMAL:   2.3   DPTR FM NORMAL:   -0.20    2 = FOG REDUCING VISIBILITY
HIGHEST:    49 ON 31    GRTST 24HR  0.72 ON  9-10      TO 1/4 MILE OR LESS
LOWEST:      5 ON 19                               3 = THUNDER
                        SNOW, ICE PELLETS, HAIL    4 = ICE PELLETS
                        TOTAL MONTH:   7.8 INCHES  5 = HAIL
                        GRTST 24HR   1.7 ON   M    6 = FREEZING RAIN OR DRIZZLE
                        GRTST DEPTH:   5 ON 14     7 = DUSTSTORM OR SANDSTORM:
                                                       VSBY 1/2 MILE OR LESS
                                                   8 = SMOKE OR HAZE
[NO. OF DAYS WITH]      [WEATHER - DAYS WITH]      9 = BLOWING SNOW
                                                   X = TORNADO
MAX 32 OR BELOW:  16    0.01 INCH OR MORE:  15
MAX 90 OR ABOVE:   0    0.10 INCH OR MORE:   5
MIN 32 OR BELOW:  29    0.50 INCH OR MORE:   1
MIN  0 OR BELOW:   0    1.00 INCH OR MORE:   0

[HDD (BASE 65) ]
TOTAL THIS MO.  1211    CLEAR  (SCALE 0-3)   4
DPTR FM NORMAL   -77    PTCLDY (SCALE 4-7)  12
TOTAL FM JUL 1  3116    CLOUDY (SCALE 8-10) 15
DPTR FM NORMAL  -724

[CDD (BASE 65) ]
TOTAL THIS MO.     0
DPTR FM NORMAL     0    [PRESSURE DATA]
TOTAL FM JAN 1     0    HIGHEST SLP 30.65 ON  5
DPTR FM NORMAL     0    LOWEST  SLP 29.36 ON 15

[REMARKS]
#FINAL-01-16#
