000
CXUS53 KGRR 011915
CF6LAN
PRELIMINARY LOCAL CLIMATOLOGICAL DATA (WS FORM: F-6)

                                          STATION:   LANSING MI
                                          MONTH:     JUNE
                                          YEAR:      2015
                                          LATITUDE:   42 46 N
                                          LONGITUDE:  84 36 W

  TEMPERATURE IN F:       :PCPN:    SNOW:  WIND      :SUNSHINE: SKY     :PK WND
================================================================================
1   2   3   4   5  6A  6B    7    8   9   10  11  12  13   14  15   16   17  18
                                     12Z  AVG MX 2MIN
DY MAX MIN AVG DEP HDD CDD  WTR  SNW DPTH SPD SPD DIR MIN PSBL S-S WX    SPD DR
================================================================================

 1  64  41  53 -10  12   0 0.00  0.0    0  7.7 17  40   M    M   2        24  60
 2  72  39  56  -7   9   0 0.00  0.0    0  5.2 13 120   M    M   0        19 100
 3  75  45  60  -4   5   0 0.00  0.0    0  6.2 15 150   M    M   1        22 130
 4  80  57  69   5   0   4 0.00  0.0    0  4.8 15 240   M    M   6        19 250
 5  72  58  65   1   0   0    T  0.0    0  6.5 16  50   M    M   6 18     21  50
 6  73  50  62  -3   3   0 0.00  0.0    0  8.1 15  40   M    M   1        24 200
 7  78  53  66   1   0   1 0.11  0.0    0 12.1 26 220   M    M   6 1      36 220
 8  81  62  72   6   0   7 0.08  0.0    0 12.4 20 260   M    M   6 1      29 260
 9  77  56  67   1   0   2 0.00  0.0    0  7.9 16 270   M    M   2 18     20 280
10  85  61  73   7   0   8    T  0.0    0 13.0 26 260   M    M   1 8      38 240
11  74  56  65  -1   0   0 0.18  0.0    0  6.4 13 100   M    M   5 1      21  90
12  69  56  63  -4   2   0 1.04  0.0    0  8.8 20 300   M    M   8 13     26 290
13  72  57  65  -2   0   0 0.01  0.0    0  7.2 13 140   M    M  10 18     19 350
14  80  67  74   7   0   9 3.04  0.0    0  6.8 18 270   M    M   7 1      24 270
15  81  67  74   6   0   9 0.01  0.0    0  5.4 14 210   M    M   7 1      16 210
16  79  61  70   2   0   5    T  0.0    0  6.7 14 340   M    M   2 1      18 320
17  76  55  66  -2   0   1 0.68  0.0    0  7.2 17 150   M    M   5 1      24 140
18  78  64  71   3   0   6 0.22  0.0    0  7.7 17 260   M    M   8 18     24 260
19  72  55  64  -5   1   0 0.00  0.0    0  6.7 14  30   M    M   3        18  40
20  79  52  66  -3   0   1 0.00  0.0    0  5.5 12 200   M    M   5        17 130
21  83  65  74   5   0   9 0.00  0.0    0  8.5 18 270   M    M   4        24 250
22  82  61  72   2   0   7 2.75  0.0    0  9.9 30 210   M    M   5 13     40 200
23  77  62  70   0   0   5 0.26  0.0    0 10.0 30 250   M    M   5 1      36 240
24  80  54  67  -3   0   2 0.00  0.0    0  3.8 12 250   M    M   0        18 280
25  75  61  68  -2   0   3    T  0.0    0  3.0 13 150   M    M   7        16 140
26  76  58  67  -3   0   2 0.00  0.0    0  7.7 16  70   M    M   2        20  60
27  66  56  61  -9   4   0 0.52  0.0    0 10.2 21  30   M    M   8 1      27  40
28  77  55  66  -5   0   1 0.00  0.0    0  6.5 13 270   M    M   1 8      17 330
29  78  59  69  -2   0   4 0.00  0.0    0  5.9 17 210   M    M   2 18     23 210
30  72  59  66  -5   0   1 0.17  0.0    0  2.9 12 290   M    M   9 138    14 280
================================================================================
SM 2283 1702        36  87  9.07     0.0 220.7          M      134
================================================================================
AV 76.1 56.7                               7.4 FASTST   M    M   4    MAX(MPH)
                                 MISC ---->  # 30 210               # 40  200
================================================================================
NOTES:
# LAST OF SEVERAL OCCURRENCES

COLUMN 17 PEAK WIND IN M.P.H.

PRELIMINARY LOCAL CLIMATOLOGICAL DATA (WS FORM: F-6) , PAGE 2

                                          STATION:  LANSING MI
                                          MONTH:    JUNE
                                          YEAR:     2015
                                          LATITUDE:   42 46 N
                                          LONGITUDE:  84 36 W

[TEMPERATURE DATA]      [PRECIPITATION DATA]       SYMBOLS USED IN COLUMN 16

AVERAGE MONTHLY: 66.4   TOTAL FOR MONTH:   9.07    1 = FOG OR MIST
DPTR FM NORMAL:  -1.2   DPTR FM NORMAL:    5.62    2 = FOG REDUCING VISIBILITY
HIGHEST:    85 ON 10    GRTST 24HR  3.04 ON 14-14      TO 1/4 MILE OR LESS
LOWEST:     39 ON  2                               3 = THUNDER
                        SNOW, ICE PELLETS, HAIL    4 = ICE PELLETS
                        TOTAL MONTH:   0.0 INCH    5 = HAIL
                        GRTST 24HR     0.0         6 = FREEZING RAIN OR DRIZZLE
                        GRTST DEPTH:   0           7 = DUSTSTORM OR SANDSTORM:
                                                       VSBY 1/2 MILE OR LESS
                                                   8 = SMOKE OR HAZE
[NO. OF DAYS WITH]      [WEATHER - DAYS WITH]      9 = BLOWING SNOW
                                                   X = TORNADO
MAX 32 OR BELOW:   0    0.01 INCH OR MORE:  13
MAX 90 OR ABOVE:   0    0.10 INCH OR MORE:  10
MIN 32 OR BELOW:   0    0.50 INCH OR MORE:   5
MIN  0 OR BELOW:   0    1.00 INCH OR MORE:   3

[HDD (BASE 65) ]
TOTAL THIS MO.    36    CLEAR  (SCALE 0-3)  11
DPTR FM NORMAL   -19    PTCLDY (SCALE 4-7)  17
TOTAL FM JUL 1  7211    CLOUDY (SCALE 8-10)  2
DPTR FM NORMAL   499

[CDD (BASE 65) ]
TOTAL THIS MO.    87
DPTR FM NORMAL   -45    [PRESSURE DATA]
TOTAL FM JAN 1   146    HIGHEST SLP 30.28 ON  1
DPTR FM NORMAL   -27    LOWEST  SLP 29.60 ON  8

[REMARKS]
#FINAL-06-15#
