000
CXUS53 KGRR 010910
CF6LAN
PRELIMINARY LOCAL CLIMATOLOGICAL DATA (WS FORM: F-6)
STATION: LANSING
MONTH: MARCH
YEAR: 2022
LATITUDE: 42 46 N
LONGITUDE: 84 36 W
TEMPERATURE IN F: :PCPN: SNOW: WIND :SUNSHINE: SKY :PK WND
================================================================================
1 2 3 4 5 6A 6B 7 8 9 10 11 12 13 14 15 16 17 18
12Z AVG MX 2MIN
DY MAX MIN AVG DEP HDD CDD WTR SNW DPTH SPD SPD DIR MIN PSBL S-S WX SPD DR
================================================================================
1 47 29 38 8 27 0 0.00 0.0 T 9.1 17 290 M M 2 24 290
2 44 22 33 3 32 0 0.03 0.2 T 7.3 20 350 M M 5 18 26 360
3 32 17 25 -5 40 0 0.00 0.0 0 6.0 16 10 M M 1 25 10
4 42 16 29 -2 36 0 0.00 0.0 0 3.4 12 250 M M 0 15 250
5 62 32 47 16 18 0 0.00 0.0 0 11.9 25 200 M M 1 37 210
6 62 35 49 17 16 0 0.10 0.0 0 18.0 40 260 M M 8 55 240
7 36 31 34 2 31 0 0.27 1.1 T 8.9 21 300 M M 10 168 29 300
8 39 26 33 1 32 0 T T T 7.9 16 200 M M 6 22 230
9 44 25 35 2 30 0 0.00 0.0 0 9.1 24 260 M M 2 8 31 280
10 36 23 30 -3 35 0 0.02 0.3 0 6.6 14 260 M M 5 18 19 270
11 31 19 25 -8 40 0 0.19 3.2 3 9.5 26 250 M M 8 18 34 300
12 20 11 16 -18 49 0 T T 3 12.7 25 290 M M 4 8 33 290
13 42 12 27 -7 38 0 0.02 0.4 3 12.8 24 230 M M 5 8 33 170
14 55 31 43 9 22 0 0.00 0.0 M 7.2 18 220 M M 3 24 250
15 47 30 39 4 26 0 T M 0 5.2 10 50 M M 6 18 15 40
16 67 29 48 13 17 0 0.00 0.0 0 6.4 17 190 M M 4 128 22 180
17 72 45 59 23 6 0 0.01 0.0 0 7.1 21 240 M M 3 28 240
18 52 38 45 9 20 0 0.31 0.0 0 11.3 18 40 M M 7 1 24 40
19 44 38 41 5 24 0 0.10 0.0 0 8.9 17 290 M M 10 12 25 280
20 58 37 48 11 17 0 0.03 0.0 0 7.5 17 280 M M 3 26 280
21 63 31 47 10 18 0 0.00 0.0 0 6.7 18 30 M M 3 25 30
22 48 37 43 6 22 0 0.28 0.0 0 13.0 23 90 M M 7 1 31 100
23 49 39 44 6 21 0 0.97 0.0 0 13.9 25 120 M M 10 13 35 110
24 49 37 43 5 22 0 0.11 0.0 0 13.3 23 210 M M 10 1 30 210
25 47 35 41 3 24 0 0.03 T 0 12.0 24 260 M M 10 18 32 260
26 37 26 32 -7 33 0 0.11 1.6 2 16.3 23 310 M M 10 1 35 280
27 29 19 24 -15 41 0 T T 2 14.7 25 310 M M 8 8 34 300
28 35 17 26 -14 39 0 0.00 0.0 0 8.6 16 360 M M 4 24 330
29 44 17 31 -9 34 0 0.06 T 0 8.4 18 130 M M 4 6 25 130
30 55 33 44 4 21 0 0.30 0.0 0 13.1 24 130 M M 10 16 36 140
31 63 34 49 8 16 0 0.05 0.0 0 18.3 38 230 M M 10 18 54 250
================================================================================
SM 1451 871 847 0 2.99 6.8 315.1 M 179
================================================================================
AV 46.8 28.1 10.2 FASTST M M 6 MAX(MPH)
MISC ----> 40 260 55 240
================================================================================
NOTES:
# LAST OF SEVERAL OCCURRENCES
COLUMN 17 PEAK WIND IN M.P.H.
PRELIMINARY LOCAL CLIMATOLOGICAL DATA (WS FORM: F-6) , PAGE 2
STATION: LANSING
MONTH: MARCH
YEAR: 2022
LATITUDE: 42 46 N
LONGITUDE: 84 36 W
[TEMPERATURE DATA] [PRECIPITATION DATA] SYMBOLS USED IN COLUMN 16
AVERAGE MONTHLY: 37.5 TOTAL FOR MONTH: 2.99 1 = FOG OR MIST
DPTR FM NORMAL: 2.3 DPTR FM NORMAL: 0.86 2 = FOG REDUCING VISIBILITY
HIGHEST: 72 ON 17 GRTST 24HR 1.10 ON 22-23 TO 1/4 MILE OR LESS
LOWEST: 11 ON 12 3 = THUNDER
SNOW, ICE PELLETS, HAIL 4 = ICE PELLETS
TOTAL MONTH: 6.8 INCHES 5 = HAIL
GRTST 24HR 3.2 ON 11-11 6 = FREEZING RAIN OR DRIZZLE
GRTST DEPTH: 3 ON 13,12 7 = DUSTSTORM OR SANDSTORM:
VSBY 1/2 MILE OR LESS
8 = SMOKE OR HAZE
[NO. OF DAYS WITH] [WEATHER - DAYS WITH] 9 = BLOWING SNOW
X = TORNADO
MAX 32 OR BELOW: 4 0.01 INCH OR MORE: 18
MAX 90 OR ABOVE: 0 0.10 INCH OR MORE: 10
MIN 32 OR BELOW: 20 0.50 INCH OR MORE: 1
MIN 0 OR BELOW: 0 1.00 INCH OR MORE: 0
[HDD (BASE 65) ]
TOTAL THIS MO. 847 CLEAR (SCALE 0-3) 7
DPTR FM NORMAL -78 PTCLDY (SCALE 4-7) 16
TOTAL FM JUL 1 5265 CLOUDY (SCALE 8-10) 8
DPTR FM NORMAL -511
[CDD (BASE 65) ]
TOTAL THIS MO. 0
DPTR FM NORMAL -1 [PRESSURE DATA]
TOTAL FM JAN 1 0 HIGHEST SLP 30.52 ON 4
DPTR FM NORMAL -1 LOWEST SLP 29.02 ON 31
[REMARKS]
#FINAL-03-22#