000
CXUS53 KGRR 011017
CF6LAN
PRELIMINARY LOCAL CLIMATOLOGICAL DATA (WS FORM: F-6)

                                          STATION:   LANSING MI
                                          MONTH:     JUNE
                                          YEAR:      2012
                                          LATITUDE:   42 46 N
                                          LONGITUDE:  84 36 W

  TEMPERATURE IN F:       :PCPN:    SNOW:  WIND      :SUNSHINE: SKY     :PK WND
================================================================================
1   2   3   4   5  6A  6B    7    8   9   10  11  12  13   14  15   16   17  18
                                     12Z  AVG MX 2MIN
DY MAX MIN AVG DEP HDD CDD  WTR  SNW DPTH SPD SPD DIR MIN PSBL S-S WX    SPD DR
================================================================================

 1  52  46  49 -14  16   0 1.12  0.0    0 11.9 17 290   M    M  10 1      28  20
 2  71  47  59  -4   6   0    T  0.0    0 15.9 31 280   M    M   8        43 260
 3  78  57  68   4   0   3 0.00  0.0    0 12.5 29 270   M    M   4        35 280
 4  72  50  61  -3   4   0 0.00  0.0    0  6.6 15  40   M    M   6        18  30
 5  69  49  59  -5   6   0 0.00  0.0    0  5.8 17  70   M    M   4        23  60
 6  77  46  62  -3   3   0 0.19  0.0    0  3.6 17 320   M    M   4 13     26 350
 7  80  51  66   1   0   1    T  0.0    0  4.6 20 310   M    M   2 1      24 310
 8  83  51  67   1   0   2 0.00  0.0    0  6.7 18 250   M    M   3        24 260
 9  87  62  75   9   0  10 0.00  0.0    0  9.8 24 250   M    M   3        31 260
10  90  62  76  10   0  11 0.00  0.0    0  5.8 16 140   M    M   3        22 150
11  83  69  76  10   0  11    T  0.0    0  9.0 18 180   M    M   8 3      23 170
12  76  54  65  -2   0   0    T  0.0    0 10.2 20 300   M    M   2 38     30 300
13  72  44  58  -9   7   0 0.00  0.0    0  5.8 15  50   M    M   4        22  40
14  81  49  65  -2   0   0 0.00  0.0    0  6.9 14 140   M    M   4        17 140
15  88  58  73   5   0   8 0.00  0.0    0  7.3 13 150   M    M   4        20 180
16  89  67  78  10   0  13 0.00  0.0    0  8.8 20 130   M    M   7 8      28 150
17  81  61  71   3   0   6 0.02  0.0    0  8.0 20 270   M    M   6 1      24 280
18  83  59  71   3   0   6 0.55  0.0    0  9.3 24 320   M    M   6 13     36 310
19  93  76  85  16   0  20 0.00  0.0    0 11.4 21 210   M    M   5 8      28 200
20  92  72  82  13   0  17 0.00  0.0    0 11.1 22 200   M    M   1        29 220
21  86  63  75   6   0  10 0.01  0.0    0 10.5 21 300   M    M   5        25 290
22  82  58  70   0   0   5 0.00  0.0    0  3.4 16  10   M    M   3 18     21  20
23  83  54  69  -1   0   4 0.00  0.0    0  2.2 10 320   M    M   5 18     21 270
24  88  67  78   8   0  13    T  0.0    0  7.9 18 290   M    M   8 8      24 330
25  75  53  64  -6   1   0 0.00  0.0    0  8.3 18  50   M    M   2        28  50
26  81  49  65  -5   0   0 0.00  0.0    0  3.3 13 250   M    M   2 8      22 280
27  89  55  72   2   0   7 0.00  0.0    0  6.1 17 240   M    M   3        33 230
28  98  70  84  13   0  19 0.00  0.0    0  8.2 21 260   M    M   4 8      25 260
29  89  65  77   6   0  12 0.00  0.0    0  5.5 17 270   M    M   6 1      30  80
30  90  65  78   7   0  13 0.00  0.0    0  8.5 18 260   M    M   5         M 280
================================================================================
SM 2458 1729        43 191  1.89     0.0 234.9          M      137
================================================================================
AV 81.9 57.6                               7.8 FASTST   M    M   5    MAX(MPH)
                                 MISC ---->  # 31 280               # 43  260
================================================================================
NOTES:
# LAST OF SEVERAL OCCURRENCES

COLUMN 17 PEAK WIND IN M.P.H.

PRELIMINARY LOCAL CLIMATOLOGICAL DATA (WS FORM: F-6) , PAGE 2

                                          STATION:  LANSING MI
                                          MONTH:    JUNE
                                          YEAR:     2012
                                          LATITUDE:   42 46 N
                                          LONGITUDE:  84 36 W

[TEMPERATURE DATA]      [PRECIPITATION DATA]       SYMBOLS USED IN COLUMN 16

AVERAGE MONTHLY: 69.8   TOTAL FOR MONTH:   1.89    1 = FOG OR MIST
DPTR FM NORMAL:   2.2   DPTR FM NORMAL:   -1.56    2 = FOG REDUCING VISIBILITY
HIGHEST:    98 ON 28    GRTST 24HR  1.29 ON 31- 1      TO 1/4 MILE OR LESS
LOWEST:     44 ON 13                               3 = THUNDER
                        SNOW, ICE PELLETS, HAIL    4 = ICE PELLETS
                        TOTAL MONTH:   0.0 INCH    5 = HAIL
                        GRTST 24HR     0.0         6 = FREEZING RAIN OR DRIZZLE
                        GRTST DEPTH:   0           7 = DUSTSTORM OR SANDSTORM:
                                                       VSBY 1/2 MILE OR LESS
                                                   8 = SMOKE OR HAZE
[NO. OF DAYS WITH]      [WEATHER - DAYS WITH]      9 = BLOWING SNOW
                                                   X = TORNADO
MAX 32 OR BELOW:   0    0.01 INCH OR MORE:   5
MAX 90 OR ABOVE:   5    0.10 INCH OR MORE:   3
MIN 32 OR BELOW:   0    0.50 INCH OR MORE:   2
MIN  0 OR BELOW:   0    1.00 INCH OR MORE:   1

[HDD (BASE 65) ]
TOTAL THIS MO.    43    CLEAR  (SCALE 0-3)   7
DPTR FM NORMAL   -12    PTCLDY (SCALE 4-7)  22
TOTAL FM JUL 1  5575    CLOUDY (SCALE 8-10)  1
DPTR FM NORMAL -1137

[CDD (BASE 65) ]
TOTAL THIS MO.   191
DPTR FM NORMAL    59    [PRESSURE DATA]
TOTAL FM JAN 1   287    HIGHEST SLP 30.25 ON 13
DPTR FM NORMAL   114    LOWEST  SLP 29.61 ON  1

[REMARKS]
#FINAL-06-12#
