000
CXUS53 KGRR 011248
CF6LAN
PRELIMINARY LOCAL CLIMATOLOGICAL DATA (WS FORM: F-6)

                                          STATION:   LANSING MI
                                          MONTH:     JANUARY
                                          YEAR:      2012
                                          LATITUDE:   42 46 N
                                          LONGITUDE:  84 36 W

  TEMPERATURE IN F:       :PCPN:    SNOW:  WIND      :SUNSHINE: SKY     :PK WND
================================================================================
1   2   3   4   5  6A  6B    7    8   9   10  11  12  13   14  15   16   17  18
                                     12Z  AVG MX 2MIN
DY MAX MIN AVG DEP HDD CDD  WTR  SNW DPTH SPD SPD DIR MIN PSBL S-S WX    SPD DR
================================================================================

 1  44  29  37  13  28   0    T  0.2    0 17.9 31 260   M    M  10 1      41 270
 2  29  19  24   0  41   0 0.02  0.2    0 15.8 25 310   M    M   8 1      35 310
 3  23  15  19  -5  46   0    T    T    0 10.8 20 310   M    M   7        25 300
 4  36  20  28   4  37   0 0.00  0.0    0 10.7 17 280   M    M   7        22 280
 5  42  23  33   9  32   0 0.00  0.0    0  7.5 20 220   M    M   4 1      24 220
 6  53  38  46  22  19   0 0.00  0.0    0 10.4 18 230   M    M   6        24 220
 7  44  30  37  13  28   0 0.00  0.0    0  9.5 18 290   M    M   8        24 290
 8  38  21  30   6  35   0 0.00  0.0    0  4.1 13 240   M    M   5        15 250
 9  42  26  34  10  31   0 0.00  0.0    0 11.3 23 230   M    M   4        30 250
10  47  27  37  13  28   0 0.00  0.0    0  5.7 14 250   M    M   0 1      17 250
11  50  25  38  15  27   0 0.01  0.0    0  4.2 10 120   M    M   4 18     13 120
12  37  22  30   7  35   0 0.28  1.6    0  5.8 20 230   M    M  10 1      25 230
13  26  19  23   0  42   0 0.19  3.7    5 10.5 18 290   M    M  10 18     24 300
14  22  16  19  -4  46   0 0.01  1.0    5  3.0 10  50   M    M  10 18     12  50
15  24  12  18  -5  47   0    T    T    5  9.2 17 150   M    M   5 18     22 140
16  42  19  31   8  34   0 0.03  0.0    5 11.2 20 200   M    M   6 128    25 200
17  40  23  32   9  33   0 0.28  0.5    2 10.1 23 320   M    M   9 12     35 310
18  24  18  21  -2  44   0    T  0.1    T  9.2 18 310   M    M   8 1      26 290
19  27   5  16  -7  49   0 0.04  0.7    T 14.7 28 290   M    M   7 18     33 290
20  17   1   9 -14  56   0 0.19  1.5    0  4.1 10 120   M    M   7 1      12  60
21  22   1  12 -11  53   0    T    T    2  2.3 10  10   M    M   4 1      14  10
22  36  14  25   2  40   0 0.02  0.0    2 12.7 22 140   M    M   8 16     29 150
23  48  31  40  17  25   0 0.35    T    0 17.9 33 250   M    M  10 13     46 250
24  32  28  30   7  35   0    T    T    0 15.3 29 260   M    M  10        38 260
25  32  27  30   7  35   0 0.00  0.0    0  3.3 10 140   M    M  10        13 140
26  36  25  31   8  34   0 0.31  0.3    0  5.1 13 150   M    M  10 148    16 140
27  40  30  35  12  30   0 0.05  0.7    1  9.0 18 290   M    M   7 1      23 280
28  33  26  30   7  35   0 0.07  1.2    T 16.1 35 270   M    M   9 189    43 280
29  29  18  24   1  41   0 0.17  3.0    1  8.9 18 280   M    M   9 128    23 270
30  41   8  25   1  40   0    T    T    3  7.8 20 140   M    M   6 1      25 130
31  53  40  47  23  18   0    T  0.0    2 14.6 23 210   M    M   7        32 210
================================================================================
SM 1109  656      1124   0  2.02    14.7 298.7          M      225
================================================================================
AV 35.8 21.2                               9.6 FASTST   M    M   7    MAX(MPH)
                                 MISC ---->  # 35 270               # 46  250
================================================================================
NOTES:
# LAST OF SEVERAL OCCURRENCES

COLUMN 17 PEAK WIND IN M.P.H.

PRELIMINARY LOCAL CLIMATOLOGICAL DATA (WS FORM: F-6) , PAGE 2

                                          STATION:  LANSING MI
                                          MONTH:    JANUARY
                                          YEAR:     2012
                                          LATITUDE:   42 46 N
                                          LONGITUDE:  84 36 W

[TEMPERATURE DATA]      [PRECIPITATION DATA]       SYMBOLS USED IN COLUMN 16

AVERAGE MONTHLY: 28.5   TOTAL FOR MONTH:   2.02    1 = FOG OR MIST
DPTR FM NORMAL:   5.1   DPTR FM NORMAL:    0.37    2 = FOG REDUCING VISIBILITY
HIGHEST:    53 ON  6,31 GRTST 24HR  0.50 ON 12-13      TO 1/4 MILE OR LESS
LOWEST:      1 ON 21,20                            3 = THUNDER
                        SNOW, ICE PELLETS, HAIL    4 = ICE PELLETS
                        TOTAL MONTH:  14.7 INCHES  5 = HAIL
                        GRTST 24HR   3.7 ON   M    6 = FREEZING RAIN OR DRIZZLE
                        GRTST DEPTH:   5 ON 15,14  7 = DUSTSTORM OR SANDSTORM:
                                                       VSBY 1/2 MILE OR LESS
                                                   8 = SMOKE OR HAZE
[NO. OF DAYS WITH]      [WEATHER - DAYS WITH]      9 = BLOWING SNOW
                                                   X = TORNADO
MAX 32 OR BELOW:  12    0.01 INCH OR MORE:  15
MAX 90 OR ABOVE:   0    0.10 INCH OR MORE:   7
MIN 32 OR BELOW:  29    0.50 INCH OR MORE:   0
MIN  0 OR BELOW:   0    1.00 INCH OR MORE:   0

[HDD (BASE 65) ]
TOTAL THIS MO.  1124    CLEAR  (SCALE 0-3)   1
DPTR FM NORMAL  -164    PTCLDY (SCALE 4-7)  17
TOTAL FM JUL 1  3363    CLOUDY (SCALE 8-10) 13
DPTR FM NORMAL  -477

[CDD (BASE 65) ]
TOTAL THIS MO.     0
DPTR FM NORMAL     0    [PRESSURE DATA]
TOTAL FM JAN 1     0    HIGHEST SLP 30.45 ON 15
DPTR FM NORMAL     0    LOWEST  SLP 29.31 ON 12

[REMARKS]
#FINAL-01-12#
