000
CXUS53 KGRR 011017
CF6LAN
PRELIMINARY LOCAL CLIMATOLOGICAL DATA (WS FORM: F-6)

                                          STATION:   LANSING MI
                                          MONTH:     AUGUST
                                          YEAR:      2011
                                          LATITUDE:   42 46 N
                                          LONGITUDE:  84 36 W

  TEMPERATURE IN F:       :PCPN:    SNOW:  WIND      :SUNSHINE: SKY     :PK WND
================================================================================
1   2   3   4   5  6A  6B    7    8   9   10  11  12  13   14  15   16   17  18
                                     12Z  AVG MX 2MIN
DY MAX MIN AVG DEP HDD CDD  WTR  SNW DPTH SPD SPD DIR MIN PSBL S-S WX    SPD DR
================================================================================

 1  90  74  82  11   0  17 0.00  0.0    0  8.1 16 280   M    M   6        24 300
 2  86  67  77   6   0  12 0.12  0.0    0  5.1 20 170   M    M  10 138    24 180
 3  84  69  77   6   0  12 0.73  0.0    0  8.3 20 350   M    M   8 13      M  M
 4  80  65  73   2   0   8    T  0.0    0  3.6  M   M   M    M   8 1       M  M
 5  84  64  74   3   0   9 0.00  0.0    0  3.7 10  90   M    M   6 1      17  60
 6  82  70  76   5   0  11 0.47  0.0    0  2.5 21 100   M    M   8 138     M  M
 7  82  66  74   3   0   9    T  0.0    0  7.9 16 270   M    M   7 128    22 280
 8  81  68  75   4   0  10 0.03  0.0    0  4.3 17  70   M    M   9 1      25  90
 9  80  63  72   1   0   7 0.13  0.0    0  9.9 29 260   M    M   6 13      M  M
10  75  59  67  -3   0   2 0.00  0.0    0  9.3 20 290   M    M   3        25 290
11  79  54  67  -3   0   2 0.00  0.0    0  5.0 16 280   M    M   2         M  M
12  80  57  69  -1   0   4 0.00  0.0    0  4.4 13 200   M    M   6        28 320
13  78  59  69  -1   0   4 0.66  0.0    0  6.8 22 280   M    M   9 13     38  40
14  71  59  65  -5   0   0 0.19  0.0    0  6.7 16  20   M    M   9 1      23  10
15  78  56  67  -3   0   2 0.00  0.0    0  4.2 13 320   M    M   1 1      20  60
16  81  55  68  -2   0   3 0.00  0.0    0  1.8  9  80   M    M   1 1      15  90
17  81  58  70   0   0   5 0.00  0.0    0  5.3 16 250   M    M   5 18     36 170
18  83  60  72   2   0   7 0.05  0.0    0  4.5 15 300   M    M   2 138    18 300
19  84  56  70   0   0   5 0.00  0.0    0  1.4  8 300   M    M   2        10 300
20  81  63  72   2   0   7 0.25  0.0    0  3.6 25 280   M    M   7 13     36 280
21  77  55  66  -3   0   1 0.00  0.0    0  6.6 22 280   M    M   6 1      30 280
22  75  50  63  -6   2   0 0.00  0.0    0  2.2 12 250   M    M   3 1      16 270
23  81  55  68  -1   0   3 0.53  0.0    0  8.6 21 220   M    M   6 13     25 210
24  88  66  77   8   0  12 0.29  0.0    0 13.7 26 240   M    M   4 13     33 260
25  76  58  67  -2   0   2 0.00  0.0    0  6.8 17 310   M    M   4 1      22 310
26  79  53  66  -3   0   1 0.00  0.0    0  1.1  9 260   M    M   3 1      16 240
27  81  58  70   2   0   5 0.00  0.0    0  4.5 13  30   M    M   3 1      17  20
28  75  53  64  -4   1   0 0.00  0.0    0  5.4 18  30   M    M   3        28  30
29  77  52  65  -3   0   0 0.00  0.0    0  2.8 13 250   M    M   3 1      17 250
30  77  55  66  -2   0   1 0.00  0.0    0  3.1 13 230   M    M   6        14 190
31  80  62  71   4   0   6    T  0.0    0  7.3 16 150   M    M   8        21 140
================================================================================
SM 2486 1859         3 167  3.45     0.0 168.5          M      164
================================================================================
AV 80.2 60.0                               5.4 FASTST   M    M   5    MAX(MPH)
                                 MISC ---->  # 29 260               # 38   40
================================================================================
NOTES:
# LAST OF SEVERAL OCCURRENCES

COLUMN 17 PEAK WIND IN M.P.H.

PRELIMINARY LOCAL CLIMATOLOGICAL DATA (WS FORM: F-6) , PAGE 2

                                          STATION:  LANSING MI
                                          MONTH:    AUGUST
                                          YEAR:     2011
                                          LATITUDE:   42 46 N
                                          LONGITUDE:  84 36 W

[TEMPERATURE DATA]      [PRECIPITATION DATA]       SYMBOLS USED IN COLUMN 16

AVERAGE MONTHLY: 70.1   TOTAL FOR MONTH:   3.45    1 = FOG OR MIST
DPTR FM NORMAL:   0.3   DPTR FM NORMAL:    0.22    2 = FOG REDUCING VISIBILITY
HIGHEST:    90 ON  1    GRTST 24HR  0.85 ON  2- 3      TO 1/4 MILE OR LESS
LOWEST:     50 ON 22                               3 = THUNDER
                        SNOW, ICE PELLETS, HAIL    4 = ICE PELLETS
                        TOTAL MONTH:   0.0 INCH    5 = HAIL
                        GRTST 24HR     0.0         6 = FREEZING RAIN OR DRIZZLE
                        GRTST DEPTH:   0           7 = DUSTSTORM OR SANDSTORM:
                                                       VSBY 1/2 MILE OR LESS
                                                   8 = SMOKE OR HAZE
[NO. OF DAYS WITH]      [WEATHER - DAYS WITH]      9 = BLOWING SNOW
                                                   X = TORNADO
MAX 32 OR BELOW:   0    0.01 INCH OR MORE:  11
MAX 90 OR ABOVE:   1    0.10 INCH OR MORE:   9
MIN 32 OR BELOW:   0    0.50 INCH OR MORE:   3
MIN  0 OR BELOW:   0    1.00 INCH OR MORE:   0

[HDD (BASE 65) ]
TOTAL THIS MO.     3    CLEAR  (SCALE 0-3)   6
DPTR FM NORMAL   -21    PTCLDY (SCALE 4-7)  19
TOTAL FM JUL 1     3    CLOUDY (SCALE 8-10)  6
DPTR FM NORMAL   -32

[CDD (BASE 65) ]
TOTAL THIS MO.   167
DPTR FM NORMAL    -4    [PRESSURE DATA]
TOTAL FM JAN 1   695    HIGHEST SLP 30.14 ON 30
DPTR FM NORMAL   138    LOWEST  SLP 29.59 ON 24

[REMARKS]
#FINAL-08-11#
