000
CXUS53 KGRR 010910
CF6LAN
PRELIMINARY LOCAL CLIMATOLOGICAL DATA (WS FORM: F-6)
STATION: LANSING
MONTH: APRIL
YEAR: 2021
LATITUDE: 42 46 N
LONGITUDE: 84 36 W
TEMPERATURE IN F: :PCPN: SNOW: WIND :SUNSHINE: SKY :PK WND
================================================================================
1 2 3 4 5 6A 6B 7 8 9 10 11 12 13 14 15 16 17 18
12Z AVG MX 2MIN
DY MAX MIN AVG DEP HDD CDD WTR SNW DPTH SPD SPD DIR MIN PSBL S-S WX SPD DR
================================================================================
1 38 23 31 -11 34 0 T 0.2 0 10.4 18 360 M M 6 8 27 340
2 47 20 34 -8 31 0 0.00 0.0 0 4.7 12 320 M M 0 16 320
3 64 34 49 7 16 0 0.00 0.0 0 11.9 24 230 M M 1 38 230
4 69 33 51 8 14 0 0.00 0.0 0 3.8 15 140 M M 0 18 19 130
5 65 45 55 12 10 0 0.21 0.0 0 10.7 22 160 M M 3 13 28 160
6 80 45 63 19 2 0 0.00 0.0 0 6.8 20 230 M M 1 28 240
7 80 54 67 23 0 2 0.00 0.0 0 8.1 18 200 M M 4 25 200
8 75 55 65 20 0 0 0.10 0.0 0 12.2 25 150 M M 6 1 33 160
9 72 49 61 16 4 0 0.10 0.0 0 11.1 29 180 M M 6 3 42 200
10 74 41 58 13 7 0 0.79 0.0 0 7.2 29 140 M M 5 13 36 140
11 60 44 52 6 13 0 0.13 0.0 0 6.7 20 160 M M 6 1 30 210
12 61 43 52 6 13 0 0.00 0.0 0 7.6 23 260 M M 6 1 30 250
13 60 38 49 2 16 0 0.00 0.0 0 10.2 26 260 M M 1 34 230
14 49 35 42 -5 23 0 0.00 0.0 0 9.7 21 250 M M 6 33 280
15 47 35 41 -6 24 0 0.02 T 0 11.2 18 300 M M 10 1 27 310
16 58 37 48 0 17 0 T 0.0 0 8.9 15 310 M M 7 22 290
17 59 31 45 -3 20 0 0.00 0.0 0 3.2 12 280 M M 4 1 16 280
18 60 34 47 -1 18 0 0.00 0.0 0 6.3 16 270 M M 4 24 280
19 57 38 48 -1 17 0 0.07 0.0 0 13.0 29 240 M M 6 1 40 240
20 39 30 35 -14 30 0 0.00 0.0 0 7.0 17 20 M M 7 24 20
21 43 25 34 -16 31 0 T T 0 9.9 21 280 M M 4 29 280
22 49 25 37 -13 28 0 0.00 0.0 0 8.5 24 250 M M 3 34 250
23 63 33 48 -2 17 0 0.00 0.0 0 10.2 23 260 M M 3 30 260
24 55 38 47 -4 18 0 0.03 0.0 0 4.7 14 170 M M 8 17 160
25 52 36 44 -7 21 0 0.00 0.0 0 10.8 18 320 M M 5 1 27 330
26 57 34 46 -5 19 0 0.00 0.0 0 12.8 24 130 M M 5 32 140
27 80 47 64 12 1 0 0.00 0.0 0 8.9 21 140 M M 3 26 150
28 73 51 62 10 3 0 0.00 0.0 0 10.0 23 240 M M 4 8 30 280
29 55 47 51 -1 14 0 0.20 0.0 0 7.4 17 290 M M 8 1 25 290
30 55 38 47 -6 18 0 0.02 0.0 0 11.8 23 310 M M 4 1 36 330
================================================================================
SM 1796 1138 479 2 1.67 0.2 265.7 M 136
================================================================================
AV 59.9 37.9 8.9 FASTST M M 5 MAX(MPH)
MISC ----> # 29 180 42 200
================================================================================
NOTES:
# LAST OF SEVERAL OCCURRENCES
COLUMN 17 PEAK WIND IN M.P.H.
PRELIMINARY LOCAL CLIMATOLOGICAL DATA (WS FORM: F-6) , PAGE 2
STATION: LANSING
MONTH: APRIL
YEAR: 2021
LATITUDE: 42 46 N
LONGITUDE: 84 36 W
[TEMPERATURE DATA] [PRECIPITATION DATA] SYMBOLS USED IN COLUMN 16
AVERAGE MONTHLY: 48.9 TOTAL FOR MONTH: 1.67 1 = FOG OR MIST
DPTR FM NORMAL: 1.5 DPTR FM NORMAL: -1.36 2 = FOG REDUCING VISIBILITY
HIGHEST: 80 ON 27, 7 GRTST 24HR 0.92 ON 10-11 TO 1/4 MILE OR LESS
LOWEST: 20 ON 2 3 = THUNDER
SNOW, ICE PELLETS, HAIL 4 = ICE PELLETS
TOTAL MONTH: 0.2 INCH 5 = HAIL
GRTST 24HR 0.2 ON 1- 1 6 = FREEZING RAIN OR DRIZZLE
GRTST DEPTH: 0 7 = DUSTSTORM OR SANDSTORM:
VSBY 1/2 MILE OR LESS
8 = SMOKE OR HAZE
[NO. OF DAYS WITH] [WEATHER - DAYS WITH] 9 = BLOWING SNOW
X = TORNADO
MAX 32 OR BELOW: 0 0.01 INCH OR MORE: 10
MAX 90 OR ABOVE: 0 0.10 INCH OR MORE: 6
MIN 32 OR BELOW: 6 0.50 INCH OR MORE: 1
MIN 0 OR BELOW: 0 1.00 INCH OR MORE: 0
[HDD (BASE 65) ]
TOTAL THIS MO. 479 CLEAR (SCALE 0-3) 8
DPTR FM NORMAL -55 PTCLDY (SCALE 4-7) 20
TOTAL FM JUL 1 5956 CLOUDY (SCALE 8-10) 2
DPTR FM NORMAL -442
[CDD (BASE 65) ]
TOTAL THIS MO. 2
DPTR FM NORMAL -4 [PRESSURE DATA]
TOTAL FM JAN 1 2 HIGHEST SLP 30.59 ON 2
DPTR FM NORMAL -5 LOWEST SLP 29.35 ON 11
[REMARKS]
#FINAL-04-21#