000
CXUS53 KGRR 011055
CF6LAN
PRELIMINARY LOCAL CLIMATOLOGICAL DATA (WS FORM: F-6)

                                          STATION:   LANSING MI
                                          MONTH:     MAY
                                          YEAR:      2011
                                          LATITUDE:   42 46 N
                                          LONGITUDE:  84 36 W

  TEMPERATURE IN F:       :PCPN:    SNOW:  WIND      :SUNSHINE: SKY     :PK WND
================================================================================
1   2   3   4   5  6A  6B    7    8   9   10  11  12  13   14  15   16   17  18
                                     12Z  AVG MX 2MIN
DY MAX MIN AVG DEP HDD CDD  WTR  SNW DPTH SPD SPD DIR MIN PSBL S-S WX    SPD DR
================================================================================

 1  72  50  61   9   4   0    T  0.0    0 13.7 29 250   M    M   9        36 240
 2  56  45  51  -1  14   0    T  0.0    0  9.1 23 270   M    M   9        28 260
 3  49  38  44  -8  21   0    T  0.0    0  6.5 13  20   M    M   9        17  40
 4  60  38  49  -4  16   0 0.00  0.0    0  7.1 17 360   M    M   5        33  60
 5  64  35  50  -3  15   0    T  0.0    0  7.5 22 220   M    M   4        29 220
 6  64  48  56   3   9   0 0.02  0.0    0 11.8 28 260   M    M   7 1      35 260
 7  67  40  54   0  11   0    T  0.0    0  3.8 14  60   M    M   6        22 190
 8  68  41  55   1  10   0 0.00  0.0    0  7.0 17  60   M    M   4        22  70
 9  70  41  56   1   9   0    T  0.0    0  9.6 23 110   M    M   5 38     28 120
10  74  53  64   9   1   0 0.01  0.0    0 12.8 21 130   M    M   8 3      25 120
11  79  56  68  13   0   3 0.38  0.0    0  9.4 25 250   M    M   7 13     30 260
12  85  56  71  15   0   6 0.16  0.0    0  6.9 15 180   M    M   6 13     18 180
13  82  59  71  15   0   6 1.37  0.0    0  5.5 23  40   M    M   8 13     43 330
14  62  49  56   0   9   0 0.12  0.0    0 13.2 23  30   M    M  10 1      32  10
15  50  41  46 -11  19   0 0.71  0.0    0 17.6 31  40   M    M   9 1      45  40
16  57  38  48  -9  17   0 0.00  0.0    0 11.5 23  50   M    M   7        29  40
17  56  44  50  -8  15   0 0.13  0.0    0 11.6 20  40   M    M   9 1      26  30
18  62  49  56  -2   9   0 0.47  0.0    0  7.1 14  40   M    M  10 128    23 350
19  71  55  63   5   2   0 0.10  0.0    0  4.8 10  50   M    M   9 12     14 290
20  73  54  64   5   1   0 0.00  0.0    0  2.4  8  30   M    M   8 12     15  70
21  77  53  65   6   0   0 0.03  0.0    0  7.1 17 150   M    M   7 18     21 150
22  84  60  72  13   0   7 0.13  0.0    0 10.4 40 220   M    M   6 138    56 230
23  78  64  71  11   0   6    T  0.0    0 15.1 30 260   M    M   8 3      39 250
24  73  56  65   5   0   0 0.00  0.0    0  4.8 12  80   M    M   5        16  70
25  61  51  56  -4   9   0 1.03  0.0    0  7.8 18 110   M    M  10 13     25 100
26  53  45  49 -12  16   0 0.82  0.0    0 13.5 25  30   M    M  10 1      32  30
27  55  45  50 -11  15   0 0.01  0.0    0  7.0 18  30   M    M  10 1      25  30
28  66  53  60  -1   5   0    T  0.0    0  9.1 23 190   M    M   9 1      32 190
29  75  58  67   5   0   2 1.32  0.0    0  3.7 24 230   M    M   9 1238   31 240
30  87  60  74  12   0   9 0.00  0.0    0  8.9 18 190   M    M   2 1      23 190
31  89  69  79  17   0  14    T  0.0    0 12.9 26 200   M    M   3        37 200
================================================================================
SM 2119 1544       227  53  6.81     0.0 279.2          M      228
================================================================================
AV 68.4 49.8                               9.0 FASTST   M    M   7    MAX(MPH)
                                 MISC ---->  # 40 220               # 56  230
================================================================================
NOTES:
# LAST OF SEVERAL OCCURRENCES

COLUMN 17 PEAK WIND IN M.P.H.

PRELIMINARY LOCAL CLIMATOLOGICAL DATA (WS FORM: F-6) , PAGE 2

                                          STATION:  LANSING MI
                                          MONTH:    MAY
                                          YEAR:     2011
                                          LATITUDE:   42 46 N
                                          LONGITUDE:  84 36 W

[TEMPERATURE DATA]      [PRECIPITATION DATA]       SYMBOLS USED IN COLUMN 16

AVERAGE MONTHLY: 59.1   TOTAL FOR MONTH:   6.81    1 = FOG OR MIST
DPTR FM NORMAL:   2.0   DPTR FM NORMAL:    4.10    2 = FOG REDUCING VISIBILITY
HIGHEST:    89 ON 31    GRTST 24HR  1.57 ON 25-26      TO 1/4 MILE OR LESS
LOWEST:     35 ON  5                               3 = THUNDER
                        SNOW, ICE PELLETS, HAIL    4 = ICE PELLETS
                        TOTAL MONTH:   0.0 INCH    5 = HAIL
                        GRTST 24HR     0.0         6 = FREEZING RAIN OR DRIZZLE
                        GRTST DEPTH:   0           7 = DUSTSTORM OR SANDSTORM:
                                                       VSBY 1/2 MILE OR LESS
                                                   8 = SMOKE OR HAZE
[NO. OF DAYS WITH]      [WEATHER - DAYS WITH]      9 = BLOWING SNOW
                                                   X = TORNADO
MAX 32 OR BELOW:   0    0.01 INCH OR MORE:  16
MAX 90 OR ABOVE:   0    0.10 INCH OR MORE:  12
MIN 32 OR BELOW:   0    0.50 INCH OR MORE:   5
MIN  0 OR BELOW:   0    1.00 INCH OR MORE:   3

[HDD (BASE 65) ]
TOTAL THIS MO.   227    CLEAR  (SCALE 0-3)   1
DPTR FM NORMAL   -50    PTCLDY (SCALE 4-7)  17
TOTAL FM JUL 1  6872    CLOUDY (SCALE 8-10) 13
DPTR FM NORMAL  -157

[CDD (BASE 65) ]
TOTAL THIS MO.    53
DPTR FM NORMAL    19    [PRESSURE DATA]
TOTAL FM JAN 1    53    HIGHEST SLP 30.35 ON  5
DPTR FM NORMAL    12    LOWEST  SLP 29.54 ON 23

[REMARKS]
#FINAL-05-11#
