000
CXUS53 KGRR 011618
CF6LAN
PRELIMINARY LOCAL CLIMATOLOGICAL DATA (WS FORM: F-6)

                                          STATION:   LANSING MI
                                          MONTH:     APRIL
                                          YEAR:      2011
                                          LATITUDE:   42 46 N
                                          LONGITUDE:  84 36 W

  TEMPERATURE IN F:       :PCPN:    SNOW:  WIND      :SUNSHINE: SKY     :PK WND
================================================================================
1   2   3   4   5  6A  6B    7    8   9   10  11  12  13   14  15   16   17  18
                                     12Z  AVG MX 2MIN
DY MAX MIN AVG DEP HDD CDD  WTR  SNW DPTH SPD SPD DIR MIN PSBL S-S WX    SPD DR
================================================================================

 1  48  24  36  -4  29   0 0.00  0.0    0  3.2 12 310   M    M   5 1      15 310
 2  46  28  37  -3  28   0 0.01    T    0  9.3 21 290   M    M   7 18     25 290
 3  47  29  38  -3  27   0 0.20  0.2    0 10.6 25 140   M    M   8 134    33 140
 4  58  37  48   7  17   0 0.01  0.0    0 13.9 30 250   M    M   9 138    37 250
 5  46  31  39  -2  26   0    T  0.0    0 13.1 26 260   M    M   5        40 290
 6  43  36  40  -2  25   0 0.34  0.0    0  5.7 13 230   M    M  10 1      18 230
 7  51  38  45   3  20   0 0.00  0.0    0  4.2 10 100   M    M  10 1      14 140
 8  55  39  47   4  18   0 0.22  0.0    0  7.3 14  40   M    M   8 1      18  60
 9  58  32  45   2  20   0 0.00  0.0    0  5.8 15 150   M    M   6 18     18 170
10  83  47  65  22   0   0 0.00  0.0    0 16.5 29 200   M    M   6 18     38 190
11  73  42  58  14   7   0 0.30  0.0    0 17.9 36 250   M    M   8 13     44 240
12  56  35  46   2  19   0 0.00  0.0    0  9.5 20  30   M    M   1        24  50
13  65  29  47   2  18   0 0.00  0.0    0  4.8 14 260   M    M   4        21 310
14  51  31  41  -4  24   0 0.01  0.0    0 11.3 21  40   M    M   9        25  40
15  54  30  42  -3  23   0 0.02  0.0    0 16.6 30  60   M    M   8        36  60
16  55  35  45  -1  20   0 0.18    T    0 17.5 29 260   M    M   9 1      39 270
17  43  32  38  -8  27   0    T    T    0 19.1 37 260   M    M   8        47 250
18  39  28  34 -12  31   0 0.07  0.4    T  5.8 10  30   M    M   9 1      14  30
19  39  33  36 -11  29   0 0.88  0.0    0 13.0 23  60   M    M  10 135    32  60
20  42  34  38  -9  27   0 0.29    T    0 12.9 25 260   M    M   8 135    33 260
21  51  34  43  -5  22   0 0.00  0.0    0  7.8 17 150   M    M   7        22 140
22  45  37  41  -7  24   0 0.70  0.0    0 11.7 22 110   M    M  10 134    28 110
23  66  43  55   7  10   0 0.20  0.0    0 13.8 32 260   M    M   9 13     43 240
24  60  45  53   4  12   0    T  0.0    0  3.6  9 360   M    M   9        24  80
25  57  49  53   4  12   0 0.08  0.0    0  9.2 16 100   M    M  10 18     21 100
26  70  48  59   9   6   0 0.14  0.0    0 15.6 32 200   M    M   9 13     44 200
27  63  49  56   6   9   0 0.61  0.0    0  8.5 28 240   M    M   8 1      35 230
28  50  40  45  -5  20   0 0.91  0.0    0 14.6 30 240   M    M  10 1      37 230
29  60  36  48  -3  17   0 0.04  0.0    0  9.0 17 320   M    M   5 1      24 300
30  60  35  48  -3  17   0 0.00  0.0    0 13.7 25 140   M    M   7        33 140
================================================================================
SM 1634 1086       584   0  5.21     0.6 325.5          M      232
================================================================================
AV 54.5 36.2                              10.9 FASTST   M    M   8    MAX(MPH)
                                 MISC ---->  # 37 260               # 47  250
================================================================================
NOTES:
# LAST OF SEVERAL OCCURRENCES

COLUMN 17 PEAK WIND IN M.P.H.

PRELIMINARY LOCAL CLIMATOLOGICAL DATA (WS FORM: F-6) , PAGE 2

                                          STATION:  LANSING MI
                                          MONTH:    APRIL
                                          YEAR:     2011
                                          LATITUDE:   42 46 N
                                          LONGITUDE:  84 36 W

[TEMPERATURE DATA]      [PRECIPITATION DATA]       SYMBOLS USED IN COLUMN 16

AVERAGE MONTHLY: 45.3   TOTAL FOR MONTH:   5.21    1 = FOG OR MIST
DPTR FM NORMAL:  -0.2   DPTR FM NORMAL:    2.12    2 = FOG REDUCING VISIBILITY
HIGHEST:    83 ON 10    GRTST 24HR  1.45 ON 27-28      TO 1/4 MILE OR LESS
LOWEST:     24 ON  1                               3 = THUNDER
                        SNOW, ICE PELLETS, HAIL    4 = ICE PELLETS
                        TOTAL MONTH:   0.6 INCH    5 = HAIL
                        GRTST 24HR   0.4 ON   M    6 = FREEZING RAIN OR DRIZZLE
                        GRTST DEPTH:   T           7 = DUSTSTORM OR SANDSTORM:
                                                       VSBY 1/2 MILE OR LESS
                                                   8 = SMOKE OR HAZE
[NO. OF DAYS WITH]      [WEATHER - DAYS WITH]      9 = BLOWING SNOW
                                                   X = TORNADO
MAX 32 OR BELOW:   0    0.01 INCH OR MORE:  19
MAX 90 OR ABOVE:   0    0.10 INCH OR MORE:  12
MIN 32 OR BELOW:  10    0.50 INCH OR MORE:   4
MIN  0 OR BELOW:   0    1.00 INCH OR MORE:   0

[HDD (BASE 65) ]
TOTAL THIS MO.   584    CLEAR  (SCALE 0-3)   1
DPTR FM NORMAL    -1    PTCLDY (SCALE 4-7)  13
TOTAL FM JUL 1  6645    CLOUDY (SCALE 8-10) 16
DPTR FM NORMAL  -107

[CDD (BASE 65) ]
TOTAL THIS MO.     0
DPTR FM NORMAL    -6    [PRESSURE DATA]
TOTAL FM JAN 1     0    HIGHEST SLP 30.43 ON 21
DPTR FM NORMAL    -7    LOWEST  SLP 29.24 ON  4

[REMARKS]
#FINAL-04-11#
