491
CXUS53 KGRR 011010
CF6LAN
PRELIMINARY LOCAL CLIMATOLOGICAL DATA (WS FORM: F-6)
STATION: LANSING
MONTH: DECEMBER
YEAR: 2020
LATITUDE: 42 46 N
LONGITUDE: 84 36 W
TEMPERATURE IN F: :PCPN: SNOW: WIND :SUNSHINE: SKY :PK WND
================================================================================
1 2 3 4 5 6A 6B 7 8 9 10 11 12 13 14 15 16 17 18
12Z AVG MX 2MIN
DY MAX MIN AVG DEP HDD CDD WTR SNW DPTH SPD SPD DIR MIN PSBL S-S WX SPD DR
================================================================================
1 38 29 34 1 31 0 0.00 0.0 0 13.6 23 310 M M 6 33 310
2 47 28 38 5 27 0 0.00 0.0 0 12.4 20 260 M M 0 32 260
3 43 31 37 5 28 0 0.00 0.0 0 11.8 22 250 M M 1 29 250
4 41 33 37 5 28 0 0.00 0.0 0 11.4 20 220 M M 10 29 210
5 34 20 27 -5 38 0 0.00 0.0 0 4.4 13 350 M M 5 18 330
6 28 23 26 -5 39 0 0.00 0.0 0 2.6 9 320 M M 10 13 320
7 37 25 31 0 34 0 0.00 0.0 0 3.6 10 340 M M 9 14 330
8 36 30 33 2 32 0 0.00 0.0 0 9.4 18 230 M M 10 8 28 220
9 47 28 38 8 27 0 0.00 0.0 0 10.5 18 270 M M 7 18 25 250
10 52 24 38 8 27 0 0.00 0.0 0 5.5 14 160 M M 1 128 19 160
11 44 28 36 6 29 0 0.14 0.0 0 7.4 16 60 M M 5 18 23 50
12 42 31 37 8 28 0 1.25 T 0 8.1 15 70 M M 10 1 22 90
13 36 29 33 4 32 0 0.00 0.0 0 5.7 15 340 M M 9 23 340
14 34 21 28 0 37 0 0.00 0.0 0 12.2 22 250 M M 8 29 300
15 29 16 23 -5 42 0 0.00 0.0 0 5.2 10 50 M M 1 14 30
16 30 22 26 -2 39 0 0.03 0.4 0 10.9 17 50 M M 9 18 24 60
17 31 24 28 0 37 0 0.03 0.6 T 2.9 13 20 M M 10 18 17 40
18 36 25 31 4 34 0 0.00 0.0 0 6.9 15 170 M M 7 18 22 170
19 38 31 35 8 30 0 0.00 0.0 0 9.8 16 180 M M 8 18 24 180
20 37 30 34 7 31 0 0.00 0.0 0 9.8 18 230 M M 8 18 25 230
21 38 33 36 9 29 0 0.02 T 0 8.9 18 270 M M 10 18 28 240
22 38 31 35 9 30 0 0.00 0.0 0 9.2 18 310 M M 9 26 300
23 52 36 44 18 21 0 0.03 0.0 0 17.6 32 180 M M 6 1 43 180
24 48 20 34 8 31 0 0.03 T 0 15.2 31 250 M M 10 1 43 240
25 24 18 21 -5 44 0 0.03 0.7 0 12.6 24 270 M M 10 18 33 260
26 27 21 24 -2 41 0 T T T 9.0 18 220 M M 10 26 250
27 41 24 33 8 32 0 0.10 0.0 0 9.3 17 150 M M 4 18 24 140
28 42 22 32 7 33 0 0.03 T 0 13.1 29 240 M M 7 16 37 300
29 30 19 25 0 40 0 0.12 1.8 0 6.4 22 150 M M 4 1 31 150
30 37 27 32 7 33 0 0.27 0.2 1 17.2 29 260 M M 10 16 41 270
31 31 19 25 0 40 0 0.00 0.0 T 5.8 20 280 M M 9 1 27 280
================================================================================
SM 1168 798 1024 0 2.08 3.7 288.4 M 223
================================================================================
AV 37.7 25.7 9.3 FASTST M M 7 MAX(MPH)
MISC ----> 32 180 # 43 180
================================================================================
NOTES:
# LAST OF SEVERAL OCCURRENCES
COLUMN 17 PEAK WIND IN M.P.H.
PRELIMINARY LOCAL CLIMATOLOGICAL DATA (WS FORM: F-6) , PAGE 2
STATION: LANSING
MONTH: DECEMBER
YEAR: 2020
LATITUDE: 42 46 N
LONGITUDE: 84 36 W
[TEMPERATURE DATA] [PRECIPITATION DATA] SYMBOLS USED IN COLUMN 16
AVERAGE MONTHLY: 31.7 TOTAL FOR MONTH: 2.08 1 = FOG OR MIST
DPTR FM NORMAL: 3.4 DPTR FM NORMAL: 0.21 2 = FOG REDUCING VISIBILITY
HIGHEST: 52 ON 23,10 GRTST 24HR 1.39 ON 11-12 TO 1/4 MILE OR LESS
LOWEST: 16 ON 15 3 = THUNDER
SNOW, ICE PELLETS, HAIL 4 = ICE PELLETS
TOTAL MONTH: 4.2 INCHES 5 = HAIL
GRTST 24HR 1.8 ON 29-29 6 = FREEZING RAIN OR DRIZZLE
GRTST DEPTH: 1 ON 30 7 = DUSTSTORM OR SANDSTORM:
VSBY 1/2 MILE OR LESS
8 = SMOKE OR HAZE
[NO. OF DAYS WITH] [WEATHER - DAYS WITH] 9 = BLOWING SNOW
X = TORNADO
MAX 32 OR BELOW: 8 0.01 INCH OR MORE: 12
MAX 90 OR ABOVE: 0 0.10 INCH OR MORE: 5
MIN 32 OR BELOW: 28 0.50 INCH OR MORE: 1
MIN 0 OR BELOW: 0 1.00 INCH OR MORE: 1
[HDD (BASE 65) ]
TOTAL THIS MO. 1024 CLEAR (SCALE 0-3) 4
DPTR FM NORMAL -114 PTCLDY (SCALE 4-7) 12
TOTAL FM JUL 1 2325 CLOUDY (SCALE 8-10) 15
DPTR FM NORMAL -226
[CDD (BASE 65) ]
TOTAL THIS MO. 0
DPTR FM NORMAL 0 [PRESSURE DATA]
TOTAL FM JAN 1 827 HIGHEST SLP 30.60 ON 29
DPTR FM NORMAL 202 LOWEST SLP 29.43 ON 24
[REMARKS]
#FINAL-12-20#