000
CXUS53 KGRR 011017
CF6LAN
PRELIMINARY LOCAL CLIMATOLOGICAL DATA (WS FORM: F-6)

                                          STATION:   LANSING MI
                                          MONTH:     DECEMBER
                                          YEAR:      2010
                                          LATITUDE:   42 46 N
                                          LONGITUDE:  84 36 W

  TEMPERATURE IN F:       :PCPN:    SNOW:  WIND      :SUNSHINE: SKY     :PK WND
================================================================================
1   2   3   4   5  6A  6B    7    8   9   10  11  12  13   14  15   16   17  18
                                     12Z  AVG MX 2MIN
DY MAX MIN AVG DEP HDD CDD  WTR  SNW DPTH SPD SPD DIR MIN PSBL S-S WX    SPD DR
================================================================================

 1  31  25  28  -4  37   0 0.07  1.5    T 13.8 22 230   M    M  10 1      26 260
 2  28  26  27  -4  38   0    T    T    2  8.5 16 230   M    M  10 1      20 230
 3  31  23  27  -4  38   0    T    T    1  4.9 10 280   M    M  10 1      14 300
 4  30  23  27  -4  38   0    T    T    0  5.8 15 340   M    M  10        20 350
 5  31  22  27  -3  38   0    T    T    0 11.6 22 290   M    M   7 1      30 300
 6  27  21  24  -6  41   0    T    T    0 13.2 21 300   M    M   9 1      30 300
 7  25  18  22  -8  43   0    T    T    0 11.7 22 310   M    M   7        30 320
 8  27  14  21  -8  44   0    T    T    0  8.1 15 300   M    M   8 12     20 280
 9  29  10  20  -9  45   0    T    T    0  7.8 20 200   M    M   5 8      25 200
10  39  24  32   3  33   0 0.03  0.5    1 10.9 20 250   M    M   5 168    26 240
11  39  28  34   6  31   0 0.10    T    0 10.0 20 120   M    M  10 1268   24 120
12  35  14  25  -3  40   0 0.50  5.2    0 11.5 26 360   M    M   9 19     35 360
13  15   4  10 -18  55   0    T    T    5 13.1 24 340   M    M   4 189    36 340
14  21   5  13 -14  52   0    T    T    5  9.6 20 320   M    M   2        25 320
15  24  11  18  -9  47   0    T    T    5  6.1 14 290   M    M   5 8      18 320
16  25   8  17 -10  48   0    T    T    5  4.9 10 260   M    M   7 1      14 280
17  29  15  22  -4  43   0    T    T    5 10.8 21 260   M    M   8 8      24 260
18  23  15  19  -7  46   0    T    T    5 11.2 18 220   M    M  10 1      23 210
19  24  18  21  -5  44   0    T    T    5  6.6 13 210   M    M  10 1      15 210
20  28  18  23  -2  42   0    T    T    5  2.4  7 310   M    M   8 1      14 360
21  29  22  26   1  39   0    T    T    4  5.9 14 160   M    M  10 18     20 150
22  32  23  28   3  37   0 0.05  0.8    5  8.0 15 310   M    M   8 1      21 310
23  32  25  29   4  36   0    T    T    5  8.1 18 310   M    M  10        23 310
24  28  20  24   0  41   0 0.00  0.0    5  3.9  9  20   M    M  10        12  20
25  27  19  23  -1  42   0    T  0.1    5  6.6 15 360   M    M  10 8      20 360
26  26  13  20  -4  45   0    T    T    5 10.9 24  30   M    M   7 6      32  40
27  29   7  18  -6  47   0 0.00  0.0    4  8.1 20 260   M    M   4        24 260
28  29  18  24   0  41   0 0.00  0.0    4 15.1 23 250   M    M  10 18     28 250
29  36  21  29   6  36   0 0.00  0.0    4  9.2 14 150   M    M   7 128    18 160
30  44  32  38  15  27   0 0.01  0.0    3 11.1 18 170   M    M  10 16     24 180
31  54  44  49  26  16   0 0.89  0.0    0 11.0 21 190   M    M  10 138    25 190
================================================================================
SM  927  586      1250   0  1.65     8.1 280.4          M      250
================================================================================
AV 29.9 18.9                               9.0 FASTST   M    M   8    MAX(MPH)
                                 MISC ---->  # 26 360               # 36  340
================================================================================
NOTES:
# LAST OF SEVERAL OCCURRENCES

COLUMN 17 PEAK WIND IN M.P.H.

PRELIMINARY LOCAL CLIMATOLOGICAL DATA (WS FORM: F-6) , PAGE 2

                                          STATION:  LANSING MI
                                          MONTH:    DECEMBER
                                          YEAR:     2010
                                          LATITUDE:   42 46 N
                                          LONGITUDE:  84 36 W

[TEMPERATURE DATA]      [PRECIPITATION DATA]       SYMBOLS USED IN COLUMN 16

AVERAGE MONTHLY: 24.4   TOTAL FOR MONTH:   1.65    1 = FOG OR MIST
DPTR FM NORMAL:  -2.5   DPTR FM NORMAL:   -0.52    2 = FOG REDUCING VISIBILITY
HIGHEST:    54 ON 31    GRTST 24HR  0.89 ON 31-31      TO 1/4 MILE OR LESS
LOWEST:      4 ON 13                               3 = THUNDER
                        SNOW, ICE PELLETS, HAIL    4 = ICE PELLETS
                        TOTAL MONTH:   8.1 INCHES  5 = HAIL
                        GRTST 24HR   5.2 ON   M    6 = FREEZING RAIN OR DRIZZLE
                        GRTST DEPTH:   5 ON 26,25  7 = DUSTSTORM OR SANDSTORM:
                                                       VSBY 1/2 MILE OR LESS
                                                   8 = SMOKE OR HAZE
[NO. OF DAYS WITH]      [WEATHER - DAYS WITH]      9 = BLOWING SNOW
                                                   X = TORNADO
MAX 32 OR BELOW:  25    0.01 INCH OR MORE:   7
MAX 90 OR ABOVE:   0    0.10 INCH OR MORE:   3
MIN 32 OR BELOW:  30    0.50 INCH OR MORE:   2
MIN  0 OR BELOW:   0    1.00 INCH OR MORE:   0

[HDD (BASE 65) ]
TOTAL THIS MO.  1250    CLEAR  (SCALE 0-3)   1
DPTR FM NORMAL    83    PTCLDY (SCALE 4-7)  13
TOTAL FM JUL 1  2518    CLOUDY (SCALE 8-10) 17
DPTR FM NORMAL  -178

[CDD (BASE 65) ]
TOTAL THIS MO.     0
DPTR FM NORMAL     0    [PRESSURE DATA]
TOTAL FM JAN 1   884    HIGHEST SLP 30.43 ON 23
DPTR FM NORMAL   326    LOWEST  SLP 29.38 ON 12

[REMARKS]
#FINAL-12-10#
