000
CXUS53 KGRR 011308
CF6LAN
PRELIMINARY LOCAL CLIMATOLOGICAL DATA (WS FORM: F-6)

                                          STATION:   LANSING MI
                                          MONTH:     NOVEMBER
                                          YEAR:      2010
                                          LATITUDE:   42 46 N
                                          LONGITUDE:  84 36 W

  TEMPERATURE IN F:       :PCPN:    SNOW:  WIND      :SUNSHINE: SKY     :PK WND
================================================================================
1   2   3   4   5  6A  6B    7    8   9   10  11  12  13   14  15   16   17  18
                                     12Z  AVG MX 2MIN
DY MAX MIN AVG DEP HDD CDD  WTR  SNW DPTH SPD SPD DIR MIN PSBL S-S WX    SPD DR
================================================================================

 1  49  23  36  -7  29   0 0.00  0.0    0  1.3  8  50   M    M   1         9  60
 2  51  24  38  -5  27   0 0.00  0.0    0  2.0 12  40   M    M   1        14  40
 3  45  27  36  -7  29   0 0.00  0.0    0  4.4 17 200   M    M   5 1      23 220
 4  47  31  39  -3  26   0    T  0.0    0  6.8 18  10   M    M   9 1      25  10
 5  39  31  35  -7  30   0    T    T    0 10.0 17 340   M    M  10        26 330
 6  40  23  32 -10  33   0 0.00  0.0    0  4.1  9 320   M    M   6        16 240
 7  55  31  43   2  22   0 0.00  0.0    0  8.3 18 200   M    M   3        23 210
 8  62  29  46   5  19   0 0.00  0.0    0  1.9 10 150   M    M   2        14 150
 9  61  33  47   6  18   0 0.00  0.0    0  5.7 13 150   M    M   1 18     15 140
10  58  33  46   6  19   0 0.00  0.0    0  7.8 15 120   M    M   4 128    18 140
11  66  40  53  13  12   0 0.00  0.0    0  5.7 14 140   M    M   5 1      16 140
12  69  39  54  15  11   0 0.00  0.0    0  3.2 12  60   M    M   2 18     14  60
13  63  39  51  12  14   0 0.05  0.0    0  8.9 20 230   M    M   9 128    23 230
14  50  36  43   4  22   0    T  0.0    0 13.6 23 220   M    M   9        29 210
15  51  36  44   6  21   0    T  0.0    0  8.5 17 220   M    M   7        22 240
16  49  28  39   1  26   0 0.06  0.0    0  7.0 15  10   M    M   6 18     21 350
17  51  39  45   8  20   0 0.05  0.0    0  8.0 21 300   M    M   9 1      24 320
18  41  32  37   0  28   0    T  0.0    0  6.5 13 280   M    M   8 1      16 280
19  45  29  37   0  28   0 0.00  0.0    0  9.8 24 180   M    M   8        31 180
20  43  29  36   0  29   0 0.00  0.0    0  6.6 12 110   M    M   7 1      16  10
21  58  33  46  10  19   0 0.01  0.0    0 10.6 20 210   M    M  10 18     28 200
22  61  57  59  23   6   0 1.05  0.0    0 12.2 20 200   M    M  10 13     26 210
23  59  28  44   9  21   0 0.00  0.0    0 15.4 31 270   M    M   9        39 260
24  37  20  29  -6  36   0 0.07  0.0    0  9.5 22 120   M    M   8        30 120
25  43  27  35   1  30   0 0.42    T    0 12.6 29 280   M    M  10 1      39 280
26  31  24  28  -6  37   0    T    T    0 19.5 28 280   M    M  10        37 280
27  34  27  31  -3  34   0    T    T    0 12.5 23 290   M    M  10        31 290
28  40  23  32  -1  33   0 0.00  0.0    0  8.1 13 150   M    M   6        18 210
29  50  31  41   8  24   0    T  0.0    0 11.3 18 140   M    M   6        25 140
30  55  31  43  11  22   0 0.37    T    0 16.2 26 240   M    M  10 1      36 230
================================================================================
SM 1503  933       725   0  2.08    T    258.0          M      201
================================================================================
AV 50.1 31.1                               8.6 FASTST   M    M   7    MAX(MPH)
                                 MISC ---->  # 31 270               # 39  260
================================================================================
NOTES:
# LAST OF SEVERAL OCCURRENCES

COLUMN 17 PEAK WIND IN M.P.H.

PRELIMINARY LOCAL CLIMATOLOGICAL DATA (WS FORM: F-6) , PAGE 2

                                          STATION:  LANSING MI
                                          MONTH:    NOVEMBER
                                          YEAR:     2010
                                          LATITUDE:   42 46 N
                                          LONGITUDE:  84 36 W

[TEMPERATURE DATA]      [PRECIPITATION DATA]       SYMBOLS USED IN COLUMN 16

AVERAGE MONTHLY: 40.6   TOTAL FOR MONTH:   2.08    1 = FOG OR MIST
DPTR FM NORMAL:   2.6   DPTR FM NORMAL:   -0.58    2 = FOG REDUCING VISIBILITY
HIGHEST:    69 ON 12    GRTST 24HR  1.05 ON 22-22      TO 1/4 MILE OR LESS
LOWEST:     20 ON 24                               3 = THUNDER
                        SNOW, ICE PELLETS, HAIL    4 = ICE PELLETS
                        TOTAL MONTH:    T          5 = HAIL
                        GRTST 24HR    T  ON 30-30  6 = FREEZING RAIN OR DRIZZLE
                        GRTST DEPTH:   0           7 = DUSTSTORM OR SANDSTORM:
                                                       VSBY 1/2 MILE OR LESS
                                                   8 = SMOKE OR HAZE
[NO. OF DAYS WITH]      [WEATHER - DAYS WITH]      9 = BLOWING SNOW
                                                   X = TORNADO
MAX 32 OR BELOW:   1    0.01 INCH OR MORE:   8
MAX 90 OR ABOVE:   0    0.10 INCH OR MORE:   3
MIN 32 OR BELOW:  20    0.50 INCH OR MORE:   1
MIN  0 OR BELOW:   0    1.00 INCH OR MORE:   1

[HDD (BASE 65) ]
TOTAL THIS MO.   725    CLEAR  (SCALE 0-3)   6
DPTR FM NORMAL   -80    PTCLDY (SCALE 4-7)  11
TOTAL FM JUL 1  1268    CLOUDY (SCALE 8-10) 13
DPTR FM NORMAL  -261

[CDD (BASE 65) ]
TOTAL THIS MO.     0
DPTR FM NORMAL     0    [PRESSURE DATA]
TOTAL FM JAN 1   884    HIGHEST SLP 30.56 ON  2
DPTR FM NORMAL   326    LOWEST  SLP 29.53 ON 16

[REMARKS]
#FINAL-11-10#
