000
CXUS53 KGRR 011017
CF6LAN
PRELIMINARY LOCAL CLIMATOLOGICAL DATA (WS FORM: F-6)
STATION: LANSING
MONTH: AUGUST
YEAR: 2020
LATITUDE: 42 46 N
LONGITUDE: 84 36 W
TEMPERATURE IN F: :PCPN: SNOW: WIND :SUNSHINE: SKY :PK WND
================================================================================
1 2 3 4 5 6A 6B 7 8 9 10 11 12 13 14 15 16 17 18
12Z AVG MX 2MIN
DY MAX MIN AVG DEP HDD CDD WTR SNW DPTH SPD SPD DIR MIN PSBL S-S WX SPD DR
================================================================================
1 77 59 68 -3 0 3 0.01 0.0 0 3.9 10 130 M M 4 1 14 130
2 77 63 70 -1 0 5 1.11 0.0 0 8.2 16 310 M M 5 1 26 340
3 79 60 70 -1 0 5 T 0.0 0 6.3 16 10 M M 7 1 24 10
4 71 54 63 -8 2 0 0.01 0.0 0 5.7 13 10 M M 9 18 18 10
5 76 49 63 -8 2 0 0.00 0.0 0 4.6 17 250 M M 2 1 22 270
6 78 52 65 -6 0 0 0.00 0.0 0 2.1 12 50 M M 1 15 60
7 81 52 67 -4 0 2 0.00 0.0 0 1.5 10 50 M M 0 18 15 60
8 83 55 69 -2 0 4 0.00 0.0 0 6.9 16 190 M M 0 22 160
9 89 69 79 8 0 14 0.00 0.0 0 9.9 18 240 M M 1 26 240
10 89 69 79 9 0 14 0.26 0.0 0 9.5 31 250 M M 2 13 41 260
11 83 62 73 3 0 8 T 0.0 0 6.3 18 270 M M 4 1 24 260
12 88 56 72 2 0 7 0.00 0.0 0 1.5 10 150 M M 0 14 150
13 85 57 71 1 0 6 0.00 0.0 0 2.7 12 60 M M 0 16 90
14 87 60 74 4 0 9 0.00 0.0 0 6.4 17 100 M M 1 23 90
15 90 63 77 7 0 12 0.00 0.0 0 3.3 12 120 M M 2 1 16 120
16 82 63 73 3 0 8 0.14 0.0 0 5.4 14 360 M M 5 13 20 360
17 84 60 72 2 0 7 0.00 0.0 0 5.8 15 290 M M 3 22 290
18 79 52 66 -4 0 1 0.00 0.0 0 6.3 16 350 M M 2 23 330
19 78 49 64 -6 1 0 0.00 0.0 0 2.1 12 40 M M 1 20 350
20 85 57 71 1 0 6 0.00 0.0 0 7.6 17 250 M M 0 27 250
21 88 63 76 7 0 11 0.00 0.0 0 5.4 16 240 M M 1 23 270
22 89 61 75 6 0 10 0.00 0.0 0 3.8 14 250 M M 0 18 240
23 88 64 76 7 0 11 0.00 0.0 0 4.3 16 240 M M 0 24 240
24 92 66 79 10 0 14 0.00 0.0 0 7.0 17 260 M M 1 26 260
25 84 71 78 9 0 13 0.00 0.0 0 5.0 10 270 M M 5 18 14 10
26 89 66 78 9 0 13 0.31 0.0 0 9.3 17 230 M M 5 13 24 60
27 92 73 83 15 0 18 T 0.0 0 11.6 23 270 M M 2 38 250
28 84 69 77 9 0 12 1.61 0.0 0 7.5 21 200 M M 5 138 27 210
29 78 59 69 1 0 4 T 0.0 0 12.7 23 290 M M 5 1 33 260
30 72 54 63 -5 2 0 0.00 0.0 0 4.1 10 50 M M 3 15 10
31 79 54 67 0 0 2 0.00 0.0 0 6.4 16 150 M M 1 23 140
================================================================================
SM 2576 1861 7 219 3.45 0.0 183.1 M 77
================================================================================
AV 83.1 60.0 5.9 FASTST M M 2 MAX(MPH)
MISC ----> # 31 250 # 41 260
================================================================================
NOTES:
# LAST OF SEVERAL OCCURRENCES
COLUMN 17 PEAK WIND IN M.P.H.
PRELIMINARY LOCAL CLIMATOLOGICAL DATA (WS FORM: F-6) , PAGE 2
STATION: LANSING
MONTH: AUGUST
YEAR: 2020
LATITUDE: 42 46 N
LONGITUDE: 84 36 W
[TEMPERATURE DATA] [PRECIPITATION DATA] SYMBOLS USED IN COLUMN 16
AVERAGE MONTHLY: 71.6 TOTAL FOR MONTH: 3.45 1 = FOG OR MIST
DPTR FM NORMAL: 1.8 DPTR FM NORMAL: 0.22 2 = FOG REDUCING VISIBILITY
HIGHEST: 92 ON 27,24 GRTST 24HR 1.61 ON 28-28 TO 1/4 MILE OR LESS
LOWEST: 49 ON 19, 5 3 = THUNDER
SNOW, ICE PELLETS, HAIL 4 = ICE PELLETS
TOTAL MONTH: 0.0 INCH 5 = HAIL
GRTST 24HR 0.0 6 = FREEZING RAIN OR DRIZZLE
GRTST DEPTH: 0 7 = DUSTSTORM OR SANDSTORM:
VSBY 1/2 MILE OR LESS
8 = SMOKE OR HAZE
[NO. OF DAYS WITH] [WEATHER - DAYS WITH] 9 = BLOWING SNOW
X = TORNADO
MAX 32 OR BELOW: 0 0.01 INCH OR MORE: 7
MAX 90 OR ABOVE: 3 0.10 INCH OR MORE: 5
MIN 32 OR BELOW: 0 0.50 INCH OR MORE: 2
MIN 0 OR BELOW: 0 1.00 INCH OR MORE: 2
[HDD (BASE 65) ]
TOTAL THIS MO. 7 CLEAR (SCALE 0-3) 20
DPTR FM NORMAL -17 PTCLDY (SCALE 4-7) 10
TOTAL FM JUL 1 7 CLOUDY (SCALE 8-10) 1
DPTR FM NORMAL -28
[CDD (BASE 65) ]
TOTAL THIS MO. 219
DPTR FM NORMAL 48 [PRESSURE DATA]
TOTAL FM JAN 1 791 HIGHEST SLP 30.20 ON 8
DPTR FM NORMAL 234 LOWEST SLP 29.55 ON 29
[REMARKS]
#FINAL-08-20#