000
CXUS53 KGRR 011017
CF6LAN
PRELIMINARY LOCAL CLIMATOLOGICAL DATA (WS FORM: F-6)

                                          STATION:   LANSING MI
                                          MONTH:     JULY
                                          YEAR:      2010
                                          LATITUDE:   42 46 N
                                          LONGITUDE:  84 36 W

  TEMPERATURE IN F:       :PCPN:    SNOW:  WIND      :SUNSHINE: SKY     :PK WND
================================================================================
1   2   3   4   5  6A  6B    7    8   9   10  11  12  13   14  15   16   17  18
                                     12Z  AVG MX 2MIN
DY MAX MIN AVG DEP HDD CDD  WTR  SNW DPTH SPD SPD DIR MIN PSBL S-S WX    SPD DR
================================================================================

 1  74  45  60  -9   5   0 0.00  0.0    0  3.1 12  20   M    M   3        39 340
 2  81  52  67  -2   0   2 0.00  0.0    0  5.4 12 210   M    M   1        21 160
 3  85  57  71   2   0   6 0.00  0.0    0  7.5 17 220   M    M   0 8      22 220
 4  92  62  77   7   0  12 0.01  0.0    0  8.7 21 220   M    M   3 8      31 270
 5  92  76  84  14   0  19 0.00  0.0    0 11.0 20 220   M    M   3        28 220
 6  92  71  82  12   0  17 0.00  0.0    0  9.5 20 200   M    M   3 8      28 200
 7  92  71  82  12   0  17 0.00  0.0    0  5.0 16 290   M    M   2 18     21 290
 8  84  70  77   7   0  12 0.39  0.0    0  2.4 15 310   M    M   5 18     21  90
 9  84  67  76   6   0  11    T  0.0    0  5.2 14  60   M    M   7 1      20  80
10  85  60  73   3   0   8 0.00  0.0    0  3.8 16  90   M    M   3 3      23  30
11  86  64  75   5   0  10 0.01  0.0    0  3.7 16 270   M    M   5 3      29 160
12  83  67  75   5   0  10 0.06  0.0    0  3.8 14 190   M    M   8 1      25 330
13  81  66  74   4   0   9    T  0.0    0  2.7 12  20   M    M   7 1      20  90
14  87  62  75   5   0  10 0.00  0.0    0  3.4 15  40   M    M   4 128    20 210
15  92  69  81  11   0  16 0.05  0.0    0 11.2 22 210   M    M   9 3      29 220
16  89  63  76   6   0  11 0.00  0.0    0 10.8 24 260   M    M   1        28 260
17  89  66  78   7   0  13 0.00  0.0    0  9.9 24 260   M    M   3        32 240
18  86  66  76   5   0  11    T  0.0    0  6.7 22 220   M    M   6        29 230
19  80  69  75   4   0  10 0.02  0.0    0  5.3 17  60   M    M   8        25 330
20  82  65  74   3   0   9 0.01  0.0    0  5.0 15 150   M    M   8        20 320
21  88  67  78   7   0  13 0.00  0.0    0  9.3 21 260   M    M   3 1      30 250
22  81  61  71   0   0   6 1.24  0.0    0  7.2 17 170   M    M   7 13     24 150
23  90  73  82  11   0  17 0.08  0.0    0  9.2 22 240   M    M   8 13     29 240
24  82  71  77   6   0  12 0.12  0.0    0  6.9 16 230   M    M   9 13     23 280
25  80  64  72   1   0   7    T  0.0    0  5.8 14  40   M    M   6 1      18  40
26  85  60  73   2   0   8 0.00  0.0    0  1.3  9 310   M    M   4        16  70
27  85  61  73   2   0   8 0.00  0.0    0  5.7 14 240   M    M   2        20 250
28  86  68  77   6   0  12 0.01  0.0    0 10.3 22 260   M    M   6 18     28 250
29  81  57  69  -1   0   4 0.00  0.0    0  3.9 13 310   M    M   5        21  80
30  83  57  70   0   0   5    T  0.0    0  2.6 13 240   M    M   5 1      20 280
31  78  66  72   2   0   7 0.00  0.0    0  3.8 13 260   M    M   8        20 190
================================================================================
SM 2635 1993         5 312  2.00     0.0 190.1          M      152
================================================================================
AV 85.0 64.3                               6.1 FASTST   M    M   5    MAX(MPH)
                                 MISC ---->  # 24 260               # 39  340
================================================================================
NOTES:
# LAST OF SEVERAL OCCURRENCES

COLUMN 17 PEAK WIND IN M.P.H.

PRELIMINARY LOCAL CLIMATOLOGICAL DATA (WS FORM: F-6) , PAGE 2

                                          STATION:  LANSING MI
                                          MONTH:    JULY
                                          YEAR:     2010
                                          LATITUDE:   42 46 N
                                          LONGITUDE:  84 36 W

[TEMPERATURE DATA]      [PRECIPITATION DATA]       SYMBOLS USED IN COLUMN 16

AVERAGE MONTHLY: 74.6   TOTAL FOR MONTH:   2.00    1 = FOG OR MIST
DPTR FM NORMAL:   4.3   DPTR FM NORMAL:   -0.68    2 = FOG REDUCING VISIBILITY
HIGHEST:    92 ON 15, 7 GRTST 24HR  1.32 ON 22-23      TO 1/4 MILE OR LESS
LOWEST:     45 ON  1                               3 = THUNDER
                        SNOW, ICE PELLETS, HAIL    4 = ICE PELLETS
                        TOTAL MONTH:   0.0 INCH    5 = HAIL
                        GRTST 24HR     0.0         6 = FREEZING RAIN OR DRIZZLE
                        GRTST DEPTH:   0           7 = DUSTSTORM OR SANDSTORM:
                                                       VSBY 1/2 MILE OR LESS
                                                   8 = SMOKE OR HAZE
[NO. OF DAYS WITH]      [WEATHER - DAYS WITH]      9 = BLOWING SNOW
                                                   X = TORNADO
MAX 32 OR BELOW:   0    0.01 INCH OR MORE:  11
MAX 90 OR ABOVE:   6    0.10 INCH OR MORE:   3
MIN 32 OR BELOW:   0    0.50 INCH OR MORE:   1
MIN  0 OR BELOW:   0    1.00 INCH OR MORE:   1

[HDD (BASE 65) ]
TOTAL THIS MO.     5    CLEAR  (SCALE 0-3)  12
DPTR FM NORMAL   -12    PTCLDY (SCALE 4-7)  15
TOTAL FM JUL 1     5    CLOUDY (SCALE 8-10)  4
DPTR FM NORMAL   -12

[CDD (BASE 65) ]
TOTAL THIS MO.   312
DPTR FM NORMAL   117    [PRESSURE DATA]
TOTAL FM JAN 1   543    HIGHEST SLP 30.41 ON  1
DPTR FM NORMAL   194    LOWEST  SLP 29.69 ON 12

[REMARKS]
#FINAL-07-10#
