000
CXUS53 KGRR 011017
CF6LAN
PRELIMINARY LOCAL CLIMATOLOGICAL DATA (WS FORM: F-6)

                                          STATION:   LANSING MI
                                          MONTH:     MAY
                                          YEAR:      2010
                                          LATITUDE:   42 46 N
                                          LONGITUDE:  84 36 W

  TEMPERATURE IN F:       :PCPN:    SNOW:  WIND      :SUNSHINE: SKY     :PK WND
================================================================================
1   2   3   4   5  6A  6B    7    8   9   10  11  12  13   14  15   16   17  18
                                     12Z  AVG MX 2MIN
DY MAX MIN AVG DEP HDD CDD  WTR  SNW DPTH SPD SPD DIR MIN PSBL S-S WX    SPD DR
================================================================================

 1  75  62  69  17   0   4 0.04  0.0    0 12.8 22 220   M    M   9 3      31 180
 2  72  54  63  11   2   0 0.53  0.0    0  6.1 16 210   M    M   9 13     24 340
 3  73  52  63  11   2   0    T  0.0    0  9.4 29 210   M    M   4 1      38 220
 4  73  47  60   7   5   0 0.00  0.0    0 11.3 24 250   M    M   3        32 260
 5  66  55  61   8   4   0 0.04  0.0    0 11.8 21 260   M    M   4        26 280
 6  63  46  55   2  10   0 0.00  0.0    0  7.3 16 300   M    M   5        22 290
 7  57  47  52  -2  13   0 1.16  0.0    0  9.3 29 260   M    M  10 13     37 260
 8  49  36  43 -11  22   0 0.01  0.0    0 18.7 35 270   M    M   8        48 270
 9  55  30  43 -12  22   0 0.00  0.0    0  9.0 20 290   M    M   2        25 280
10  58  30  44 -11  21   0 0.00  0.0    0  4.8 14 120   M    M   4        17 130
11  47  41  44 -11  21   0 0.88  0.0    0 12.6 28 110   M    M  10 1      37 100
12  52  42  47  -9  18   0    T  0.0    0  9.4 15  90   M    M  10 1      18 120
13  65  45  55  -1  10   0 0.79  0.0    0  9.3 20 130   M    M   9 138    24 130
14  64  50  57   1   8   0 0.00  0.0    0 13.5 30 260   M    M   5        36 280
15  63  42  53  -4  12   0 0.00  0.0    0  3.2 10 310   M    M   7 1      14  10
16  66  42  54  -3  11   0 0.00  0.0    0  7.0 16  80   M    M   5        22 100
17  67  45  56  -2   9   0 0.00  0.0    0 10.9 21  60   M    M   8        29  80
18  66  48  57  -1   8   0 0.01  0.0    0 11.4 25  70   M    M   8        33  70
19  77  43  60   2   5   0 0.00  0.0    0  2.8 10  60   M    M   1 18     18  60
20  80  50  65   6   0   0 0.00  0.0    0  2.4 12 200   M    M   5        20 160
21  69  57  63   4   2   0 0.62  0.0    0  8.5 20 160   M    M  10 13     25 230
22  74  58  66   7   0   1 0.02  0.0    0  3.4 12 140   M    M   7 18     15 270
23  83  55  69   9   0   4 0.00  0.0    0  5.6 14 210   M    M   3 18     22 180
24  86  65  76  16   0  11 0.00  0.0    0  6.7 15 150   M    M   3        18 150
25  83  60  72  12   0   7 0.00  0.0    0  5.6 13 130   M    M   3        17 150
26  88  63  76  15   0  11 0.00  0.0    0  1.9 12 320   M    M   5        15 320
27  84  64  74  13   0   9 0.00  0.0    0  6.7 15 310   M    M   5 18     21 330
28  84  57  71  10   0   6 0.00  0.0    0  5.0 14  50   M    M   2        18  30
29  84  59  72  10   0   7 0.00  0.0    0  3.8 10 130   M    M   3        14 130
30  88  61  75  13   0  10 0.00  0.0    0  5.1 12 210   M    M   1        15 220
31  80  66  73  11   0   8 0.08  0.0    0  7.0 23 190   M    M   7 13     29 210
================================================================================
SM 2191 1572       205  78  4.18     0.0 242.3          M      175
================================================================================
AV 70.7 50.7                               7.8 FASTST   M    M   6    MAX(MPH)
                                 MISC ---->  # 35 270               # 48  270
================================================================================
NOTES:
# LAST OF SEVERAL OCCURRENCES

COLUMN 17 PEAK WIND IN M.P.H.

PRELIMINARY LOCAL CLIMATOLOGICAL DATA (WS FORM: F-6) , PAGE 2

                                          STATION:  LANSING MI
                                          MONTH:    MAY
                                          YEAR:     2010
                                          LATITUDE:   42 46 N
                                          LONGITUDE:  84 36 W

[TEMPERATURE DATA]      [PRECIPITATION DATA]       SYMBOLS USED IN COLUMN 16

AVERAGE MONTHLY: 60.7   TOTAL FOR MONTH:   4.18    1 = FOG OR MIST
DPTR FM NORMAL:   3.6   DPTR FM NORMAL:    1.47    2 = FOG REDUCING VISIBILITY
HIGHEST:    88 ON 30,26 GRTST 24HR  1.16 ON  7- 7      TO 1/4 MILE OR LESS
LOWEST:     30 ON 10, 9                            3 = THUNDER
                        SNOW, ICE PELLETS, HAIL    4 = ICE PELLETS
                        TOTAL MONTH:   0.0 INCH    5 = HAIL
                        GRTST 24HR     0.0         6 = FREEZING RAIN OR DRIZZLE
                        GRTST DEPTH:   0           7 = DUSTSTORM OR SANDSTORM:
                                                       VSBY 1/2 MILE OR LESS
                                                   8 = SMOKE OR HAZE
[NO. OF DAYS WITH]      [WEATHER - DAYS WITH]      9 = BLOWING SNOW
                                                   X = TORNADO
MAX 32 OR BELOW:   0    0.01 INCH OR MORE:  11
MAX 90 OR ABOVE:   0    0.10 INCH OR MORE:   5
MIN 32 OR BELOW:   2    0.50 INCH OR MORE:   5
MIN  0 OR BELOW:   0    1.00 INCH OR MORE:   1

[HDD (BASE 65) ]
TOTAL THIS MO.   205    CLEAR  (SCALE 0-3)   7
DPTR FM NORMAL   -72    PTCLDY (SCALE 4-7)  17
TOTAL FM JUL 1  6274    CLOUDY (SCALE 8-10)  7
DPTR FM NORMAL  -755

[CDD (BASE 65) ]
TOTAL THIS MO.    78
DPTR FM NORMAL    44    [PRESSURE DATA]
TOTAL FM JAN 1    88    HIGHEST SLP 30.43 ON 10
DPTR FM NORMAL    47    LOWEST  SLP 29.54 ON  1

[REMARKS]
#FINAL-05-10#
