000
CXUS53 KGRR 281017
CF6LAN
PRELIMINARY LOCAL CLIMATOLOGICAL DATA (WS FORM: F-6)

                                          STATION:   LANSING
                                          MONTH:     JUNE
                                          YEAR:      2017
                                          LATITUDE:   42 46 N
                                          LONGITUDE:  84 36 W

  TEMPERATURE IN F:       :PCPN:    SNOW:  WIND      :SUNSHINE: SKY     :PK WND
================================================================================
1   2   3   4   5  6A  6B    7    8   9   10  11  12  13   14  15   16   17  18
                                     12Z  AVG MX 2MIN
DY MAX MIN AVG DEP HDD CDD  WTR  SNW DPTH SPD SPD DIR MIN PSBL S-S WX    SPD DR
================================================================================

 1  76  48  62  -1   3   0 0.00  0.0    0  6.8 20 280   M    M   1        27 280
 2  83  47  65   2   0   0 0.00  0.0    0  6.4 18 250   M    M   0        26 250
 3  86  52  69   5   0   4 0.00  0.0    0  5.4 15 250   M    M   4        19 240
 4  88  63  76  12   0  11 0.12  0.0    0 10.0 20 270   M    M   3 3      27 290
 5  74  51  63  -1   2   0    T  0.0    0  9.3 24  40   M    M   6 1      33  40
 6  76  49  63  -2   2   0 0.00  0.0    0 10.8 24  50   M    M   2        32  40
 7  78  51  65   0   0   0 0.00  0.0    0  7.2 20  60   M    M   1        27  20
 8  83  50  67   1   0   2 0.00  0.0    0  3.8 14 280   M    M   1        17 300
 9  85  60  73   7   0   8 0.01  0.0    0  6.7 20 270   M    M   5        24 250
10  90  59  75   9   0  10 0.00  0.0    0 12.7 26 220   M    M   1        36 190
11  93  71  82  16   0  17 0.00  0.0    0 12.8 21 250   M    M   1        30 260
12  95  72  84  17   0  19 0.00  0.0    0 11.1 24 210   M    M   2        33 200
13  92  72  82  15   0  17 0.00  0.0    0  6.9 16  60   M    M   3        20  70
14  90  69  80  13   0  15 0.10  0.0    0  8.8 26 250   M    M   1 3      34 260
15  89  68  79  11   0  14    T  0.0    0  7.5 18 260   M    M   3 1      24 240
16  84  67  76   8   0  11 0.05  0.0    0  7.8 20 230   M    M   3        25 240
17  88  69  79  11   0  14 2.07  0.0    0  8.6 24 170   M    M   4 138    33 200
18  82  65  74   6   0   9 0.22  0.0    0 13.2 28 270   M    M   5 1      38 280
19  78  60  69   0   0   4    T  0.0    0 11.5 22 270   M    M   3 3      28 250
20  78  55  67  -2   0   2 0.01  0.0    0 10.4 30 300   M    M   3        39 300
21  80  51  66  -3   0   1 0.00  0.0    0  2.7 10 210   M    M   1 18     13 290
22  90  62  76   6   0  11 0.08  0.0    0 11.7 23 210   M    M   3 3      30 240
23  80  67  74   4   0   9 0.98  0.0    0  9.2 16 290   M    M   7 138    23 290
24  77  59  68  -2   0   3 0.00  0.0    0 12.1 25 260   M    M   4        33 250
25  72  56  64  -6   1   0    T  0.0    0 12.8 26 260   M    M   5        34 250
26  71  52  62  -8   3   0    T  0.0    0 13.9 28 260   M    M   4        38 260
27  75  50  63  -7   2   0    T  0.0    0  8.8 18 260   M    M   3        25 260
================================================================================
SM 2233 1595        13 181  3.64     0.0 248.9          M       79
================================================================================
AV 82.7 59.1                               9.2 FASTST   M    M   3    MAX(MPH)
                                 MISC ---->  # 30 300               # 39  300
================================================================================
NOTES:
# LAST OF SEVERAL OCCURRENCES

COLUMN 17 PEAK WIND IN M.P.H.

PRELIMINARY LOCAL CLIMATOLOGICAL DATA (WS FORM: F-6) , PAGE 2

                                          STATION:  LANSING
                                          MONTH:    JUNE
                                          YEAR:     2017
                                          LATITUDE:   42 46 N
                                          LONGITUDE:  84 36 W

[TEMPERATURE DATA]      [PRECIPITATION DATA]       SYMBOLS USED IN COLUMN 16

AVERAGE MONTHLY: 70.9   TOTAL FOR MONTH:   3.64    1 = FOG OR MIST
DPTR FM NORMAL:   3.8   DPTR FM NORMAL:    0.50    2 = FOG REDUCING VISIBILITY
HIGHEST:    95 ON 12    GRTST 24HR  2.07 ON 17-17      TO 1/4 MILE OR LESS
LOWEST:     47 ON  2                               3 = THUNDER
                        SNOW, ICE PELLETS, HAIL    4 = ICE PELLETS
                        TOTAL MONTH:   0.0 INCH    5 = HAIL
                        GRTST 24HR     0.0         6 = FREEZING RAIN OR DRIZZLE
                        GRTST DEPTH:   0           7 = DUSTSTORM OR SANDSTORM:
                                                       VSBY 1/2 MILE OR LESS
                                                   8 = SMOKE OR HAZE
[NO. OF DAYS WITH]      [WEATHER - DAYS WITH]      9 = BLOWING SNOW
                                                   X = TORNADO
MAX 32 OR BELOW:   0    0.01 INCH OR MORE:   9
MAX 90 OR ABOVE:   6    0.10 INCH OR MORE:   5
MIN 32 OR BELOW:   0    0.50 INCH OR MORE:   2
MIN  0 OR BELOW:   0    1.00 INCH OR MORE:   1

[HDD (BASE 65) ]
TOTAL THIS MO.    13    CLEAR  (SCALE 0-3)  16
DPTR FM NORMAL   -41    PTCLDY (SCALE 4-7)  11
TOTAL FM JUL 1  5602    CLOUDY (SCALE 8-10)  0
DPTR FM NORMAL -1109

[CDD (BASE 65) ]
TOTAL THIS MO.   181
DPTR FM NORMAL    69    [PRESSURE DATA]
TOTAL FM JAN 1   216    HIGHEST SLP M ON M
DPTR FM NORMAL    63    LOWEST  SLP 29.50 ON 18

[REMARKS]
