000
CXUS53 KGRR 011017
CF6LAN
PRELIMINARY LOCAL CLIMATOLOGICAL DATA (WS FORM: F-6)

                                          STATION:   LANSING MI
                                          MONTH:     JUNE
                                          YEAR:      2013
                                          LATITUDE:   42 46 N
                                          LONGITUDE:  84 36 W

  TEMPERATURE IN F:       :PCPN:    SNOW:  WIND      :SUNSHINE: SKY     :PK WND
================================================================================
1   2   3   4   5  6A  6B    7    8   9   10  11  12  13   14  15   16   17  18
                                     12Z  AVG MX 2MIN
DY MAX MIN AVG DEP HDD CDD  WTR  SNW DPTH SPD SPD DIR MIN PSBL S-S WX    SPD DR
================================================================================

 1  79  65  72   9   0   7 0.16  0.0    0 11.5 23 220   M    M   6 1      28 220
 2  67  50  59  -4   6   0    T  0.0    0 10.9 16 270   M    M  10        25 270
 3  68  39  54 -10  11   0 0.00  0.0    0  4.6 15 310   M    M   1 1      18 280
 4  71  46  59  -5   6   0 0.00  0.0    0  4.6 12  70   M    M   0        16  40
 5  70  51  61  -3   4   0 0.01  0.0    0  6.9 13  60   M    M   5        17  80
 6  68  53  61  -4   4   0 0.01  0.0    0  8.9 16  30   M    M   8        22  30
 7  67  50  59  -6   6   0 0.00  0.0    0  7.6 15  40   M    M   5        20  30
 8  74  47  61  -5   4   0 0.00  0.0    0  1.1  8  20   M    M   4 1      13  20
 9  79  60  70   4   0   5 0.00  0.0    0 11.6 23 130   M    M   6        29 130
10  73  61  67   1   0   2 1.23  0.0    0  6.8 16 260   M    M   8 18     31  20
11  81  62  72   6   0   7 0.00  0.0    0  6.9 16 270   M    M   6 18     20 230
12  74  59  67   0   0   2 1.83  0.0    0  4.3 21 320   M    M   4 138    26 300
13  78  60  69   2   0   4 0.76  0.0    0  8.5 20  20   M    M   6 1      25  20
14  76  55  66  -1   0   1 0.00  0.0    0  3.9 10 290   M    M   1        15 360
15  76  55  66  -2   0   1    T  0.0    0  6.3 22 240   M    M   4        26 250
16  80  62  71   3   0   6 0.57  0.0    0 10.4 21 270   M    M   6 1      28 270
17  86  58  72   4   0   7 0.04  0.0    0  6.4 18 280   M    M   1 1      25 340
18  70  51  61  -7   4   0 0.00  0.0    0  9.4 18  30   M    M   3 18     26  20
19  75  44  60  -9   5   0 0.00  0.0    0  3.3 10 140   M    M   0        18  90
20  81  54  68  -1   0   3 0.00  0.0    0  3.8 10 260   M    M   0        24 310
21  85  63  74   5   0   9 0.00  0.0    0  8.4 18 170   M    M   1        24 170
22  87  68  78   8   0  13 0.00  0.0    0  7.0 16 270   M    M   2        22 250
23  88  70  79   9   0  14 0.00  0.0    0 10.3 20 220   M    M   1 18     24 220
24  87  68  78   8   0  13 0.18  0.0    0  8.6 23 270   M    M   3 18     30 260
25  81  66  74   4   0   9 0.43  0.0    0  6.9 20 210   M    M   4 138    28 200
26  81  63  72   2   0   7 0.00  0.0    0  4.9 16 220   M    M   2 1      21 210
27  85  66  76   6   0  11 0.01  0.0    0  5.1 22 280   M    M   4 1      28 280
28  80  62  71   0   0   6 3.12  0.0    0  3.3 22 270   M    M   6 1238   30 290
29  72  63  68  -3   0   3 0.00  0.0    0  6.5 16  40   M    M  10 18     20  20
30  78  57  68  -3   0   3 0.05  0.0    0  6.6 18  40   M    M   6        23  40
================================================================================
SM 2317 1728        50 133  8.40     0.0 205.3          M      123
================================================================================
AV 77.2 57.6                               6.8 FASTST   M    M   4    MAX(MPH)
                                 MISC ---->  # 23 130               # 31   20
================================================================================
NOTES:
# LAST OF SEVERAL OCCURRENCES

COLUMN 17 PEAK WIND IN M.P.H.

PRELIMINARY LOCAL CLIMATOLOGICAL DATA (WS FORM: F-6) , PAGE 2

                                          STATION:  LANSING MI
                                          MONTH:    JUNE
                                          YEAR:     2013
                                          LATITUDE:   42 46 N
                                          LONGITUDE:  84 36 W

[TEMPERATURE DATA]      [PRECIPITATION DATA]       SYMBOLS USED IN COLUMN 16

AVERAGE MONTHLY: 67.4   TOTAL FOR MONTH:   8.40    1 = FOG OR MIST
DPTR FM NORMAL:  -0.2   DPTR FM NORMAL:    4.95    2 = FOG REDUCING VISIBILITY
HIGHEST:    88 ON 23    GRTST 24HR  3.12 ON 27-28      TO 1/4 MILE OR LESS
LOWEST:     39 ON  3                               3 = THUNDER
                        SNOW, ICE PELLETS, HAIL    4 = ICE PELLETS
                        TOTAL MONTH:   0.0 INCH    5 = HAIL
                        GRTST 24HR     0.0         6 = FREEZING RAIN OR DRIZZLE
                        GRTST DEPTH:   0           7 = DUSTSTORM OR SANDSTORM:
                                                       VSBY 1/2 MILE OR LESS
                                                   8 = SMOKE OR HAZE
[NO. OF DAYS WITH]      [WEATHER - DAYS WITH]      9 = BLOWING SNOW
                                                   X = TORNADO
MAX 32 OR BELOW:   0    0.01 INCH OR MORE:  13
MAX 90 OR ABOVE:   0    0.10 INCH OR MORE:   8
MIN 32 OR BELOW:   0    0.50 INCH OR MORE:   5
MIN  0 OR BELOW:   0    1.00 INCH OR MORE:   3

[HDD (BASE 65) ]
TOTAL THIS MO.    50    CLEAR  (SCALE 0-3)  11
DPTR FM NORMAL    -5    PTCLDY (SCALE 4-7)  16
TOTAL FM JUL 1  6564    CLOUDY (SCALE 8-10)  3
DPTR FM NORMAL  -148

[CDD (BASE 65) ]
TOTAL THIS MO.   133
DPTR FM NORMAL     1    [PRESSURE DATA]
TOTAL FM JAN 1   206    HIGHEST SLP 30.22 ON  4
DPTR FM NORMAL    33    LOWEST  SLP 29.53 ON 28

[REMARKS]
#FINAL-06-13#
