000
CXUS53 KGRR 011017
CF6LAN
PRELIMINARY LOCAL CLIMATOLOGICAL DATA (WS FORM: F-6)

                                          STATION:   LANSING MI
                                          MONTH:     MAY
                                          YEAR:      2013
                                          LATITUDE:   42 46 N
                                          LONGITUDE:  84 36 W

  TEMPERATURE IN F:       :PCPN:    SNOW:  WIND      :SUNSHINE: SKY     :PK WND
================================================================================
1   2   3   4   5  6A  6B    7    8   9   10  11  12  13   14  15   16   17  18
                                     12Z  AVG MX 2MIN
DY MAX MIN AVG DEP HDD CDD  WTR  SNW DPTH SPD SPD DIR MIN PSBL S-S WX    SPD DR
================================================================================

 1  83  57  70  17   0   5 0.00  0.0    0  8.8 18 150   M    M   0        23 150
 2  80  59  70  17   0   5 0.00  0.0    0 10.1 22 140   M    M   1        28 150
 3  80  59  70  16   0   5 0.00  0.0    0 10.9 23 110   M    M   4        31 130
 4  73  52  63   9   2   0 0.00  0.0    0 10.9 21 110   M    M   1        25  90
 5  74  49  62   8   3   0 0.00  0.0    0  7.3 17 120   M    M   0        22 110
 6  75  45  60   6   5   0 0.00  0.0    0  4.9 13 120   M    M   0        16 110
 7  77  47  62   7   3   0 0.00  0.0    0  4.6 14 110   M    M   1        20 110
 8  80  50  65  10   0   0 0.00  0.0    0  3.6 13 310   M    M   1        16 300
 9  80  50  65   9   0   0    T  0.0    0  3.5 20 240   M    M   2 8      25 250
10  61  42  52  -4  13   0 0.37  0.0    0  8.4 17  20   M    M  10 1      23  20
11  60  36  48  -8  17   0 0.06  0.0    0  9.9 28 300   M    M   8 1      35 290
12  47  31  39 -17  26   0    T  0.0    0 13.1 28 280   M    M   7        36 300
13  54  28  41 -16  24   0 0.00    M    0  5.6 16 290   M    M   1        22 300
14  77  45  61   4   4   0 0.01  0.0    0  8.6 21 180   M    M   5        28 170
15  79  57  68  11   0   3    T  0.0    0 12.0 23 300   M    M   1        30 310
16  81  48  65   7   0   0 0.00  0.0    0  6.3 15 340   M    M   1        17 320
17  70  49  60   2   5   0 0.00  0.0    0  8.6 17  50   M    M   5        21  60
18  81  51  66   8   0   1 0.00  0.0    0  8.1 14 150   M    M   4        18 130
19  85  54  70  11   0   5 0.00  0.0    0  6.1 14 150   M    M   1        20 190
20  88  67  78  19   0  13    T  0.0    0 10.6 23 200   M    M   2 13     33 200
21  81  63  72  13   0   7 0.08  0.0    0  9.0 22 220   M    M   3 18     29 210
22  76  60  68   8   0   3 0.41  0.0    0  9.3 30 240   M    M   6 18     39 230
23  61  41  51  -9  14   0 0.21  0.0    0  9.6 21  40   M    M   9 1      26  20
24  58  36  47 -13  18   0 0.00  0.0    0  5.2 15  30   M    M   2        21 340
25  64  37  51 -10  14   0 0.00  0.0    0  3.4 10  40   M    M   1 1      15  20
26  68  39  54  -7  11   0 0.00  0.0    0  3.6 12  60   M    M   0        15 100
27  61  44  53  -8  12   0 0.09  0.0    0  9.9 18 130   M    M   7 1      23 120
28  73  52  63   1   2   0 2.58  0.0    0  7.1 32 260   M    M   9 1238   41 260
29  79  63  71   9   0   6 0.11  0.0    0  8.7 26 250   M    M   6 1      35 250
30  86  66  76  14   0  11 0.03  0.0    0 10.6 23 220   M    M   2        31 210
31  79  68  74  11   0   9    T  0.0    0 11.3 24 210   M    M   3        33 210
================================================================================
SM 2271 1545       173  73  3.95     0.0 249.6          M      103
================================================================================
AV 73.3 49.8                               8.1 FASTST   M    M   3    MAX(MPH)
                                 MISC ---->  # 32 260               # 41  260
================================================================================
NOTES:
# LAST OF SEVERAL OCCURRENCES

COLUMN 17 PEAK WIND IN M.P.H.

PRELIMINARY LOCAL CLIMATOLOGICAL DATA (WS FORM: F-6) , PAGE 2

                                          STATION:  LANSING MI
                                          MONTH:    MAY
                                          YEAR:     2013
                                          LATITUDE:   42 46 N
                                          LONGITUDE:  84 36 W

[TEMPERATURE DATA]      [PRECIPITATION DATA]       SYMBOLS USED IN COLUMN 16

AVERAGE MONTHLY: 61.5   TOTAL FOR MONTH:   3.95    1 = FOG OR MIST
DPTR FM NORMAL:   3.8   DPTR FM NORMAL:    0.59    2 = FOG REDUCING VISIBILITY
HIGHEST:    88 ON 20    GRTST 24HR  2.69 ON 28-29      TO 1/4 MILE OR LESS
LOWEST:     28 ON 13                               3 = THUNDER
                        SNOW, ICE PELLETS, HAIL    4 = ICE PELLETS
                        TOTAL MONTH:   0.0 INCH    5 = HAIL
                        GRTST 24HR     0.0         6 = FREEZING RAIN OR DRIZZLE
                        GRTST DEPTH:   0           7 = DUSTSTORM OR SANDSTORM:
                                                       VSBY 1/2 MILE OR LESS
                                                   8 = SMOKE OR HAZE
[NO. OF DAYS WITH]      [WEATHER - DAYS WITH]      9 = BLOWING SNOW
                                                   X = TORNADO
MAX 32 OR BELOW:   0    0.01 INCH OR MORE:  10
MAX 90 OR ABOVE:   0    0.10 INCH OR MORE:   5
MIN 32 OR BELOW:   2    0.50 INCH OR MORE:   1
MIN  0 OR BELOW:   0    1.00 INCH OR MORE:   1

[HDD (BASE 65) ]
TOTAL THIS MO.   173    CLEAR  (SCALE 0-3)  18
DPTR FM NORMAL   -86    PTCLDY (SCALE 4-7)  10
TOTAL FM JUL 1  6514    CLOUDY (SCALE 8-10)  3
DPTR FM NORMAL  -143

[CDD (BASE 65) ]
TOTAL THIS MO.    73
DPTR FM NORMAL    39    [PRESSURE DATA]
TOTAL FM JAN 1    73    HIGHEST SLP 30.42 ON 25
DPTR FM NORMAL    32    LOWEST  SLP 29.56 ON 15

[REMARKS]
#FINAL-05-13#
