000
CXUS53 KGRR 011017
CF6LAN
PRELIMINARY LOCAL CLIMATOLOGICAL DATA (WS FORM: F-6)

                                          STATION:   LANSING MI
                                          MONTH:     NOVEMBER
                                          YEAR:      2012
                                          LATITUDE:   42 46 N
                                          LONGITUDE:  84 36 W

  TEMPERATURE IN F:       :PCPN:    SNOW:  WIND      :SUNSHINE: SKY     :PK WND
================================================================================
1   2   3   4   5  6A  6B    7    8   9   10  11  12  13   14  15   16   17  18
                                     12Z  AVG MX 2MIN
DY MAX MIN AVG DEP HDD CDD  WTR  SNW DPTH SPD SPD DIR MIN PSBL S-S WX    SPD DR
================================================================================

 1  49  33  41  -4  24   0 0.00  0.0    0 10.7 21 280   M    M   8        25 310
 2  43  33  38  -7  27   0    T  0.0    0  9.3 21 350   M    M   9        30 360
 3  37  30  34 -10  31   0 0.00  0.0    0  3.9  9  70   M    M   8        13 350
 4  39  25  32 -12  33   0 0.00  0.0    0  2.5 10 350   M    M   7        13 340
 5  40  21  31 -13  34   0 0.00  0.0    0  1.8  8  70   M    M   4 18     14  40
 6  42  24  33 -10  32   0 0.00  0.0    0  5.8 14 150   M    M   7 1      18 140
 7  47  26  37  -6  28   0 0.00  0.0    0  4.9 12  50   M    M   3        14  60
 8  50  23  37  -6  28   0 0.00  0.0    0  3.4 12 250   M    M   3 18     14 250
 9  56  34  45   3  20   0 0.00  0.0    0  5.8 13 190   M    M   7 18     17 130
10  64  48  56  14   9   0    T  0.0    0  9.5 22 210   M    M   9 8      29 210
11  69  56  63  22   2   0 0.00  0.0    0 17.5 29 180   M    M   5        38 190
12  61  31  46   5  19   0 0.28  0.1    0 16.0 26 250   M    M  10 1      32 240
13  34  24  29 -12  36   0    T    T    0  4.2 18 290   M    M   8        23 290
14  41  20  31  -9  34   0 0.00  0.0    0  3.0  9 160   M    M   5 18     14 160
15  44  23  34  -6  31   0 0.00  0.0    0  0.7  7 240   M    M   4 18     13 150
16  52  25  39  -1  26   0 0.00  0.0    0  0.4  8 250   M    M   1 18     10 240
17  53  26  40   1  25   0 0.00  0.0    0  3.6  9 150   M    M   4 18     14 170
18  56  33  45   6  20   0 0.00  0.0    0  6.5 12 150   M    M   5 128    15 170
19  54  29  42   4  23   0 0.00  0.0    0  4.3  9 160   M    M   6 18     12 160
20  56  36  46   8  19   0 0.00  0.0    0  1.4  7 190   M    M   8 18     25 200
21  56  29  43   6  22   0 0.00  0.0    0  3.6 12 210   M    M   5 128    14 200
22  61  43  52  15  13   0 0.04  0.0    0 13.3 24 210   M    M   4 18     31 220
23  54  31  43   6  22   0 0.03  0.1    0 18.5 30 270   M    M  10 1      40 260
24  31  29  30  -6  35   0    T    T    0 11.1 20 300   M    M  10        25 310
25  35  26  31  -5  34   0 0.02  0.2    0  9.2 17 210   M    M  10 1      22 210
26  33  29  31  -4  34   0 0.00  0.0    0  5.8 13 280   M    M  10        15 280
27  35  19  27  -8  38   0 0.00  0.0    0  5.5 13 260   M    M   4        18 260
28  41  25  33  -1  32   0 0.00  0.0    0  9.0 21 250   M    M   6        25 260
29  48  29  39   5  26   0 0.00  0.0    0  8.8 17 220   M    M   5        23 240
30  42  31  37   3  28   0 0.01    T    0  7.2 13  60   M    M  10 18     16  70
================================================================================
SM 1423  891       785   0  0.38     0.4 207.2          M      195
================================================================================
AV 47.4 29.7                               6.9 FASTST   M    M   7    MAX(MPH)
                                 MISC ---->  # 30 270               # 40  260
================================================================================
NOTES:
# LAST OF SEVERAL OCCURRENCES

COLUMN 17 PEAK WIND IN M.P.H.

PRELIMINARY LOCAL CLIMATOLOGICAL DATA (WS FORM: F-6) , PAGE 2

                                          STATION:  LANSING MI
                                          MONTH:    NOVEMBER
                                          YEAR:     2012
                                          LATITUDE:   42 46 N
                                          LONGITUDE:  84 36 W

[TEMPERATURE DATA]      [PRECIPITATION DATA]       SYMBOLS USED IN COLUMN 16

AVERAGE MONTHLY: 38.6   TOTAL FOR MONTH:   0.38    1 = FOG OR MIST
DPTR FM NORMAL:  -1.0   DPTR FM NORMAL:   -2.40    2 = FOG REDUCING VISIBILITY
HIGHEST:    69 ON 11    GRTST 24HR  0.28 ON 12-12      TO 1/4 MILE OR LESS
LOWEST:     19 ON 27                               3 = THUNDER
                        SNOW, ICE PELLETS, HAIL    4 = ICE PELLETS
                        TOTAL MONTH:   0.4 INCH    5 = HAIL
                        GRTST 24HR   0.2 ON   M    6 = FREEZING RAIN OR DRIZZLE
                        GRTST DEPTH:   0           7 = DUSTSTORM OR SANDSTORM:
                                                       VSBY 1/2 MILE OR LESS
                                                   8 = SMOKE OR HAZE
[NO. OF DAYS WITH]      [WEATHER - DAYS WITH]      9 = BLOWING SNOW
                                                   X = TORNADO
MAX 32 OR BELOW:   1    0.01 INCH OR MORE:   5
MAX 90 OR ABOVE:   0    0.10 INCH OR MORE:   1
MIN 32 OR BELOW:  22    0.50 INCH OR MORE:   0
MIN  0 OR BELOW:   0    1.00 INCH OR MORE:   0

[HDD (BASE 65) ]
TOTAL THIS MO.   785    CLEAR  (SCALE 0-3)   2
DPTR FM NORMAL    21    PTCLDY (SCALE 4-7)  19
TOTAL FM JUL 1  1407    CLOUDY (SCALE 8-10)  9
DPTR FM NORMAL    -7

[CDD (BASE 65) ]
TOTAL THIS MO.     0
DPTR FM NORMAL     0    [PRESSURE DATA]
TOTAL FM JAN 1   940    HIGHEST SLP 30.62 ON 17
DPTR FM NORMAL   315    LOWEST  SLP 29.69 ON 23

[REMARKS]
#FINAL-11-12#
