000
CXUS53 KGRR 011017
CF6LAN
PRELIMINARY LOCAL CLIMATOLOGICAL DATA (WS FORM: F-6)

                                          STATION:   LANSING
                                          MONTH:     DECEMBER
                                          YEAR:      2016
                                          LATITUDE:   42 46 N
                                          LONGITUDE:  84 36 W

  TEMPERATURE IN F:       :PCPN:    SNOW:  WIND      :SUNSHINE: SKY     :PK WND
================================================================================
1   2   3   4   5  6A  6B    7    8   9   10  11  12  13   14  15   16   17  18
                                     12Z  AVG MX 2MIN
DY MAX MIN AVG DEP HDD CDD  WTR  SNW DPTH SPD SPD DIR MIN PSBL S-S WX    SPD DR
================================================================================

 1  42  35  39   6  26   0 0.01    T    0 12.8 20 250   M    M  10 1      27 210
 2  39  35  37   4  28   0    T  0.0    0 11.2 21 310   M    M  10        26 290
 3  37  35  36   4  29   0    T    T    0  6.2 13 270   M    M  10        15 260
 4  37  32  35   3  30   0 0.36  2.5    0  5.9 15 140   M    M  10 1      18 140
 5  39  27  33   1  32   0    T    T    2  8.6 16 220   M    M   8 1      22 260
 6  42  23  33   2  32   0 0.00  0.0    T  9.2 23 250   M    M   5 1      29 260
 7  38  30  34   3  31   0 0.00  0.0    0 17.1 25 270   M    M   8        35 260
 8  30  25  28  -3  37   0 0.04  1.0    0 16.7 26 260   M    M  10 18     34 250
 9  30  23  27  -3  38   0 0.01  0.2    1 10.2 17 290   M    M   9 1      22 270
10  26  20  23  -7  42   0 0.04  1.1    1  8.6 17 260   M    M   9 1      21 260
11  30  22  26  -4  39   0 0.55  7.4    4 10.3 17 160   M    M  10 1      23 150
12  34  22  28  -1  37   0 0.04    T   10 13.8 26 260   M    M  10 18     33 260
13  27   9  18 -11  47   0 0.02  0.2    9 10.8 22 270   M    M   9 18     27 260
14  21   9  15 -13  50   0 0.05  1.4    8 16.7 30 280   M    M   8 18     39 290
15  17   3  10 -18  55   0    T    T    7 11.3 28 260   M    M   2 8      32 270
16  18   7  13 -15  52   0 0.20  1.6    5  9.4 17 140   M    M   8 18     20 140
17  26  16  21  -7  44   0 0.06  0.6    7  4.1 14 140   M    M  10 168    26  90
18  21   8  15 -12  50   0    T    T    6  8.1 16 340   M    M   7 1      21 340
19  14   8  11 -16  54   0    T    T    5 11.5 20 210   M    M   4        24 200
20  31   9  20  -7  45   0 0.00  0.0    5 17.3 33 240   M    M   1        42 210
21  33  20  27   0  38   0    T  0.0    5  9.7 18 150   M    M   4 18     34 110
22  39  29  34   8  31   0 0.00  0.0    5 11.0 18 260   M    M   7        22 260
23  36  27  32   6  33   0 0.08    T    4  9.6 15 220   M    M   5 168    21 200
24  38  34  36  10  29   0 0.07    T    4  7.3 15 190   M    M  10 18     17 190
25  36  33  35   9  30   0 0.05  0.0    3 12.0 22 110   M    M  10 1      29 140
26  55  34  45  19  20   0 0.18  0.0    T 19.8 35 250   M    M   8 1      48 250
27  34  27  31   6  34   0    T    T    0 16.5 33 270   M    M  10        44 270
28  39  26  33   8  32   0 0.00  0.0    0 10.3 24 160   M    M   5        29 150
29  38  29  34   9  31   0    T  0.1    0 16.7 29 270   M    M  10 8      37 260
30  30  26  28   3  37   0    T    T    0 14.0 23 260   M    M   8 8      30 290
31  43  28  36  11  29   0 0.00  0.0    0 16.4 26 250   M    M   6        35 240
================================================================================
SM 1020  711      1142   0  1.76    16.1 363.1          M      241
================================================================================
AV 32.9 22.9                              11.7 FASTST   M    M   8    MAX(MPH)
                                 MISC ---->  # 35 250               # 48  250
================================================================================
NOTES:
# LAST OF SEVERAL OCCURRENCES

COLUMN 17 PEAK WIND IN M.P.H.

PRELIMINARY LOCAL CLIMATOLOGICAL DATA (WS FORM: F-6) , PAGE 2

                                          STATION:  LANSING
                                          MONTH:    DECEMBER
                                          YEAR:     2016
                                          LATITUDE:   42 46 N
                                          LONGITUDE:  84 36 W

[TEMPERATURE DATA]      [PRECIPITATION DATA]       SYMBOLS USED IN COLUMN 16

AVERAGE MONTHLY: 27.9   TOTAL FOR MONTH:   1.76    1 = FOG OR MIST
DPTR FM NORMAL:  -0.4   DPTR FM NORMAL:   -0.11    2 = FOG REDUCING VISIBILITY
HIGHEST:    55 ON 26    GRTST 24HR  0.59 ON 11-12      TO 1/4 MILE OR LESS
LOWEST:      3 ON 15                               3 = THUNDER
                        SNOW, ICE PELLETS, HAIL    4 = ICE PELLETS
                        TOTAL MONTH:  16.1 INCHES  5 = HAIL
                        GRTST 24HR   7.4 ON   M    6 = FREEZING RAIN OR DRIZZLE
                        GRTST DEPTH:  10 ON 12     7 = DUSTSTORM OR SANDSTORM:
                                                       VSBY 1/2 MILE OR LESS
                                                   8 = SMOKE OR HAZE
[NO. OF DAYS WITH]      [WEATHER - DAYS WITH]      9 = BLOWING SNOW
                                                   X = TORNADO
MAX 32 OR BELOW:  13    0.01 INCH OR MORE:  15
MAX 90 OR ABOVE:   0    0.10 INCH OR MORE:   4
MIN 32 OR BELOW:  25    0.50 INCH OR MORE:   1
MIN  0 OR BELOW:   0    1.00 INCH OR MORE:   0

[HDD (BASE 65) ]
TOTAL THIS MO.  1142    CLEAR  (SCALE 0-3)   2
DPTR FM NORMAL     4    PTCLDY (SCALE 4-7)  14
TOTAL FM JUL 1  2117    CLOUDY (SCALE 8-10) 15
DPTR FM NORMAL  -435

[CDD (BASE 65) ]
TOTAL THIS MO.     0
DPTR FM NORMAL     0    [PRESSURE DATA]
TOTAL FM JAN 1   869    HIGHEST SLP 30.75 ON 19
DPTR FM NORMAL   244    LOWEST  SLP 29.54 ON 31

[REMARKS]
#FINAL-12-16#
