000
CXUS53 KGRR 011017
CF6LAN
PRELIMINARY LOCAL CLIMATOLOGICAL DATA (WS FORM: F-6)

                                          STATION:   LANSING MI
                                          MONTH:     JUNE
                                          YEAR:      2014
                                          LATITUDE:   42 46 N
                                          LONGITUDE:  84 36 W

  TEMPERATURE IN F:       :PCPN:    SNOW:  WIND      :SUNSHINE: SKY     :PK WND
================================================================================
1   2   3   4   5  6A  6B    7    8   9   10  11  12  13   14  15   16   17  18
                                     12Z  AVG MX 2MIN
DY MAX MIN AVG DEP HDD CDD  WTR  SNW DPTH SPD SPD DIR MIN PSBL S-S WX    SPD DR
================================================================================

 1  86  57  72   9   0   7 0.00  0.0    0  9.7 16 160   M    M   0        22 150
 2  82  69  76  13   0  11 0.65  0.0    0 12.8 29 220   M    M   4 138    36 230
 3  73  59  66   2   0   1 0.00  0.0    0 13.6 29 270   M    M   1        36 270
 4  67  55  61  -3   4   0 0.19  0.0    0  4.0 10  10   M    M   4 12     12 170
 5  76  47  62  -2   3   0 0.00  0.0    0  4.7 16  50   M    M   0        21  40
 6  79  50  65   0   0   0 0.00  0.0    0  2.3 10 260   M    M   0        14 300
 7  82  53  68   3   0   3 0.00  0.0    0  5.2 15 170   M    M   0        20 130
 8  78  59  69   3   0   4 0.20  0.0    0  6.8 15  30   M    M   5 1      19  40
 9  81  56  69   3   0   4 0.00  0.0    0  4.2 12  40   M    M   1        14 140
10  75  57  66   0   0   1    T  0.0    0  6.7 15  90   M    M   3        19 100
11  79  58  69   3   0   4 2.75  0.0    0  5.6 14 240   M    M   9 1238   19 300
12  76  64  70   3   0   5 0.00  0.0    0  6.7 15 230   M    M   7 128    18 250
13  65  47  56 -11   9   0 0.00  0.0    0  9.0 20 300   M    M   4 8      26 270
14  75  45  60  -7   5   0 0.00  0.0    0  4.1 13 130   M    M   0 1      17 130
15  82  52  67  -1   0   2 0.00  0.0    0 11.1 24 190   M    M   1        33 190
16  86  66  76   8   0  11 0.00  0.0    0  7.6 15 230   M    M   2        20 240
17  87  65  76   8   0  11 0.00  0.0    0 11.5 29 250   M    M   1        37 250
18  78  64  71   3   0   6 1.44  0.0    0  6.7 41 320   M    M   7 13     57 310
19  78  61  70   1   0   5 0.00  0.0    0  8.3 15  40   M    M   8 18     20  50
20  67  57  62  -7   3   0 0.15  0.0    0  6.9 15 110   M    M   8 1      18 100
21  80  57  69   0   0   4    T  0.0    0  3.2  8 320   M    M   4 1      10 100
22  82  63  73   3   0   8 0.00  0.0    0  7.2 14 140   M    M   5        20 130
23  78  61  70   0   0   5 0.50  0.0    0  7.0 12 200   M    M   4 13     15 150
24  78  67  73   3   0   8 0.47  0.0    0  2.9 13 280   M    M   6 1      16 290
25  73  61  67  -3   0   2 0.00  0.0    0  5.9 13  40   M    M   7 128    16  40
26  81  55  68  -2   0   3 0.00  0.0    0  3.7 12  60   M    M   2 12     15  20
27  83  60  72   2   0   7 0.00  0.0    0  6.8 13 110   M    M   2        24 130
28  84  67  76   5   0  11 0.04  0.0    0  8.4 21 150   M    M   2 18     26 150
29  85  71  78   7   0  13 0.00  0.0    0 11.7 22 200   M    M   2 18     29 250
30  84  68  76   5   0  11 0.01  0.0    0 11.1 26 260   M    M   5        33 260
================================================================================
SM 2360 1771        24 147  6.40     0.0 215.4          M      104
================================================================================
AV 78.7 59.0                               7.2 FASTST   M    M   3    MAX(MPH)
                                 MISC ---->  # 41 320               # 57  310
================================================================================
NOTES:
# LAST OF SEVERAL OCCURRENCES

COLUMN 17 PEAK WIND IN M.P.H.

PRELIMINARY LOCAL CLIMATOLOGICAL DATA (WS FORM: F-6) , PAGE 2

                                          STATION:  LANSING MI
                                          MONTH:    JUNE
                                          YEAR:     2014
                                          LATITUDE:   42 46 N
                                          LONGITUDE:  84 36 W

[TEMPERATURE DATA]      [PRECIPITATION DATA]       SYMBOLS USED IN COLUMN 16

AVERAGE MONTHLY: 68.8   TOTAL FOR MONTH:   6.40    1 = FOG OR MIST
DPTR FM NORMAL:   1.2   DPTR FM NORMAL:    2.95    2 = FOG REDUCING VISIBILITY
HIGHEST:    87 ON 17    GRTST 24HR  2.75 ON 11-11      TO 1/4 MILE OR LESS
LOWEST:     45 ON 14                               3 = THUNDER
                        SNOW, ICE PELLETS, HAIL    4 = ICE PELLETS
                        TOTAL MONTH:   0.0 INCH    5 = HAIL
                        GRTST 24HR     0.0         6 = FREEZING RAIN OR DRIZZLE
                        GRTST DEPTH:   0           7 = DUSTSTORM OR SANDSTORM:
                                                       VSBY 1/2 MILE OR LESS
                                                   8 = SMOKE OR HAZE
[NO. OF DAYS WITH]      [WEATHER - DAYS WITH]      9 = BLOWING SNOW
                                                   X = TORNADO
MAX 32 OR BELOW:   0    0.01 INCH OR MORE:  10
MAX 90 OR ABOVE:   0    0.10 INCH OR MORE:   8
MIN 32 OR BELOW:   0    0.50 INCH OR MORE:   4
MIN  0 OR BELOW:   0    1.00 INCH OR MORE:   2

[HDD (BASE 65) ]
TOTAL THIS MO.    24    CLEAR  (SCALE 0-3)  15
DPTR FM NORMAL   -31    PTCLDY (SCALE 4-7)  13
TOTAL FM JUL 1  7543    CLOUDY (SCALE 8-10)  2
DPTR FM NORMAL   831

[CDD (BASE 65) ]
TOTAL THIS MO.   147
DPTR FM NORMAL    15    [PRESSURE DATA]
TOTAL FM JAN 1   186    HIGHEST SLP 30.18 ON  1
DPTR FM NORMAL    13    LOWEST  SLP 29.61 ON 30

[REMARKS]
#FINAL-06-14#
