000
CXUS53 KGRR 011017
CF6LAN
PRELIMINARY LOCAL CLIMATOLOGICAL DATA (WS FORM: F-6)

                                          STATION:   LANSING
                                          MONTH:     JANUARY
                                          YEAR:      2018
                                          LATITUDE:   42 46 N
                                          LONGITUDE:  84 36 W

  TEMPERATURE IN F:       :PCPN:    SNOW:  WIND      :SUNSHINE: SKY     :PK WND
================================================================================
1   2   3   4   5  6A  6B    7    8   9   10  11  12  13   14  15   16   17  18
                                     12Z  AVG MX 2MIN
DY MAX MIN AVG DEP HDD CDD  WTR  SNW DPTH SPD SPD DIR MIN PSBL S-S WX    SPD DR
================================================================================

 1  12   3   8 -16  57   0    T    T    4  9.5 20 300   M    M   9 18     27 310
 2  18   2  10 -14  55   0    T    T    4 14.8 24 240   M    M   6 1      31 230
 3  17   2  10 -14  55   0 0.02  0.3    3 11.3 24 210   M    M   9 18     31 200
 4  14  -5   5 -19  60   0    T    T    4  7.9 20 330   M    M   4 8      26 320
 5   6  -8  -1 -25  66   0    T    T    4  5.0 14 340   M    M   3        18 350
 6  11  -7   2 -22  63   0    T    T    3  2.6 10 360   M    M   3 1      14 350
 7  31   4  18  -6  47   0 0.02    T    4 15.5 24 190   M    M   8 16     33 210
 8  37  28  33   9  32   0 0.17  1.1    4 15.0 25 270   M    M   6 16     32 260
 9  36  22  29   5  36   0 0.00  0.0    5  3.9 14 150   M    M   1 128    16 150
10  50  27  39  15  26   0 0.01  0.0    5 12.9 18 180   M    M  10 1      25 190
11  59  50  55  32  10   0 0.17  0.0    0 14.6 24 210   M    M  10 1      31 220
12  50  11  31   8  34   0 0.40  3.1    T 14.8 26 360   M    M   7 12     32 360
13  16   7  12 -11  53   0    T    T    2  6.3 18 350   M    M   8 1      24  10
14  17  -1   8 -15  57   0    T    T    2  6.9 18 210   M    M   2        22 210
15  20  13  17  -6  48   0 0.14  1.9    2  8.7 20 160   M    M  10 18     23 160
16  17   8  13 -10  52   0 0.04  0.8    5  6.4 12 220   M    M   9 18     13 240
17  27   0  14  -9  51   0    T    T    4 13.2 29 260   M    M   2 1      34 260
18  31  15  23   0  42   0 0.00  0.0    3 15.3 24 240   M    M   4        32 240
19  37  24  31   8  34   0 0.00  0.0    2 16.2 25 220   M    M   0        33 220
20  44  32  38  15  27   0 0.00  0.0    2 11.2 22 230   M    M   0 1      29 220
21  39  32  36  13  29   0 0.01  0.0    T  4.0  9 180   M    M  10 12     10 180
22  51  37  44  21  21   0 0.77  0.0    0  7.5 13 160   M    M   9 13     17 180
23  46  27  37  14  28   0 0.03    T    0 14.9 26 260   M    M   7 1      33 240
24  27  23  25   2  40   0 0.00  0.0    0  6.3 17 270   M    M  10        24 290
25  35  25  30   7  35   0 0.00  0.0    0  8.2 15 170   M    M   7        22 170
26  53  29  41  18  24   0    T  0.0    0 14.1 25 210   M    M   2        34 190
27  51  30  41  18  24   0 0.00  0.0    0 15.3 29 250   M    M   5        36 240
28  43  28  36  13  29   0 0.06  0.8    0  6.1 14  60   M    M   4 1      17  50
29  28  16  22  -1  43   0 0.14  4.2    2 10.6 16 340   M    M  10 1      23  10
30  24  15  20  -4  45   0    T    T    3  5.6 16 260   M    M   9        19 160
31  41  23  32   8  33   0 0.00  0.0    2 15.9 30 240   M    M   3        36 240
================================================================================
SM  988  512      1256   0  1.98    12.2 320.5          M      187
================================================================================
AV 31.9 16.5                              10.3 FASTST   M    M   6    MAX(MPH)
                                 MISC ---->  # 30 240               # 36  240
================================================================================
NOTES:
# LAST OF SEVERAL OCCURRENCES

COLUMN 17 PEAK WIND IN M.P.H.

PRELIMINARY LOCAL CLIMATOLOGICAL DATA (WS FORM: F-6) , PAGE 2

                                          STATION:  LANSING
                                          MONTH:    JANUARY
                                          YEAR:     2018
                                          LATITUDE:   42 46 N
                                          LONGITUDE:  84 36 W

[TEMPERATURE DATA]      [PRECIPITATION DATA]       SYMBOLS USED IN COLUMN 16

AVERAGE MONTHLY: 24.2   TOTAL FOR MONTH:   1.98    1 = FOG OR MIST
DPTR FM NORMAL:   0.8   DPTR FM NORMAL:    0.33    2 = FOG REDUCING VISIBILITY
HIGHEST:    59 ON 11    GRTST 24HR  0.77 ON 22-22      TO 1/4 MILE OR LESS
LOWEST:     -8 ON  5                               3 = THUNDER
                        SNOW, ICE PELLETS, HAIL    4 = ICE PELLETS
                        TOTAL MONTH:  12.2 INCHES  5 = HAIL
                        GRTST 24HR   4.2 ON 29-29  6 = FREEZING RAIN OR DRIZZLE
                        GRTST DEPTH:   5 ON 16,10  7 = DUSTSTORM OR SANDSTORM:
                                                       VSBY 1/2 MILE OR LESS
                                                   8 = SMOKE OR HAZE
[NO. OF DAYS WITH]      [WEATHER - DAYS WITH]      9 = BLOWING SNOW
                                                   X = TORNADO
MAX 32 OR BELOW:  16    0.01 INCH OR MORE:  13
MAX 90 OR ABOVE:   0    0.10 INCH OR MORE:   6
MIN 32 OR BELOW:  29    0.50 INCH OR MORE:   1
MIN  0 OR BELOW:   5    1.00 INCH OR MORE:   0

[HDD (BASE 65) ]
TOTAL THIS MO.  1256    CLEAR  (SCALE 0-3)   7
DPTR FM NORMAL   -32    PTCLDY (SCALE 4-7)  13
TOTAL FM JUL 1  3775    CLOUDY (SCALE 8-10) 11
DPTR FM NORMAL   -65

[CDD (BASE 65) ]
TOTAL THIS MO.     0
DPTR FM NORMAL     0    [PRESSURE DATA]
TOTAL FM JAN 1     0    HIGHEST SLP 30.70 ON 14
DPTR FM NORMAL     0    LOWEST  SLP 29.46 ON 23

[REMARKS]
#FINAL-01-18#
