000
CXUS53 KGRR 012300
CF6LAN
PRELIMINARY LOCAL CLIMATOLOGICAL DATA (WS FORM: F-6)

                                          STATION:   LANSING MI
                                          MONTH:     MARCH
                                          YEAR:      2016
                                          LATITUDE:   42 46 N
                                          LONGITUDE:  84 36 W

  TEMPERATURE IN F:       :PCPN:    SNOW:  WIND      :SUNSHINE: SKY     :PK WND
================================================================================
1   2   3   4   5  6A  6B    7    8   9   10  11  12  13   14  15   16   17  18
                                     12Z  AVG MX 2MIN
DY MAX MIN AVG DEP HDD CDD  WTR  SNW DPTH SPD SPD DIR MIN PSBL S-S WX    SPD DR
================================================================================

 1  24  19  22  -7  43   0 0.59  7.2    2 13.1 24 330   M    M  10 1      35 330
 2  27  11  19 -11  46   0    T    T    7  9.7 20 260   M    M   6 18     24 260
 3  28   9  19 -11  46   0 0.04  0.7    7  3.7 10  30   M    M   8 18     12  40
 4  34   5  20 -10  45   0    T    T    7  2.2  9 280   M    M   3 128    13 200
 5  33  24  29  -2  36   0 0.09  1.0    8  5.4 10 140   M    M  10 18     13 140
 6  41  14  28  -3  37   0 0.00  0.0    8  8.2 21 190   M    M   5 128    25 190
 7  58  41  50  18  15   0 0.00  0.0    7 10.9 22 210   M    M   5        27 210
 8  70  49  60  28   5   0 0.00  0.0    T 12.0 25 210   M    M   5        32 210
 9  68  56  62  30   3   0    T  0.0    0 11.0 26 220   M    M   9        33 220
10  57  41  49  16  16   0    T  0.0    0  6.5 15 310   M    M   9 18     19 310
11  55  31  43  10  22   0 0.00  0.0    0  4.1 14 170   M    M   2        18 170
12  59  29  44  11  21   0 0.00  0.0    0  2.5 10 190   M    M   1 128    13 180
13  49  44  47  13  18   0 1.01  0.0    0  9.2 17 110   M    M  10 1      23 110
14  52  45  49  15  16   0 0.04  0.0    0  7.3 14 270   M    M  10 1      17 250
15  57  41  49  15  16   0 0.04  0.0    0  8.1 21  90   M    M   7 1      26 190
16  56  46  51  16  14   0 0.08  0.0    0 21.6 41 240   M    M   6 1      56 250
17  50  33  42   7  23   0    T  0.0    0 15.9 33 260   M    M   5        43 270
18  48  29  39   3  26   0    T    T    0  5.5 14  30   M    M   7        18  40
19  40  25  33  -3  32   0 0.00  0.0    0  9.2 16  40   M    M   4        23  30
20  43  22  33  -3  32   0 0.00  0.0    0  7.1 15 270   M    M   0        19 280
21  45  27  36  -1  29   0 0.00  0.0    0  7.8 17 270   M    M   4        23 290
22  60  33  47  10  18   0    T  0.0    0  7.7 21 230   M    M   4        26 220
23  47  33  40   2  25   0 0.14  0.0    0 12.9 21  60   M    M   8 1      26  40
24  39  29  34  -4  31   0 0.64    T    0 10.2 18 330   M    M  10 18     23 350
25  44  26  35  -4  30   0    T    T    0  6.5 16 320   M    M   5 1      22 320
26  52  26  39   0  26   0 0.00  0.0    0  7.5 14 150   M    M   0 1      17 150
27  70  34  52  12  13   0 0.06  0.0    0 10.0 21 290   M    M   3 1      27 220
28  46  34  40   0  25   0 0.29  0.0    0 12.3 23 310   M    M   7 1      32 290
29  51  29  40   0  25   0 0.00  0.0    0  4.7 10 140   M    M   0        14  20
30  61  35  48   7  17   0 0.06  0.0    0 13.5 25 190   M    M   5 3      34 190
31  63  43  53  12  12   0 1.17  0.0    0 17.3 32 190   M    M   9 138    43 190
================================================================================
SM 1527  963       763   0  4.25     8.9 283.6          M      177
================================================================================
AV 49.3 31.1                               9.1 FASTST   M    M   6    MAX(MPH)
                                 MISC ---->  # 41 240               # 56  250
================================================================================
NOTES:
# LAST OF SEVERAL OCCURRENCES

COLUMN 17 PEAK WIND IN M.P.H.

PRELIMINARY LOCAL CLIMATOLOGICAL DATA (WS FORM: F-6) , PAGE 2

                                          STATION:  LANSING MI
                                          MONTH:    MARCH
                                          YEAR:     2016
                                          LATITUDE:   42 46 N
                                          LONGITUDE:  84 36 W

[TEMPERATURE DATA]      [PRECIPITATION DATA]       SYMBOLS USED IN COLUMN 16

AVERAGE MONTHLY: 40.2   TOTAL FOR MONTH:   4.25    1 = FOG OR MIST
DPTR FM NORMAL:   5.1   DPTR FM NORMAL:    2.19    2 = FOG REDUCING VISIBILITY
HIGHEST:    70 ON 27, 8 GRTST 24HR  1.23 ON 30-31      TO 1/4 MILE OR LESS
LOWEST:      5 ON  4                               3 = THUNDER
                        SNOW, ICE PELLETS, HAIL    4 = ICE PELLETS
                        TOTAL MONTH:   8.9 INCHES  5 = HAIL
                        GRTST 24HR   7.2 ON   M    6 = FREEZING RAIN OR DRIZZLE
                        GRTST DEPTH:   8 ON  6, 5  7 = DUSTSTORM OR SANDSTORM:
                                                       VSBY 1/2 MILE OR LESS
                                                   8 = SMOKE OR HAZE
[NO. OF DAYS WITH]      [WEATHER - DAYS WITH]      9 = BLOWING SNOW
                                                   X = TORNADO
MAX 32 OR BELOW:   3    0.01 INCH OR MORE:  13
MAX 90 OR ABOVE:   0    0.10 INCH OR MORE:   6
MIN 32 OR BELOW:  16    0.50 INCH OR MORE:   4
MIN  0 OR BELOW:   0    1.00 INCH OR MORE:   2

[HDD (BASE 65) ]
TOTAL THIS MO.   763    CLEAR  (SCALE 0-3)   7
DPTR FM NORMAL  -166    PTCLDY (SCALE 4-7)  15
TOTAL FM JUL 1  4923    CLOUDY (SCALE 8-10)  9
DPTR FM NORMAL  -941

[CDD (BASE 65) ]
TOTAL THIS MO.     0
DPTR FM NORMAL    -1    [PRESSURE DATA]
TOTAL FM JAN 1     0    HIGHEST SLP 30.41 ON 11
DPTR FM NORMAL    -1    LOWEST  SLP 29.30 ON 31

[REMARKS]
#FINAL-03-16#
