000
CXUS53 KGRR 011104
CF6LAN
PRELIMINARY LOCAL CLIMATOLOGICAL DATA (WS FORM: F-6)

                                          STATION:   LANSING
                                          MONTH:     NOVEMBER
                                          YEAR:      2017
                                          LATITUDE:   42 46 N
                                          LONGITUDE:  84 36 W

  TEMPERATURE IN F:       :PCPN:    SNOW:  WIND      :SUNSHINE: SKY     :PK WND
================================================================================
1   2   3   4   5  6A  6B    7    8   9   10  11  12  13   14  15   16   17  18
                                     12Z  AVG MX 2MIN
DY MAX MIN AVG DEP HDD CDD  WTR  SNW DPTH SPD SPD DIR MIN PSBL S-S WX    SPD DR
================================================================================

 1  42  33  38  -7  27   0 0.40  0.0    0  8.3 14 130   M    M   8 18     17 140
 2  51  40  46   1  19   0 0.13  0.0    0  5.2 13 160   M    M  10 1      15 330
 3  49  36  43  -1  22   0    T  0.0    0  7.3 15 360   M    M   3 1      21 350
 4  47  34  41  -3  24   0 0.70  0.0    0  9.7 21 110   M    M   7 13     26 100
 5  58  45  52   8  13   0 0.17  0.0    0  6.4 16 320   M    M  10 123    24 310
 6  46  34  40  -3  25   0 0.00  0.0    0  5.5 15 320   M    M   5        19 320
 7  47  28  38  -5  27   0 0.00  0.0    0  4.0 14 350   M    M   4        16  10
 8  47  25  36  -7  29   0 0.00  0.0    0  4.7 16 250   M    M   1        21 240
 9  42  21  32 -10  33   0 0.04  0.2    0 13.4 26 310   M    M   7 1      37 310
10  25  15  20 -22  45   0 0.00  0.0    0  7.3 18  30   M    M   0        22  20
11  34  17  26 -15  39   0 0.00  0.0    0  8.3 21 150   M    M   5        25 150
12  39  32  36  -5  29   0 0.17    T    0  3.1  8 190   M    M  10 1      10 200
13  43  31  37  -4  28   0 0.00  0.0    0  4.3 14 270   M    M   8 1      18 270
14  48  28  38  -2  27   0 0.00  0.0    0  7.1 17 170   M    M   4 18     23 160
15  46  39  43   3  22   0 0.41  0.0    0 12.7 23 300   M    M  10 1      29 280
16  41  26  34  -6  31   0    T  0.0    0 12.0 26 290   M    M   8 1      36 280
17  43  26  35  -4  30   0 0.49  0.0    0 11.5 24 160   M    M   7 1      30 160
18  44  33  39   0  26   0 0.65  0.0    0  9.6 21 310   M    M  10 1      28 340
19  38  28  33  -5  32   0 0.02  0.2    0 12.2 23 290   M    M   8 1      31 290
20  49  28  39   1  26   0 0.00  0.0    0 15.4 26 210   M    M   2        35 220
21  50  32  41   4  24   0 0.06  0.0    0 15.5 26 260   M    M   4 1      35 220
22  33  27  30  -7  35   0 0.00  0.0    0  7.8 16 310   M    M   9        20 320
23  42  29  36  -1  29   0 0.00  0.0    0  9.8 16 230   M    M   7        21 240
24  57  32  45   9  20   0 0.00  0.0    0 14.6 29 180   M    M   0        36 170
25  51  30  41   5  24   0    T  0.0    0 12.2 20 280   M    M   9        26 280
26  45  22  34  -1  31   0 0.00  0.0    0  9.2 22 250   M    M   1        30 250
27  48  26  37   2  28   0 0.00  0.0    0  6.9 16 170   M    M   0 1      22 150
28  63  41  52  18  13   0    T  0.0    0 15.5 28 240   M    M   4        36 230
29  46  29  38   4  27   0 0.00  0.0    0  7.4 14 280   M    M   0        19 260
30  48  32  40   6  25   0 0.09  0.0    0 11.5 26 260   M    M   6 1      32 290
================================================================================
SM 1362  899       810   0  3.33     0.4 278.4          M      167
================================================================================
AV 45.4 30.0                               9.3 FASTST   M    M   6    MAX(MPH)
                                 MISC ---->  # 29 180               # 37  310
================================================================================
NOTES:
# LAST OF SEVERAL OCCURRENCES

COLUMN 17 PEAK WIND IN M.P.H.

PRELIMINARY LOCAL CLIMATOLOGICAL DATA (WS FORM: F-6) , PAGE 2

                                          STATION:  LANSING
                                          MONTH:    NOVEMBER
                                          YEAR:     2017
                                          LATITUDE:   42 46 N
                                          LONGITUDE:  84 36 W

[TEMPERATURE DATA]      [PRECIPITATION DATA]       SYMBOLS USED IN COLUMN 16

AVERAGE MONTHLY: 37.7   TOTAL FOR MONTH:   3.33    1 = FOG OR MIST
DPTR FM NORMAL:  -1.9   DPTR FM NORMAL:    0.55    2 = FOG REDUCING VISIBILITY
HIGHEST:    63 ON 28    GRTST 24HR  0.70 ON  4- 4      TO 1/4 MILE OR LESS
LOWEST:     15 ON 10                               3 = THUNDER
                        SNOW, ICE PELLETS, HAIL    4 = ICE PELLETS
                        TOTAL MONTH:   0.4 INCH    5 = HAIL
                        GRTST 24HR   0.2 ON 19-19  6 = FREEZING RAIN OR DRIZZLE
                        GRTST DEPTH:   0           7 = DUSTSTORM OR SANDSTORM:
                                                       VSBY 1/2 MILE OR LESS
                                                   8 = SMOKE OR HAZE
[NO. OF DAYS WITH]      [WEATHER - DAYS WITH]      9 = BLOWING SNOW
                                                   X = TORNADO
MAX 32 OR BELOW:   1    0.01 INCH OR MORE:  12
MAX 90 OR ABOVE:   0    0.10 INCH OR MORE:   8
MIN 32 OR BELOW:  21    0.50 INCH OR MORE:   2
MIN  0 OR BELOW:   0    1.00 INCH OR MORE:   0

[HDD (BASE 65) ]
TOTAL THIS MO.   810    CLEAR  (SCALE 0-3)   7
DPTR FM NORMAL    46    PTCLDY (SCALE 4-7)  14
TOTAL FM JUL 1  1256    CLOUDY (SCALE 8-10)  9
DPTR FM NORMAL  -158

[CDD (BASE 65) ]
TOTAL THIS MO.     0
DPTR FM NORMAL     0    [PRESSURE DATA]
TOTAL FM JAN 1   782    HIGHEST SLP 30.68 ON 10
DPTR FM NORMAL   157    LOWEST  SLP 29.35 ON 18

[REMARKS]
#FINAL-11-17#
