000
CXUS53 KGRR 011017
CF6LAN
PRELIMINARY LOCAL CLIMATOLOGICAL DATA (WS FORM: F-6)

                                          STATION:   LANSING MI
                                          MONTH:     SEPTEMBER
                                          YEAR:      2012
                                          LATITUDE:   42 46 N
                                          LONGITUDE:  84 36 W

  TEMPERATURE IN F:       :PCPN:    SNOW:  WIND      :SUNSHINE: SKY     :PK WND
================================================================================
1   2   3   4   5  6A  6B    7    8   9   10  11  12  13   14  15   16   17  18
                                     12Z  AVG MX 2MIN
DY MAX MIN AVG DEP HDD CDD  WTR  SNW DPTH SPD SPD DIR MIN PSBL S-S WX    SPD DR
================================================================================

 1  82  62  72   5   0   7 0.00  0.0    0  5.5 14  40   M    M   8        24  60
 2  86  63  75   8   0  10 0.00  0.0    0  7.7 18 100   M    M   7        24 100
 3  89  60  75   8   0  10 0.00  0.0    0  3.7 12  70   M    M   3        18  60
 4  81  66  74   8   0   9 1.31  0.0    0  1.8  9  60   M    M   7 13     10  10
 5  81  66  74   8   0   9 0.00  0.0    0  6.4 20 150   M    M   6 18     24 150
 6  84  62  73   7   0   8 0.00  0.0    0  3.4  9 270   M    M   3 1      13 300
 7  76  57  67   2   0   2 0.37  0.0    0  3.6 20 340   M    M   8 13     28 350
 8  69  52  61  -4   4   0 0.01  0.0    0  8.1 21 300   M    M   7        29 290
 9  71  48  60  -5   5   0 0.00  0.0    0  3.5 13  10   M    M   4        17 310
10  74  44  59  -5   6   0 0.00  0.0    0  2.0  9 210   M    M   2        13 230
11  80  54  67   3   0   2 0.00  0.0    0  9.7 20 230   M    M   3        26 250
12  83  57  70   6   0   5 0.00  0.0    0  9.2 16 200   M    M   3        22 190
13  80  56  68   5   0   3 0.24  0.0    0  9.0 17 240   M    M   7 1      22 340
14  71  48  60  -3   5   0 0.31  0.0    0  6.1 17 290   M    M   5 1      21 290
15  73  43  58  -4   7   0 0.00  0.0    0  1.2  9 260   M    M   1        24  90
16  78  51  65   3   0   0 0.00  0.0    0  4.4 16 260   M    M   4        25 160
17  76  54  65   3   0   0 0.00  0.0    0  8.4 21 210   M    M   4        28 220
18  65  44  55  -6  10   0 0.21  0.0    0 10.1 22 290   M    M   7 18     30 310
19  66  41  54  -7  11   0    T  0.0    0 10.0 21 190   M    M   5        26 170
20  69  50  60   0   5   0 0.12  0.0    0 10.6 22 190   M    M   7 3      30 190
21  68  44  56  -4   9   0 0.19  0.0    0  6.5 25 250   M    M   8 1      32 260
22  60  43  52  -7  13   0 0.11  0.0    0  7.6 21 260   M    M   8 1      26 160
23  57  41  49 -10  16   0 0.01  0.0    0  6.6 21 300   M    M   7 1      30 270
24  62  40  51  -8  14   0 0.00  0.0    0 12.0 26 240   M    M   5        33 230
25  69  48  59   1   6   0 0.00  0.0    0  9.0 17 210   M    M   4 1      23 210
26  70  47  59   1   6   0    T  0.0    0  4.2 13  20   M    M   6 1      16 330
27  65  45  55  -2  10   0 0.00  0.0    0  6.3 15  70   M    M   7        18  70
28  69  45  57   0   8   0 0.00  0.0    0  1.8 10 290   M    M   5 8      14 290
29  73  41  57   1   8   0 0.00  0.0    0  4.1 13 350   M    M   4        16 350
30  65  44  55  -1  10   0 0.00  0.0    0  5.9 16  20   M    M   4 1      23  30
================================================================================
SM 2192 1516       153  65  2.88     0.0 188.4          M      159
================================================================================
AV 73.1 50.5                               6.3 FASTST   M    M   5    MAX(MPH)
                                 MISC ---->  # 26 240               # 33  230
================================================================================
NOTES:
# LAST OF SEVERAL OCCURRENCES

COLUMN 17 PEAK WIND IN M.P.H.

PRELIMINARY LOCAL CLIMATOLOGICAL DATA (WS FORM: F-6) , PAGE 2

                                          STATION:  LANSING MI
                                          MONTH:    SEPTEMBER
                                          YEAR:     2012
                                          LATITUDE:   42 46 N
                                          LONGITUDE:  84 36 W

[TEMPERATURE DATA]      [PRECIPITATION DATA]       SYMBOLS USED IN COLUMN 16

AVERAGE MONTHLY: 61.8   TOTAL FOR MONTH:   2.88    1 = FOG OR MIST
DPTR FM NORMAL:  -0.1   DPTR FM NORMAL:   -0.62    2 = FOG REDUCING VISIBILITY
HIGHEST:    89 ON  3    GRTST 24HR  1.31 ON  4- 4      TO 1/4 MILE OR LESS
LOWEST:     40 ON 24                               3 = THUNDER
                        SNOW, ICE PELLETS, HAIL    4 = ICE PELLETS
                        TOTAL MONTH:   0.0 INCH    5 = HAIL
                        GRTST 24HR     0.0         6 = FREEZING RAIN OR DRIZZLE
                        GRTST DEPTH:   0           7 = DUSTSTORM OR SANDSTORM:
                                                       VSBY 1/2 MILE OR LESS
                                                   8 = SMOKE OR HAZE
[NO. OF DAYS WITH]      [WEATHER - DAYS WITH]      9 = BLOWING SNOW
                                                   X = TORNADO
MAX 32 OR BELOW:   0    0.01 INCH OR MORE:  10
MAX 90 OR ABOVE:   0    0.10 INCH OR MORE:   8
MIN 32 OR BELOW:   0    0.50 INCH OR MORE:   1
MIN  0 OR BELOW:   0    1.00 INCH OR MORE:   1

[HDD (BASE 65) ]
TOTAL THIS MO.   153    CLEAR  (SCALE 0-3)   5
DPTR FM NORMAL     0    PTCLDY (SCALE 4-7)  25
TOTAL FM JUL 1   165    CLOUDY (SCALE 8-10)  0
DPTR FM NORMAL   -23

[CDD (BASE 65) ]
TOTAL THIS MO.    65
DPTR FM NORMAL     4    [PRESSURE DATA]
TOTAL FM JAN 1   935    HIGHEST SLP 30.36 ON 15
DPTR FM NORMAL   317    LOWEST  SLP 29.66 ON 18

[REMARKS]
#FINAL-09-12#
