000
CXUS53 KGRR 291341
CF6LAN
PRELIMINARY LOCAL CLIMATOLOGICAL DATA (WS FORM: F-6)

                                          STATION:   LANSING MI
                                          MONTH:     APRIL
                                          YEAR:      2012
                                          LATITUDE:   42 46 N
                                          LONGITUDE:  84 36 W

  TEMPERATURE IN F:       :PCPN:    SNOW:  WIND      :SUNSHINE: SKY     :PK WND
================================================================================
1   2   3   4   5  6A  6B    7    8   9   10  11  12  13   14  15   16   17  18
                                     12Z  AVG MX 2MIN
DY MAX MIN AVG DEP HDD CDD  WTR  SNW DPTH SPD SPD DIR MIN PSBL S-S WX    SPD DR
================================================================================

 1  54  37  46   4  19   0    T  0.0    0  5.6 15  50   M    M   9 18      M 150
 2  58  30  44   2  21   0 0.00  0.0    0  8.3 16  80   M    M   3        24  90
 3  62  40  51   9  14   0 0.18  0.0    0  6.6 25 160   M    M   8 13     30 160
 4  59  33  46   3  19   0 0.00  0.0    0  7.4 17 350   M    M   5        24 330
 5  47  32  40  -3  25   0 0.00  0.0    0 10.7 20  50   M    M   4        41  30
 6  57  26  42  -2  23   0 0.00  0.0    0  3.7 12  20   M    M   0        16  10
 7  64  28  46   2  19   0 0.00  0.0    0  2.5 13 240   M    M   3        22 250
 8  59  42  51   6  14   0    T  0.0    M 16.1 32 290   M    M   6        41 280
 9  59  37  48   3  17   0 0.00  0.0    0 11.9 31 270   M    M   3        40 260
10  43  35  39  -6  26   0    T    T    0 12.1 23 280   M    M   9        30 280
11  55  32  44  -2  21   0    T    T    0  8.3 17 350   M    M   6        28 320
12  57  29  43  -3  22   0 0.00  0.0    0  5.0 12 270   M    M   3        17 270
13  63  30  47   0  18   0 0.00  0.0    0  5.1 15 180   M    M   4        22 180
14  66  51  59  12   6   0    T  0.0    0  9.5 17 200   M    M   9        23 190
15  74  56  65  18   0   0 0.94  0.0    0 10.8 23 230   M    M  10 13     31 240
16  68  39  54   6  11   0 0.24  0.0    0 21.9 40 220   M    M   8 13     49 240
17  54  34  44  -4  21   0 0.00  0.0    0  5.1 15 320   M    M   3        20 320
18  65  32  49   1  16   0 0.00  0.0    0  9.5 21 180   M    M   3        26 180
19  68  48  58   9   7   0 0.04  0.0    0  6.5 16  50   M    M   6 1      20  70
20  64  37  51   2  14   0 0.39  0.0    0  9.1 18 210   M    M   8 1      23  10
21  50  33  42  -8  23   0 0.00  0.0    0 10.6 20  40   M    M   6        24  30
22  51  30  41  -9  24   0 0.00  0.0    0 11.4 28  50   M    M   6        37  60
23  57  34  46  -4  19   0 0.00  0.0    0 12.6 25 320   M    M   2        39  10
24  62  36  49  -2  16   0 0.00  0.0    0 13.3 29 320   M    M   4        39 320
25  64  33  49  -2  16   0 0.03  0.0    0  5.5 22 230   M    M   7 1      25 230
26  55  34  45  -6  20   0 0.03  0.0    0  9.8 24 330   M    M   6 1      33 320
27  55  27  41 -11  24   0 0.00  0.0    0  4.5 13  10   M    M   1        18  10
28  48  34  41 -11  24   0 0.00  0.0    0  8.2 15 150   M    M   9        21 110
29  62  25  44  -8  21   0    T  0.0    0  6.3 14 120   M    M   7 8      17 110
30  58  40  49  -4  16   0 0.70  0.0    0  7.1 18 130   M    M  10 1238   24 130
================================================================================
SM 1758 1054       536   0  2.55    T    265.0          M      168
================================================================================
AV 58.6 35.1                               8.8 FASTST   M    M   6    MAX(MPH)
                                 MISC ---->  # 40 220               # 49  240
================================================================================
NOTES:
# LAST OF SEVERAL OCCURRENCES

COLUMN 17 PEAK WIND IN M.P.H.

PRELIMINARY LOCAL CLIMATOLOGICAL DATA (WS FORM: F-6) , PAGE 2

                                          STATION:  LANSING MI
                                          MONTH:    APRIL
                                          YEAR:     2012
                                          LATITUDE:   42 46 N
                                          LONGITUDE:  84 36 W

[TEMPERATURE DATA]      [PRECIPITATION DATA]       SYMBOLS USED IN COLUMN 16

AVERAGE MONTHLY: 46.9   TOTAL FOR MONTH:   2.55    1 = FOG OR MIST
DPTR FM NORMAL:  -0.5   DPTR FM NORMAL:   -0.48    2 = FOG REDUCING VISIBILITY
HIGHEST:    74 ON 15    GRTST 24HR  0.94 ON 15-15      TO 1/4 MILE OR LESS
LOWEST:     25 ON 29                               3 = THUNDER
                        SNOW, ICE PELLETS, HAIL    4 = ICE PELLETS
                        TOTAL MONTH:    T          5 = HAIL
                        GRTST 24HR    T  ON 11-11  6 = FREEZING RAIN OR DRIZZLE
                        GRTST DEPTH:   0           7 = DUSTSTORM OR SANDSTORM:
                                                       VSBY 1/2 MILE OR LESS
                                                   8 = SMOKE OR HAZE
[NO. OF DAYS WITH]      [WEATHER - DAYS WITH]      9 = BLOWING SNOW
                                                   X = TORNADO
MAX 32 OR BELOW:   0    0.01 INCH OR MORE:   8
MAX 90 OR ABOVE:   0    0.10 INCH OR MORE:   5
MIN 32 OR BELOW:  11    0.50 INCH OR MORE:   2
MIN  0 OR BELOW:   0    1.00 INCH OR MORE:   0

[HDD (BASE 65) ]
TOTAL THIS MO.   536    CLEAR  (SCALE 0-3)   7
DPTR FM NORMAL     2    PTCLDY (SCALE 4-7)  15
TOTAL FM JUL 1  5393    CLOUDY (SCALE 8-10)  8
DPTR FM NORMAL -1005

[CDD (BASE 65) ]
TOTAL THIS MO.     0
DPTR FM NORMAL    -6    [PRESSURE DATA]
TOTAL FM JAN 1    23    HIGHEST SLP 30.40 ON 17
DPTR FM NORMAL    16    LOWEST  SLP 29.56 ON 16

[REMARKS]
#FINAL-04-12#
