000
CXUS53 KGRR 011017
CF6LAN
PRELIMINARY LOCAL CLIMATOLOGICAL DATA (WS FORM: F-6)

                                          STATION:   LANSING MI
                                          MONTH:     SEPTEMBER
                                          YEAR:      2011
                                          LATITUDE:   42 46 N
                                          LONGITUDE:  84 36 W

  TEMPERATURE IN F:       :PCPN:    SNOW:  WIND      :SUNSHINE: SKY     :PK WND
================================================================================
1   2   3   4   5  6A  6B    7    8   9   10  11  12  13   14  15   16   17  18
                                     12Z  AVG MX 2MIN
DY MAX MIN AVG DEP HDD CDD  WTR  SNW DPTH SPD SPD DIR MIN PSBL S-S WX    SPD DR
================================================================================

 1  90  74  82  15   0  17 0.00  0.0    0  1.9  8 170   M    M   1 18     13 170
 2  91  72  82  15   0  17    T  0.0    0  8.0 26 180   M    M   5 138    37 170
 3  88  71  80  13   0  15    T  0.0    0  5.1 20 270   M    M   7 18     29 240
 4  75  57  66   0   0   1    T  0.0    0  9.0 21 280   M    M   8 1      24 290
 5  61  45  53 -13  12   0 0.00  0.0    0  8.8 16 350   M    M   8        24  20
 6  67  44  56 -10   9   0 0.00  0.0    0  9.0 18  40   M    M   7        23  40
 7  67  48  58  -7   7   0    T  0.0    0 10.4 22  50   M    M   7        28 360
 8  65  55  60  -5   5   0    T  0.0    0  9.9 17  30   M    M  10 18     24  30
 9  76  59  68   3   0   3 0.24  0.0    0  3.5 10 100   M    M   9 1      14  90
10  79  61  70   6   0   5 0.01  0.0    0  2.1  8 200   M    M   7 1      14  50
11  78  59  69   5   0   4 0.00  0.0    0  2.8  9 290   M    M   6 1      15 270
12  83  61  72   8   0   7 0.00  0.0    0  9.9 21 230   M    M   4 1      26 260
13  76  50  63   0   2   0 0.00  0.0    0 10.2 17 210   M    M   4        23 200
14  67  41  54  -9  11   0 0.23  0.0    0  4.9 14 280   M    M   5 1      20 290
15  59  36  48 -14  17   0 0.00  0.0    0  4.9 16 320   M    M   2        28 350
16  58  37  48 -14  17   0 0.00  0.0    0  2.1 30 210   M    M   7        31 210
17  66  46  56  -6   9   0 0.00  0.0    0  5.9 14 110   M    M   6        18  70
18  70  42  56  -5   9   0    T  0.0    0  8.1 18 150   M    M   6 1       M  M
19  68  51  60  -1   5   0 0.47  0.0    0  8.5 17 290   M    M   9 1      23 160
20  70  47  59  -1   6   0 0.00  0.0    0  3.3 10 150   M    M   6 12     20 170
21  76  54  65   5   0   0 0.00  0.0    0  9.9 22 240   M    M   5 1      28 240
22  68  52  60   1   5   0 0.00  0.0    0  6.3 16 240   M    M   6        20 230
23  64  48  56  -3   9   0 0.00  0.0    0  3.8 12  50   M    M   8 1       M  M
24  66  44  55  -4  10   0    T  0.0    0  5.3 17 140   M    M   6 1      28 150
25  70  49  60   2   5   0 0.04  0.0    0  7.0 15 100   M    M   8 1      18 100
26  69  47  58   0   7   0 0.30    M    0  8.9 26 120   M    M   8 13     36 130
27  65  45  55  -2  10   0 0.18    M    0  6.3 17 120   M    M   6 1      23 110
28  62  52  57   0   8   0 0.04  0.0    0  4.8 10 160   M    M   9 1      17 170
29  63  49  56   0   9   0 0.39  0.0    0  8.0 31 270   M    M  10 123    45 270
30  52  40  46 -10  19   0 0.19  0.0    0 10.7 25 330   M    M   9 1      36 320
================================================================================
SM 2109 1536       191  69  2.09     0.0 199.3          M      199
================================================================================
AV 70.3 51.2                               6.6 FASTST   M    M   7    MAX(MPH)
                                 MISC ---->  # 31 270               # 45  270
================================================================================
NOTES:
# LAST OF SEVERAL OCCURRENCES

COLUMN 17 PEAK WIND IN M.P.H.

PRELIMINARY LOCAL CLIMATOLOGICAL DATA (WS FORM: F-6) , PAGE 2

                                          STATION:  LANSING MI
                                          MONTH:    SEPTEMBER
                                          YEAR:     2011
                                          LATITUDE:   42 46 N
                                          LONGITUDE:  84 36 W

[TEMPERATURE DATA]      [PRECIPITATION DATA]       SYMBOLS USED IN COLUMN 16

AVERAGE MONTHLY: 60.8   TOTAL FOR MONTH:   2.09    1 = FOG OR MIST
DPTR FM NORMAL:  -1.2   DPTR FM NORMAL:   -1.41    2 = FOG REDUCING VISIBILITY
HIGHEST:    91 ON  2    GRTST 24HR  0.51 ON 29-30      TO 1/4 MILE OR LESS
LOWEST:     36 ON 15                               3 = THUNDER
                        SNOW, ICE PELLETS, HAIL    4 = ICE PELLETS
                        TOTAL MONTH:   0.0 INCH    5 = HAIL
                        GRTST 24HR     0.0         6 = FREEZING RAIN OR DRIZZLE
                        GRTST DEPTH:   0           7 = DUSTSTORM OR SANDSTORM:
                                                       VSBY 1/2 MILE OR LESS
                                                   8 = SMOKE OR HAZE
[NO. OF DAYS WITH]      [WEATHER - DAYS WITH]      9 = BLOWING SNOW
                                                   X = TORNADO
MAX 32 OR BELOW:   0    0.01 INCH OR MORE:  10
MAX 90 OR ABOVE:   2    0.10 INCH OR MORE:   7
MIN 32 OR BELOW:   0    0.50 INCH OR MORE:   0
MIN  0 OR BELOW:   0    1.00 INCH OR MORE:   0

[HDD (BASE 65) ]
TOTAL THIS MO.   191    CLEAR  (SCALE 0-3)   2
DPTR FM NORMAL    38    PTCLDY (SCALE 4-7)  21
TOTAL FM JUL 1   194    CLOUDY (SCALE 8-10)  7
DPTR FM NORMAL     6

[CDD (BASE 65) ]
TOTAL THIS MO.    69
DPTR FM NORMAL     8    [PRESSURE DATA]
TOTAL FM JAN 1   764    HIGHEST SLP 30.45 ON 16
DPTR FM NORMAL   146    LOWEST  SLP 29.47 ON 30

[REMARKS]
#FINAL-09-11#
